000
CXUS54 KHGX 281410
CF6HGX
PRELIMINARY LOCAL CLIMATOLOGICAL DATA (WS FORM: F-6)
STATION: DICKINSON WFO
MONTH: MARCH
YEAR: 2024
LATITUDE: 29 28 N
LONGITUDE: 95 5 W
TEMPERATURE IN F: :PCPN: SNOW: WIND :SUNSHINE: SKY :PK WND
================================================================================
1 2 3 4 5 6A 6B 7 8 9 10 11 12 13 14 15 16 17 18
12Z AVG MX 2MIN
DY MAX MIN AVG DEP HDD CDD WTR SNW DPTH SPD SPD DIR MIN PSBL S-S WX SPD DR
================================================================================
1 68 51 60 -2 5 0 T 0.0 0 M M M M M M M M
2 70 54 62 0 3 0 0.00 0.0 0 M M M M M M M M
3 75 62 69 7 0 4 0.00 0.0 0 M M M M M M 1 M M
4 78 64 71 9 0 6 0.01 0.0 0 M M M M M M 12 M M
5 82 64 73 11 0 8 0.01 0.0 0 M M M M M M 123 M M
6 78 63 71 9 0 6 0.00 0.0 0 M M M M M M 12 M M
7 78 61 70 7 0 5 0.07 0.0 0 M M M M M M M M
8 85 66 76 13 0 11 T 0.0 0 M M M M M M M M
9 66 51 59 -4 6 0 0.00 0.0 0 M M M M M M M M
10 66 45 56 -7 9 0 0.00 0.0 0 M M M M M M M M
11 69 52 61 -2 4 0 0.00 0.0 0 M M M M M M M M
12 75 55 65 1 0 0 0.00 0.0 0 M M M M M M M M
13 77 65 71 7 0 6 T 0.0 0 M M M M M M M M
14 79 70 75 11 0 10 0.01 0.0 M M M M M M M 1 M M
15 79 64 72 8 0 7 0.03 0.0 M M M M M M M 13 M M
16 73 64 69 5 0 4 0.39 0.0 M M M M M M M 13 M M
17 73 63 68 4 0 3 0.36 0.0 M M M M M M M 13 M M
18 70 55 63 -2 2 0 0.00 0.0 M M M M M M M M M
19 62 44 53 -12 12 0 T 0.0 M M M M M M M M M
20 69 50 60 -5 5 0 0.00 0.0 M M M M M M M M M
21 67 62 65 0 0 0 2.35 0.0 0 M M M M M M M M
22 79 58 69 4 0 4 0.62 0.0 0 M M M M M M 3 M M
23 76 52 64 -2 1 0 0.00 0.0 0 M M M M M M M M
24 72 62 67 1 0 2 0.00 0.0 0 M M M M M M M M
25 80 57 69 3 0 4 0.03 0.0 0 M M M M M M M M
26 70 54 62 -4 3 0 0.00 0.0 0 M M M M M M M M
27 70 50 60 -6 5 0 0.00 0.0 0 M M M M M M M M
================================================================================
SM 1986 1558 55 80 3.88 0.0 M M M
================================================================================
AV 73.6 57.7 M FASTST M M M MAX(MPH)
MISC ----> M M M M
================================================================================
NOTES:
# LAST OF SEVERAL OCCURRENCES
COLUMN 17 PEAK WIND IN M.P.H.
PRELIMINARY LOCAL CLIMATOLOGICAL DATA (WS FORM: F-6) , PAGE 2
STATION: DICKINSON WFO
MONTH: MARCH
YEAR: 2024
LATITUDE: 29 28 N
LONGITUDE: 95 5 W
[TEMPERATURE DATA] [PRECIPITATION DATA] SYMBOLS USED IN COLUMN 16
AVERAGE MONTHLY: 65.6 TOTAL FOR MONTH: 3.88 1 = FOG OR MIST
DPTR FM NORMAL: 1.7 DPTR FM NORMAL: 1.04 2 = FOG REDUCING VISIBILITY
HIGHEST: 85 ON 8 GRTST 24HR 2.35 ON 21-21 TO 1/4 MILE OR LESS
LOWEST: 44 ON 19 3 = THUNDER
SNOW, ICE PELLETS, HAIL 4 = ICE PELLETS
TOTAL MONTH: 0.0 INCH 5 = HAIL
GRTST 24HR 0.0 6 = FREEZING RAIN OR DRIZZLE
GRTST DEPTH: 0 7 = DUSTSTORM OR SANDSTORM:
VSBY 1/2 MILE OR LESS
8 = SMOKE OR HAZE
[NO. OF DAYS WITH] [WEATHER - DAYS WITH] 9 = BLOWING SNOW
X = TORNADO
MAX 32 OR BELOW: 0 0.01 INCH OR MORE: 10
MAX 90 OR ABOVE: 0 0.10 INCH OR MORE: 4
MIN 32 OR BELOW: 0 0.50 INCH OR MORE: 2
MIN 0 OR BELOW: 0 1.00 INCH OR MORE: 1
[HDD (BASE 65) ]
TOTAL THIS MO. 55 CLEAR (SCALE 0-3) 0
DPTR FM NORMAL -45 PTCLDY (SCALE 4-7) 0
TOTAL FM JUL 1 1046 CLOUDY (SCALE 8-10) 27
DPTR FM NORMAL -62
[CDD (BASE 65) ]
TOTAL THIS MO. 80
DPTR FM NORMAL 9 [PRESSURE DATA]
TOTAL FM JAN 1 115 HIGHEST SLP M ON M
DPTR FM NORMAL -10 LOWEST SLP M ON M
[REMARKS]