000
CXUS56 KPQR 011535
CF6HIO
PRELIMINARY LOCAL CLIMATOLOGICAL DATA (WS FORM: F-6)
STATION: HILLSBORO OR
MONTH: AUGUST
YEAR: 2023
LATITUDE: 45 32 N
LONGITUDE: 122 57 W
TEMPERATURE IN F: :PCPN: SNOW: WIND :SUNSHINE: SKY :PK WND
================================================================================
1 2 3 4 5 6A 6B 7 8 9 10 11 12 13 14 15 16 17 18
12Z AVG MX 2MIN
DY MAX MIN AVG DEP HDD CDD WTR SNW DPTH SPD SPD DIR MIN PSBL S-S WX SPD DR
================================================================================
1 88 50 69 1 0 4 0.00 M M 4.7 14 330 M M 0 1 17 330
2 89 51 70 2 0 5 0.00 M M 4.9 17 340 M M 0 8 22 330
3 89 51 70 2 0 5 0.00 M M 5.2 17 320 M M 0 21 330
4 88 54 71 3 0 6 0.00 M M 5.8 15 330 M M 0 21 40
5 86 67 77 9 0 12 T M M 5.3 16 320 M M 6 20 70
6 84 62 73 5 0 8 T M M 5.0 15 330 M M 4 19 350
7 83 61 72 4 0 7 0.00 M M 5.1 15 340 M M 2 19 340
8 86 54 70 2 0 5 T M M 4.7 17 330 M M 1 21 330
9 82 56 69 1 0 4 T M M 3.7 14 350 M M 5 17 340
10 79 60 70 2 0 5 0.00 M M 6.4 15 320 M M 6 8 20 320
11 86 53 70 2 0 5 0.00 M M 4.8 16 310 M M 0 20 330
12 91 54 73 5 0 8 0.00 M M 6.9 20 320 M M 0 24 320
13 101 60 81 13 0 16 0.00 M M 4.9 15 50 M M 0 19 50
14 107 63 85 18 0 20 0.00 M M 4.9 13 360 M M 0 17 50
15 103 67 85 18 0 20 0.00 M M 3.4 14 310 M M 0 8 17 310
16 103 63 83 16 0 18 0.00 M M 2.1 8 300 M M 0 11 320
17 93 63 78 11 0 13 0.00 M M 4.3 16 330 M M 0 8 20 330
18 82 56 69 2 0 4 0.00 M M 9.5 20 320 M M 0 24 330
19 91 45 68 1 0 3 0.00 M M 4.0 14 360 M M 0 8 18 10
20 89 52 71 4 0 6 0.00 M M 5.9 16 310 M M 8 8 20 320
21 82 51 67 0 0 2 0.00 M M 5.7 17 330 M M 1 20 330
22 76 48 62 -4 3 0 T M M 4.6 16 300 M M 5 24 320
23 77 47 62 -4 3 0 0.00 M M 4.6 14 360 M M 0 17 350
24 92 49 71 5 0 6 T M M 3.3 16 110 M M 0 3 24 120
25 92 63 78 12 0 13 T M M 5.1 14 290 M M 2 3 18 290
26 92 58 75 9 0 10 0.00 M M 2.8 10 290 M M 0 12 300
27 86 60 73 7 0 8 0.00 M M 3.6 12 290 M M 1 15 300
28 71 61 66 0 0 1 0.00 M M 3.5 12 330 M M 9 14 320
29 76 58 67 1 0 2 T M M 3.5 17 260 M M 9 1 22 280
30 79 55 67 2 0 2 0.00 M M 1.9 12 10 M M 7 1 15 30
31 64 59 62 -3 3 0 0.75 M M 2.3 10 160 M M 8 1 14 150
================================================================================
SM 2687 1751 9 218 0.75 M 142.4 M 74
================================================================================
AV 86.7 56.5 4.6 FASTST M M 2 MAX(MPH)
MISC ----> # 20 320 # 24 320
================================================================================
NOTES:
# LAST OF SEVERAL OCCURRENCES
COLUMN 17 PEAK WIND IN M.P.H.
PRELIMINARY LOCAL CLIMATOLOGICAL DATA (WS FORM: F-6) , PAGE 2
STATION: HILLSBORO OR
MONTH: AUGUST
YEAR: 2023
LATITUDE: 45 32 N
LONGITUDE: 122 57 W
[TEMPERATURE DATA] [PRECIPITATION DATA] SYMBOLS USED IN COLUMN 16
AVERAGE MONTHLY: 71.6 TOTAL FOR MONTH: 0.75 1 = FOG OR MIST
DPTR FM NORMAL: 4.5 DPTR FM NORMAL: 0.27 2 = FOG REDUCING VISIBILITY
HIGHEST: 107 ON 14 GRTST 24HR 0.75 ON 31-31 TO 1/4 MILE OR LESS
LOWEST: 45 ON 19 3 = THUNDER
SNOW, ICE PELLETS, HAIL 4 = ICE PELLETS
TOTAL MONTH: M 5 = HAIL
GRTST 24HR M ON M 6 = FREEZING RAIN OR DRIZZLE
GRTST DEPTH: M ON M 7 = DUSTSTORM OR SANDSTORM:
VSBY 1/2 MILE OR LESS
8 = SMOKE OR HAZE
[NO. OF DAYS WITH] [WEATHER - DAYS WITH] 9 = BLOWING SNOW
X = TORNADO
MAX 32 OR BELOW: 0 0.01 INCH OR MORE: 1
MAX 90 OR ABOVE: 10 0.10 INCH OR MORE: 1
MIN 32 OR BELOW: 0 0.50 INCH OR MORE: 1
MIN 0 OR BELOW: 0 1.00 INCH OR MORE: 0
[HDD (BASE 65) ]
TOTAL THIS MO. 9 CLEAR (SCALE 0-3) 21
DPTR FM NORMAL -27 PTCLDY (SCALE 4-7) 6
TOTAL FM JUL 1 12 CLOUDY (SCALE 8-10) 4
DPTR FM NORMAL -62
[CDD (BASE 65) ]
TOTAL THIS MO. 218
DPTR FM NORMAL 117 [PRESSURE DATA]
TOTAL FM JAN 1 473 HIGHEST SLP 30.23 ON 6
DPTR FM NORMAL 232 LOWEST SLP 29.72 ON 17
[REMARKS]
#FINAL-08-23#
ESTIMATED PRECIPITATION FOR AUGUST 31 BASED ON NEARBY REPORTING STATIONS