433
CXUS56 KHNX 011146
CF6HJO
PRELIMINARY LOCAL CLIMATOLOGICAL DATA (WS FORM: F-6)
STATION: HANFORD CA AIRPORT
MONTH: APRIL
YEAR: 2020
LATITUDE: 36 19 N
LONGITUDE: 119 38 W
TEMPERATURE IN F: :PCPN: SNOW: WIND :SUNSHINE: SKY :PK WND
================================================================================
1 2 3 4 5 6A 6B 7 8 9 10 11 12 13 14 15 16 17 18
12Z AVG MX 2MIN
DY MAX MIN AVG DEP HDD CDD WTR SNW DPTH SPD SPD DIR MIN PSBL S-S WX SPD DR
================================================================================
1 72 50 61 3 4 0 0.00 0.0 0 10.4 20 320 M M 0 23 330
2 68 43 56 -2 9 0 0.00 0.0 0 8.3 16 320 M M 0 22 330
3 71 37 54 -4 11 0 0.00 0.0 0 4.5 14 320 M M 0 1 19 310
4 72 41 57 -1 8 0 0.00 0.0 0 5.2 10 320 M M 2 14 320
5 64 49 57 -1 8 0 0.37 0.0 0 8.3 23 180 M M 9 29 180
6 62 47 55 -3 10 0 0.12 0.0 0 5.9 14 150 M M 9 13 18 160
7 67 46 57 -1 8 0 0.12 0.0 0 6.6 18 180 M M 6 1 23 190
8 60 48 54 -5 11 0 0.18 0.0 0 8.4 17 150 M M 7 1 24 140
9 61 45 53 -6 12 0 0.31 0.0 0 7.6 17 160 M M 7 1 23 180
10 69 40 55 -4 10 0 0.00 0.0 0 2.1 7 340 M M 2 1 11 150
11 72 50 61 2 4 0 0.00 0.0 0 1.9 7 320 M M 8 1 9 310
12 74 51 63 3 2 0 0.00 0.0 0 4.7 15 320 M M 6 12 19 320
13 73 50 62 2 3 0 0.00 0.0 0 2.6 12 310 M M 5 1 15 310
14 79 46 63 3 2 0 0.00 0.0 0 3.2 10 320 M M 0 18 13 160
15 82 44 63 3 2 0 0.00 0.0 0 3.3 12 310 M M 0 1 14 300
16 84 49 67 6 0 2 0.00 0.0 0 4.8 16 320 M M 0 1 22 320
17 72 56 64 3 1 0 0.01 0.0 0 5.3 15 150 M M 5 20 150
18 69 52 61 0 4 0 0.01 0.0 0 4.7 14 320 M M 8 1 16 320
19 76 50 63 2 2 0 0.00 0.0 0 5.1 12 310 M M 4 1 15 310
20 67 54 61 -1 4 0 0.03 0.0 0 8.2 14 320 M M 7 1 19 320
21 74 50 62 0 3 0 0.00 0.0 0 6.0 15 300 M M 3 8 19 320
22 83 51 67 5 0 2 0.00 0.0 0 3.5 17 320 M M 1 18 23 320
23 87 57 72 9 0 7 0.00 0.0 0 9.2 21 300 M M 0 28 310
24 88 53 71 8 0 6 0.00 0.0 0 3.0 9 310 M M 0 8 13 340
25 92 53 73 10 0 8 0.00 0.0 0 4.5 13 330 M M 0 18 17 330
26 91 60 76 12 0 11 0.00 0.0 0 7.9 18 320 M M 0 24 320
27 87 53 70 6 0 5 0.00 0.0 0 7.3 20 330 M M 0 8 26 310
28 90 56 73 9 0 8 0.00 0.0 0 3.8 12 310 M M 0 17 320
29 93 60 77 13 0 12 0.00 0.0 0 7.1 21 320 M M 0 18 25 320
30 89 58 74 9 0 9 0.00 0.0 0 13.1 22 310 M M 0 8 28 320
================================================================================
SM 2288 1499 118 70 1.15 0.0 176.5 M 89
================================================================================
AV 76.3 50.0 5.9 FASTST M M 3 MAX(MPH)
MISC ----> # 23 180 # 29 180
================================================================================
NOTES:
# LAST OF SEVERAL OCCURRENCES
COLUMN 17 PEAK WIND IN M.P.H.
PRELIMINARY LOCAL CLIMATOLOGICAL DATA (WS FORM: F-6) , PAGE 2
STATION: HANFORD CA AIRPORT
MONTH: APRIL
YEAR: 2020
LATITUDE: 36 19 N
LONGITUDE: 119 38 W
[TEMPERATURE DATA] [PRECIPITATION DATA] SYMBOLS USED IN COLUMN 16
AVERAGE MONTHLY: 63.1 TOTAL FOR MONTH: 1.15 1 = FOG OR MIST
DPTR FM NORMAL: 2.4 DPTR FM NORMAL: 0.36 2 = FOG REDUCING VISIBILITY
HIGHEST: 93 ON 29 GRTST 24HR 0.37 ON 5- 5 TO 1/4 MILE OR LESS
LOWEST: 37 ON 3 3 = THUNDER
SNOW, ICE PELLETS, HAIL 4 = ICE PELLETS
TOTAL MONTH: 0.0 INCH 5 = HAIL
GRTST 24HR 0.0 6 = FREEZING RAIN OR DRIZZLE
GRTST DEPTH: 0 7 = DUSTSTORM OR SANDSTORM:
VSBY 1/2 MILE OR LESS
8 = SMOKE OR HAZE
[NO. OF DAYS WITH] [WEATHER - DAYS WITH] 9 = BLOWING SNOW
X = TORNADO
MAX 32 OR BELOW: 0 0.01 INCH OR MORE: 8
MAX 90 OR ABOVE: 4 0.10 INCH OR MORE: 5
MIN 32 OR BELOW: 0 0.50 INCH OR MORE: 0
MIN 0 OR BELOW: 0 1.00 INCH OR MORE: 0
[HDD (BASE 65) ]
TOTAL THIS MO. 118 CLEAR (SCALE 0-3) 18
DPTR FM NORMAL -42 PTCLDY (SCALE 4-7) 10
TOTAL FM JUL 1 2155 CLOUDY (SCALE 8-10) 2
DPTR FM NORMAL -460
[CDD (BASE 65) ]
TOTAL THIS MO. 70
DPTR FM NORMAL 38 [PRESSURE DATA]
TOTAL FM JAN 1 70 HIGHEST SLP 30.29 ON 22
DPTR FM NORMAL 34 LOWEST SLP 29.71 ON 5
[REMARKS]
#FINAL-04-20#