000
CXUS54 KJAN 011410
CF6HKS
PRELIMINARY LOCAL CLIMATOLOGICAL DATA (WS FORM: F-6)
STATION: JACKSON HAWKINS
MONTH: JULY
YEAR: 2021
LATITUDE: 32 20 N
LONGITUDE: 90 14 W
TEMPERATURE IN F: :PCPN: SNOW: WIND :SUNSHINE: SKY :PK WND
================================================================================
1 2 3 4 5 6A 6B 7 8 9 10 11 12 13 14 15 16 17 18
12Z AVG MX 2MIN
DY MAX MIN AVG DEP HDD CDD WTR SNW DPTH SPD SPD DIR MIN PSBL S-S WX SPD DR
================================================================================
1 91 73 82 0 0 17 0.04 0.0 0 2.3 10 320 M M 3 1 14 310
2 84 73 79 -3 0 14 2.26 0.0 0 5.2 24 290 M M 6 1238 36 280
3 88 69 79 -3 0 14 0.00 0.0 0 3.6 9 340 M M 2 14 340
4 89 70 80 -2 0 15 0.00 0.0 0 3.1 9 60 M M 3 8 14 60
5 91 71 81 -1 0 16 0.34 0.0 0 4.6 26 160 M M 5 13 34 160
6 90 72 81 -1 0 16 0.00 0.0 0 4.5 10 150 M M 5 13 15 150
7 87 71 79 -3 0 14 1.25 0.0 0 4.9 21 140 M M 7 138 28 160
8 91 71 81 -1 0 16 0.03 0.0 0 5.2 13 230 M M 2 13 17 240
9 90 73 82 0 0 17 0.00 0.0 0 6.1 26 190 M M 3 36 190
10 87 72 80 -2 0 15 0.07 0.0 0 6.4 16 270 M M 4 13 22 270
11 85 72 79 -3 0 14 0.82 0.0 0 8.6 26 260 M M 4 1238 37 290
12 86 71 79 -3 0 14 0.45 0.0 0 7.0 24 250 M M 4 13 36 250
13 91 72 82 0 0 17 0.00 0.0 0 6.1 13 170 M M 3 19 170
14 92 71 82 0 0 17 1.19 0.0 0 1.8 18 20 M M 2 13 39 350
15 92 73 83 0 0 18 0.00 0.0 0 4.6 23 160 M M 1 1 31 160
16 87 72 80 -3 0 15 0.78 0.0 0 M 30 270 M M 3 13 39 260
17 87 70 79 -4 0 14 0.69 0.0 0 4.2 20 260 M M 5 13 25 260
18 91 70 81 -2 0 16 0.00 0.0 0 5.1 18 320 M M 3 32 300
19 85 73 79 -4 0 14 0.46 0.0 0 3.7 10 300 M M 5 1 16 320
20 83 73 78 -5 0 13 0.10 0.0 0 2.0 16 130 M M 5 1 23 120
21 89 73 81 -2 0 16 0.00 0.0 0 1.8 7 310 M M 6 1 10 170
22 91 75 83 0 0 18 T 0.0 0 3.4 18 310 M M 1 3 26 280
23 93 77 85 2 0 20 0.00 0.0 0 4.6 13 290 M M 2 20 290
24 95 77 86 3 0 21 T 0.0 0 3.5 12 290 M M 2 13 16 290
25 96 76 86 3 0 21 T 0.0 0 2.3 12 40 M M 5 13 20 50
26 96 76 86 3 0 21 0.05 0.0 0 2.6 18 170 M M 2 13 26 170
27 95 72 84 1 0 19 0.91 0.0 0 3.3 15 60 M M 4 13 22 30
28 96 74 85 2 0 20 0.00 0.0 0 2.2 12 30 M M 1 12 19 20
29 97 75 86 3 0 21 0.00 0.0 0 1.3 10 100 M M 1 14 150
30 95 78 87 4 0 22 0.00 0.0 0 2.1 9 300 M M 1 18 13 320
31 96 75 86 3 0 21 0.00 0.0 0 1.9 9 300 M M 0 1 13 300
================================================================================
SM 2806 2260 0 526 9.44 0.0 118.0 M 100
================================================================================
AV 90.5 72.9 3.9 FASTST M M 3 MAX(MPH)
MISC ----> 30 270 # 39 350
================================================================================
NOTES:
# LAST OF SEVERAL OCCURRENCES
COLUMN 17 PEAK WIND IN M.P.H.
PRELIMINARY LOCAL CLIMATOLOGICAL DATA (WS FORM: F-6) , PAGE 2
STATION: JACKSON HAWKINS
MONTH: JULY
YEAR: 2021
LATITUDE: 32 20 N
LONGITUDE: 90 14 W
[TEMPERATURE DATA] [PRECIPITATION DATA] SYMBOLS USED IN COLUMN 16
AVERAGE MONTHLY: 81.7 TOTAL FOR MONTH: 9.44 1 = FOG OR MIST
DPTR FM NORMAL: -0.9 DPTR FM NORMAL: 4.79 2 = FOG REDUCING VISIBILITY
HIGHEST: 97 ON 29 GRTST 24HR 2.29 ON 1- 2 TO 1/4 MILE OR LESS
LOWEST: 69 ON 3 3 = THUNDER
SNOW, ICE PELLETS, HAIL 4 = ICE PELLETS
TOTAL MONTH: 0.0 INCH 5 = HAIL
GRTST 24HR 0.0 6 = FREEZING RAIN OR DRIZZLE
GRTST DEPTH: 0 7 = DUSTSTORM OR SANDSTORM:
VSBY 1/2 MILE OR LESS
8 = SMOKE OR HAZE
[NO. OF DAYS WITH] [WEATHER - DAYS WITH] 9 = BLOWING SNOW
X = TORNADO
MAX 32 OR BELOW: 0 0.01 INCH OR MORE: 15
MAX 90 OR ABOVE: 19 0.10 INCH OR MORE: 11
MIN 32 OR BELOW: 0 0.50 INCH OR MORE: 7
MIN 0 OR BELOW: 0 1.00 INCH OR MORE: 3
[HDD (BASE 65) ]
TOTAL THIS MO. 0 CLEAR (SCALE 0-3) 18
DPTR FM NORMAL 0 PTCLDY (SCALE 4-7) 13
TOTAL FM JUL 1 0 CLOUDY (SCALE 8-10) 0
DPTR FM NORMAL 0
[CDD (BASE 65) ]
TOTAL THIS MO. 526
DPTR FM NORMAL -18 [PRESSURE DATA]
TOTAL FM JAN 1 1382 HIGHEST SLP 30.23 ON 14
DPTR FM NORMAL -49 LOWEST SLP 29.85 ON 2
[REMARKS]
#FINAL-07-21#