000
CXUS54 KJAN 011410
CF6HKS
PRELIMINARY LOCAL CLIMATOLOGICAL DATA (WS FORM: F-6)
STATION: JACKSON HAWKINS
MONTH: MAY
YEAR: 2021
LATITUDE: 32 20 N
LONGITUDE: 90 14 W
TEMPERATURE IN F: :PCPN: SNOW: WIND :SUNSHINE: SKY :PK WND
================================================================================
1 2 3 4 5 6A 6B 7 8 9 10 11 12 13 14 15 16 17 18
12Z AVG MX 2MIN
DY MAX MIN AVG DEP HDD CDD WTR SNW DPTH SPD SPD DIR MIN PSBL S-S WX SPD DR
================================================================================
1 82 58 70 1 0 5 0.00 0.0 0 4.2 17 130 M M 0 1 29 140
2 76 65 71 1 0 6 0.21 0.0 0 10.2 18 180 M M 7 18 27 170
3 89 70 80 10 0 15 T 0.0 0 9.8 20 210 M M 7 8 30 210
4 83 64 74 4 0 9 1.09 T 0 7.4 43 290 M M 7 135 63 300
5 73 60 67 -3 0 2 0.00 0.0 0 4.6 10 330 M M 7 19 340
6 78 54 66 -5 0 1 0.00 0.0 0 3.4 12 300 M M 0 18 300
7 77 54 66 -5 0 1 0.00 0.0 0 4.0 13 300 M M 0 19 290
8 85 53 69 -2 0 4 0.00 0.0 0 8.6 18 170 M M 0 28 190
9 82 64 73 1 0 8 0.53 0.0 0 9.2 26 150 M M 5 13 38 150
10 76 64 70 -2 0 5 0.01 0.0 0 3.8 9 10 M M 8 1 13 20
11 75 62 69 -3 0 4 0.37 0.0 0 6.1 15 30 M M 9 1 24 50
12 70 60 65 -7 0 0 0.01 0.0 0 3.7 13 70 M M 10 1 20 70
13 77 57 67 -6 0 2 0.00 0.0 0 4.6 12 350 M M 3 17 340
14 78 52 65 -8 0 0 0.00 0.0 0 2.3 9 20 M M 2 14 350
15 82 54 68 -5 0 3 0.00 0.0 0 4.5 12 170 M M 2 17 180
16 83 62 73 -1 0 8 0.00 0.0 0 7.6 17 140 M M 1 23 160
17 77 68 73 -1 0 8 0.31 0.0 0 9.5 18 130 M M 6 1 29 130
18 75 70 73 -1 0 8 0.56 0.0 0 9.8 18 100 M M 8 1 29 90
19 82 68 75 1 0 10 0.00 0.0 0 12.3 25 140 M M 5 38 120
20 84 70 77 2 0 12 0.00 0.0 0 11.9 22 140 M M 7 34 140
21 85 67 76 1 0 11 0.00 0.0 0 10.5 22 120 M M 2 32 130
22 87 62 75 0 0 10 0.00 0.0 0 5.4 15 90 M M 1 29 100
23 88 63 76 0 0 11 0.00 0.0 0 3.7 14 160 M M 1 20 160
24 89 65 77 1 0 12 0.00 0.0 0 3.2 13 150 M M 1 16 150
25 88 64 76 0 0 11 0.03 0.0 0 6.2 16 140 M M 3 1 23 140
26 87 70 79 3 0 14 T 0.0 0 5.0 13 300 M M 4 21 230
27 90 68 79 2 0 14 0.00 0.0 0 3.9 12 200 M M 2 1 16 210
28 84 69 77 0 0 12 T 0.0 0 8.4 18 300 M M 3 25 300
29 79 58 69 -8 0 4 0.00 0.0 0 6.3 13 360 M M 1 20 10
30 75 54 65 -12 0 0 0.00 0.0 0 4.0 10 30 M M 1 18 40
31 85 56 71 -7 0 6 0.00 0.0 0 3.7 13 150 M M 0 17 30
================================================================================
SM 2521 1925 0 216 3.12 T 197.8 M 113
================================================================================
AV 81.3 62.1 6.4 FASTST M M 4 MAX(MPH)
MISC ----> 43 290 63 300
================================================================================
NOTES:
# LAST OF SEVERAL OCCURRENCES
COLUMN 17 PEAK WIND IN M.P.H.
PRELIMINARY LOCAL CLIMATOLOGICAL DATA (WS FORM: F-6) , PAGE 2
STATION: JACKSON HAWKINS
MONTH: MAY
YEAR: 2021
LATITUDE: 32 20 N
LONGITUDE: 90 14 W
[TEMPERATURE DATA] [PRECIPITATION DATA] SYMBOLS USED IN COLUMN 16
AVERAGE MONTHLY: 71.7 TOTAL FOR MONTH: 3.12 1 = FOG OR MIST
DPTR FM NORMAL: -1.9 DPTR FM NORMAL: -0.82 2 = FOG REDUCING VISIBILITY
HIGHEST: 90 ON 27 GRTST 24HR 1.09 ON 4- 4 TO 1/4 MILE OR LESS
LOWEST: 52 ON 14 3 = THUNDER
SNOW, ICE PELLETS, HAIL 4 = ICE PELLETS
TOTAL MONTH: T 5 = HAIL
GRTST 24HR T ON 4- 4 6 = FREEZING RAIN OR DRIZZLE
GRTST DEPTH: 0 7 = DUSTSTORM OR SANDSTORM:
VSBY 1/2 MILE OR LESS
8 = SMOKE OR HAZE
[NO. OF DAYS WITH] [WEATHER - DAYS WITH] 9 = BLOWING SNOW
X = TORNADO
MAX 32 OR BELOW: 0 0.01 INCH OR MORE: 9
MAX 90 OR ABOVE: 1 0.10 INCH OR MORE: 6
MIN 32 OR BELOW: 0 0.50 INCH OR MORE: 3
MIN 0 OR BELOW: 0 1.00 INCH OR MORE: 1
[HDD (BASE 65) ]
TOTAL THIS MO. 0 CLEAR (SCALE 0-3) 15
DPTR FM NORMAL -10 PTCLDY (SCALE 4-7) 14
TOTAL FM JUL 1 2100 CLOUDY (SCALE 8-10) 2
DPTR FM NORMAL -22
[CDD (BASE 65) ]
TOTAL THIS MO. 216
DPTR FM NORMAL -61 [PRESSURE DATA]
TOTAL FM JAN 1 396 HIGHEST SLP 30.30 ON 22
DPTR FM NORMAL -32 LOWEST SLP 29.63 ON 2
[REMARKS]
#FINAL-05-21#