000
CXUS52 KGSP 061804
CF6HKY
PRELIMINARY LOCAL CLIMATOLOGICAL DATA (WS FORM: F-6)
STATION: HICKORY NC
MONTH: NOVEMBER
YEAR: 2021
LATITUDE: 35 45 N
LONGITUDE: 81 23 W
TEMPERATURE IN F: :PCPN: SNOW: WIND :SUNSHINE: SKY :PK WND
================================================================================
1 2 3 4 5 6A 6B 7 8 9 10 11 12 13 14 15 16 17 18
12Z AVG MX 2MIN
DY MAX MIN AVG DEP HDD CDD WTR SNW DPTH SPD SPD DIR MIN PSBL S-S WX SPD DR
================================================================================
1 68 44 56 2 9 0 0.00 M M 3.0 8 190 M M 0 11 300
2 62 44 53 -1 12 0 T M M 3.9 12 50 M M 6 12 14 10
3 52 45 49 -4 16 0 0.00 M M 5.1 15 60 M M 9 19 50
4 46 33 40 -13 25 0 0.05 M M 1.9 8 60 M M 9 12 10 50
5 54 34 44 -8 21 0 0.00 M M 2.9 10 70 M M 4 12 15 70
6 56 34 45 -7 20 0 0.00 M M 5.6 16 50 M M 0 24 20
7 67 38 53 1 12 0 0.00 M M 4.5 14 20 M M 0 17 50
8 74 42 58 6 7 0 0.00 M M 3.9 10 300 M M 0 14 320
9 78 42 60 9 5 0 0.00 M M 4.0 13 200 M M 0 17 200
10 77 45 61 10 4 0 0.00 M M 1.0 9 290 M M 0 11 280
11 64 42 53 2 12 0 0.17 M M 2.1 12 240 M M 5 18 16 200
12 66 48 57 7 8 0 0.02 M M 5.2 12 270 M M 2 1 15 280
13 58 37 48 -2 17 0 0.00 M M 4.7 15 250 M M 0 22 330
14 54 27 41 -9 24 0 0.00 M M 5.2 16 210 M M 0 22 180
15 57 37 47 -2 18 0 0.00 M M 4.8 17 270 M M 1 22 280
16 66 32 49 0 16 0 0.00 M M 2.7 13 220 M M 0 17 230
17 72 41 57 8 8 0 0.00 M M 5.0 17 200 M M 0 12 25 190
18 73 44 59 11 6 0 0.00 M M 7.7 22 210 M M 2 31 190
19 58 35 47 -1 18 0 0.00 M M 5.9 16 330 M M 0 23 330
20 50 27 39 -9 26 0 0.00 M M 1.5 8 50 M M 0 10 50
21 57 29 43 -5 22 0 0.00 M M 2.5 17 200 M M 3 22 210
22 60 36 48 1 17 0 0.11 M M 6.4 16 320 M M 5 1 28 330
23 49 30 40 -7 25 0 0.00 M M 5.4 15 340 M M 0 21 320
24 52 25 39 -8 26 0 0.00 M M 2.0 10 190 M M 0 14 190
25 62 27 45 -1 20 0 T M M 3.5 12 190 M M 1 16 220
26 52 33 43 -3 22 0 T M M 6.3 22 290 M M 2 30 280
27 55 29 42 -4 23 0 0.00 M M 4.5 14 190 M M 0 18 200
28 61 30 46 0 19 0 0.00 M M 4.4 12 320 M M 0 17 310
29 48 30 39 -7 26 0 0.00 M M 5.1 14 320 M M 0 20 320
30 61 24 43 -2 22 0 0.00 M M 3.1 10 190 M M 0 15 200
================================================================================
SM 1809 1064 506 0 0.35 M 123.8 M 49
================================================================================
AV 60.3 35.5 4.1 FASTST M M 2 MAX(MPH)
MISC ----> # 22 210 31 190
================================================================================
NOTES:
# LAST OF SEVERAL OCCURRENCES
COLUMN 17 PEAK WIND IN M.P.H.
PRELIMINARY LOCAL CLIMATOLOGICAL DATA (WS FORM: F-6) , PAGE 2
STATION: HICKORY NC
MONTH: NOVEMBER
YEAR: 2021
LATITUDE: 35 45 N
LONGITUDE: 81 23 W
[TEMPERATURE DATA] [PRECIPITATION DATA] SYMBOLS USED IN COLUMN 16
AVERAGE MONTHLY: 47.9 TOTAL FOR MONTH: 0.35 1 = FOG OR MIST
DPTR FM NORMAL: -1.4 DPTR FM NORMAL: -3.27 2 = FOG REDUCING VISIBILITY
HIGHEST: 78 ON 9 GRTST 24HR 0.19 ON 11-12 TO 1/4 MILE OR LESS
LOWEST: 24 ON 30 3 = THUNDER
SNOW, ICE PELLETS, HAIL 4 = ICE PELLETS
TOTAL MONTH: M 5 = HAIL
GRTST 24HR M ON M 6 = FREEZING RAIN OR DRIZZLE
GRTST DEPTH: M ON M 7 = DUSTSTORM OR SANDSTORM:
VSBY 1/2 MILE OR LESS
8 = SMOKE OR HAZE
[NO. OF DAYS WITH] [WEATHER - DAYS WITH] 9 = BLOWING SNOW
X = TORNADO
MAX 32 OR BELOW: 0 0.01 INCH OR MORE: 4
MAX 90 OR ABOVE: 0 0.10 INCH OR MORE: 2
MIN 32 OR BELOW: 11 0.50 INCH OR MORE: 0
MIN 0 OR BELOW: 0 1.00 INCH OR MORE: 0
[HDD (BASE 65) ]
TOTAL THIS MO. 506 CLEAR (SCALE 0-3) 24
DPTR FM NORMAL 33 PTCLDY (SCALE 4-7) 4
TOTAL FM JUL 1 614 CLOUDY (SCALE 8-10) 2
DPTR FM NORMAL -79
[CDD (BASE 65) ]
TOTAL THIS MO. 0
DPTR FM NORMAL -2 [PRESSURE DATA]
TOTAL FM JAN 1 1571 HIGHEST SLP 30.54 ON 20
DPTR FM NORMAL 176 LOWEST SLP 29.82 ON 28
[REMARKS]
#FINAL-11-21#