000
CXHW50 PHFO 011250
CF6HNL
PRELIMINARY LOCAL CLIMATOLOGICAL DATA (WS FORM: F-6)
STATION: HONOLULU HI
MONTH: OCTOBER
YEAR: 2021
LATITUDE: 21 21 N
LONGITUDE: 157 56 W
TEMPERATURE IN F: :PCPN: SNOW: WIND :SUNSHINE: SKY :PK WND
================================================================================
1 2 3 4 5 6A 6B 7 8 9 10 11 12 13 14 15 16 17 18
12Z AVG MX 2MIN
DY MAX MIN AVG DEP HDD CDD WTR SNW DPTH SPD SPD DIR MIN PSBL S-S WX SPD DR
================================================================================
1 89 76 83 2 0 18 0.00 M M 13.6 26 70 M M 3 36 80
2 88 76 82 1 0 17 T M M 11.8 22 70 M M 5 27 60
3 88 74 81 0 0 16 T M M 11.6 22 70 M M 5 33 60
4 88 75 82 1 0 17 T M M 13.0 25 70 M M 3 38 60
5 89 76 83 2 0 18 T M M 15.3 26 70 M M 4 31 80
6 87 77 82 1 0 17 T M M 16.7 26 70 M M 4 35 70
7 87 75 81 0 0 16 T M M 17.3 29 60 M M 4 38 50
8 87 76 82 1 0 17 T M M 18.5 29 60 M M 3 37 60
9 85 75 80 -1 0 15 T M M 19.6 30 60 M M 4 41 60
10 87 73 80 -1 0 15 0.01 M M 18.0 29 60 M M 4 38 80
11 88 76 82 1 0 17 0.01 M M 14.7 26 80 M M 4 33 70
12 88 78 83 2 0 18 0.00 M M 18.4 29 60 M M 4 37 80
13 86 77 82 1 0 17 T M M 13.0 28 70 M M 7 35 70
14 87 75 81 0 0 16 T M M 14.0 28 80 M M 5 37 60
15 87 72 80 -1 0 15 T M M 11.8 26 70 M M 3 34 80
16 85 73 79 -1 0 14 0.00 M M 12.8 25 90 M M 4 31 90
17 86 75 81 1 0 16 0.00 M M 14.6 25 60 M M 5 31 80
18 87 75 81 1 0 16 0.00 M M 12.6 23 70 M M 3 29 60
19 86 72 79 -1 0 14 0.00 M M 8.5 18 40 M M 3 24 60
20 87 69 78 -2 0 13 T M M 7.5 17 40 M M 3 27 20
21 87 73 80 0 0 15 T M M 5.2 16 30 M M 7 22 40
22 87 73 80 0 0 15 0.00 M M 11.8 21 60 M M 3 27 40
23 87 75 81 1 0 16 0.00 M M 12.5 25 40 M M 3 32 30
24 87 74 81 1 0 16 0.02 M M 12.6 23 70 M M 7 29 40
25 87 74 81 1 0 16 T M M 12.8 24 70 M M 4 30 70
26 87 73 80 0 0 15 0.00 M M 7.6 16 70 M M 4 21 70
27 87 71 79 -1 0 14 T M M 7.7 17 30 M M 4 23 60
28 86 73 80 0 0 15 0.01 M M 7.5 16 50 M M 5 21 60
29 87 71 79 0 0 14 0.00 M M 6.4 15 80 M M 3 22 50
30 83 69 76 -3 0 11 0.00 M M 4.8 12 210 M M 3 15 170
31 84 69 77 -2 0 12 0.00 M M 5.4 13 240 M M 2 17 190
================================================================================
SM 2691 2290 0 481 0.05 M 377.6 M 125
================================================================================
AV 86.8 73.9 12.2 FASTST M M 4 MAX(MPH)
MISC ----> 30 60 41 60
================================================================================
NOTES:
# LAST OF SEVERAL OCCURRENCES
COLUMN 17 PEAK WIND IN M.P.H.
PRELIMINARY LOCAL CLIMATOLOGICAL DATA (WS FORM: F-6) , PAGE 2
STATION: HONOLULU HI
MONTH: OCTOBER
YEAR: 2021
LATITUDE: 21 21 N
LONGITUDE: 157 56 W
[TEMPERATURE DATA] [PRECIPITATION DATA] SYMBOLS USED IN COLUMN 16
AVERAGE MONTHLY: 80.3 TOTAL FOR MONTH: 0.05 1 = FOG OR MIST
DPTR FM NORMAL: -0.1 DPTR FM NORMAL: -1.46 2 = FOG REDUCING VISIBILITY
HIGHEST: 89 ON 5, 1 GRTST 24HR 0.02 ON 24-24 TO 1/4 MILE OR LESS
LOWEST: 69 ON 31,30 3 = THUNDER
SNOW, ICE PELLETS, HAIL 4 = ICE PELLETS
TOTAL MONTH: M 5 = HAIL
GRTST 24HR M ON M 6 = FREEZING RAIN OR DRIZZLE
GRTST DEPTH: M ON M 7 = DUSTSTORM OR SANDSTORM:
VSBY 1/2 MILE OR LESS
8 = SMOKE OR HAZE
[NO. OF DAYS WITH] [WEATHER - DAYS WITH] 9 = BLOWING SNOW
X = TORNADO
MAX 32 OR BELOW: 0 0.01 INCH OR MORE: 4
MAX 90 OR ABOVE: 0 0.10 INCH OR MORE: 0
MIN 32 OR BELOW: 0 0.50 INCH OR MORE: 0
MIN 0 OR BELOW: 0 1.00 INCH OR MORE: 0
[HDD (BASE 65) ]
TOTAL THIS MO. 0 CLEAR (SCALE 0-3) 9
DPTR FM NORMAL 0 PTCLDY (SCALE 4-7) 22
TOTAL FM JUL 1 0 CLOUDY (SCALE 8-10) 0
DPTR FM NORMAL 0
[CDD (BASE 65) ]
TOTAL THIS MO. 481
DPTR FM NORMAL 4 [PRESSURE DATA]
TOTAL FM JAN 1 4238 HIGHEST SLP 30.13 ON 24
DPTR FM NORMAL 186 LOWEST SLP 29.86 ON 4
[REMARKS]
#FINAL-10-21#