000
CXUS54 KMAF 011110
CF6HOB
PRELIMINARY LOCAL CLIMATOLOGICAL DATA (WS FORM: F-6)
STATION: LEA AIRPORT, HOBBS
MONTH: SEPTEMBER
YEAR: 2022
LATITUDE: 32 40 N
LONGITUDE: 103-12 E
TEMPERATURE IN F: :PCPN: SNOW: WIND :SUNSHINE: SKY :PK WND
================================================================================
1 2 3 4 5 6A 6B 7 8 9 10 11 12 13 14 15 16 17 18
12Z AVG MX 2MIN
DY MAX MIN AVG DEP HDD CDD WTR SNW DPTH SPD SPD DIR MIN PSBL S-S WX SPD DR
================================================================================
1 75 66 71 M 0 6 0.00 M M 6.6 17 120 M M 7 1 20 160
2 M 66 M M M M 0.00 M M 3.2 8 190 M M 4 1 M M
3 88 64 76 M 0 11 0.00 M M 8.7 22 50 M M 3 127 37 40
4 88 63 76 M 0 11 0.00 M M 6.9 12 120 M M 1 17 120
5 90 63 77 M 0 12 0.00 M M 7.9 14 200 M M 1 21 200
6 93 63 78 M 0 13 0.00 M M 6.2 15 230 M M 0 14 210
7 90 61 76 M 0 11 0.00 M M 8.0 12 60 M M 1 22 60
8 88 59 74 M 0 9 0.00 M M 5.9 12 120 M M 0 14 150
9 90 59 75 M 0 10 0.00 M M 7.8 13 150 M M 1 20 150
10 88 63 76 M 0 11 0.02 M M 9.7 16 90 M M 5 23 70
11 70 57 64 M 1 0 0.00 M M 8.6 17 40 M M 5 8 24 20
12 86 59 73 M 0 8 0.00 M M 6.8 15 180 M M 2 1 17 180
13 90 61 76 M 0 11 0.00 M M 7.9 14 140 M M 1 22 140
14 86 64 75 M 0 10 0.00 M M 11.4 25 150 M M 3 31 150
15 88 61 75 M 0 10 0.00 M M 10.5 18 170 M M 2 23 160
16 95 63 79 M 0 14 0.00 M M 11.3 17 170 M M 1 23 170
17 93 64 79 M 0 14 0.00 M M 12.5 20 150 M M 0 25 170
18 91 66 79 M 0 14 0.00 M M 11.2 17 160 M M 0 22 130
19 88 63 76 M 0 11 0.00 M M 10.2 18 150 M M 3 24 130
20 90 64 77 M 0 12 0.00 M M 9.9 16 140 M M 1 22 130
21 91 63 77 M 0 12 0.00 M M 9.1 14 140 M M 0 20 140
22 86 63 75 M 0 10 0.00 M M 6.2 14 120 M M 2 21 130
23 88 55 72 M 0 7 0.00 M M 7.7 17 160 M M 0 25 150
24 91 59 75 M 0 10 0.00 M M 5.5 12 170 M M 1 M M
25 88 61 75 M 0 10 0.00 M M 8.5 15 70 M M 2 23 70
26 82 61 72 M 0 7 0.00 M M 8.8 18 90 M M 1 22 120
27 84 59 72 M 0 7 0.00 M M 7.0 13 200 M M 1 16 170
28 84 55 70 M 0 5 0.00 M M 6.9 16 180 M M 1 20 160
29 84 55 70 M 0 5 0.00 M M 9.3 16 150 M M 1 23 160
30 84 55 70 M 0 5 0.00 M M 10.3 17 160 M M 0 25 160
================================================================================
SM 2529 1835 1 276 0.02 M 250.5 M 50
================================================================================
AV 87.2 61.2 8.3 FASTST M M 2 MAX(MPH)
MISC ----> 25 150 37 40
================================================================================
NOTES:
# LAST OF SEVERAL OCCURRENCES
COLUMN 17 PEAK WIND IN M.P.H.
PRELIMINARY LOCAL CLIMATOLOGICAL DATA (WS FORM: F-6) , PAGE 2
STATION: LEA AIRPORT, HOBBS
MONTH: SEPTEMBER
YEAR: 2022
LATITUDE: 32 40 N
LONGITUDE: 103-12 E
[TEMPERATURE DATA] [PRECIPITATION DATA] SYMBOLS USED IN COLUMN 16
AVERAGE MONTHLY: 74.2 TOTAL FOR MONTH: 0.02 1 = FOG OR MIST
DPTR FM NORMAL: 0.0 DPTR FM NORMAL: M 2 = FOG REDUCING VISIBILITY
HIGHEST: 95 ON 16 GRTST 24HR 0.02 ON 10-10 TO 1/4 MILE OR LESS
LOWEST: 55 ON 30,29 3 = THUNDER
SNOW, ICE PELLETS, HAIL 4 = ICE PELLETS
TOTAL MONTH: M 5 = HAIL
GRTST 24HR M ON M 6 = FREEZING RAIN OR DRIZZLE
GRTST DEPTH: M ON M 7 = DUSTSTORM OR SANDSTORM:
VSBY 1/2 MILE OR LESS
8 = SMOKE OR HAZE
[NO. OF DAYS WITH] [WEATHER - DAYS WITH] 9 = BLOWING SNOW
X = TORNADO
MAX 32 OR BELOW: 0 0.01 INCH OR MORE: 1
MAX 90 OR ABOVE: 11 0.10 INCH OR MORE: 0
MIN 32 OR BELOW: 0 0.50 INCH OR MORE: 0
MIN 0 OR BELOW: 0 1.00 INCH OR MORE: 0
[HDD (BASE 65) ]
TOTAL THIS MO. 1 CLEAR (SCALE 0-3) 25
DPTR FM NORMAL M PTCLDY (SCALE 4-7) 5
TOTAL FM JUL 1 1 CLOUDY (SCALE 8-10) 0
DPTR FM NORMAL M
[CDD (BASE 65) ]
TOTAL THIS MO. 276
DPTR FM NORMAL M [PRESSURE DATA]
TOTAL FM JAN 1 2185 HIGHEST SLP M ON M
DPTR FM NORMAL M LOWEST SLP M ON M
[REMARKS]
#FINAL-09-22#