000
CXUS54 KBRO 010800
CF6HRL
PRELIMINARY LOCAL CLIMATOLOGICAL DATA (WS FORM: F-6)
STATION: HARLINGEN
MONTH: MARCH
YEAR: 2023
LATITUDE: 26 13 N
LONGITUDE: 97 40 W
TEMPERATURE IN F: :PCPN: SNOW: WIND :SUNSHINE: SKY :PK WND
================================================================================
1 2 3 4 5 6A 6B 7 8 9 10 11 12 13 14 15 16 17 18
12Z AVG MX 2MIN
DY MAX MIN AVG DEP HDD CDD WTR SNW DPTH SPD SPD DIR MIN PSBL S-S WX SPD DR
================================================================================
1 93 68 81 14 0 16 0.00 0.0 0 18.7 32 170 M M 3 1 41 170
2 95 73 84 16 0 19 0.00 0.0 0 15.5 31 320 M M 4 1 41 330
3 85 53 69 1 0 4 0.00 0.0 0 11.2 36 350 M M 0 8 48 340
4 83 50 67 -1 0 2 0.00 0.0 0 8.0 18 100 M M 0 25 120
5 87 53 70 2 0 5 0.00 0.0 0 8.6 21 120 M M 1 1 28 100
6 90 70 80 12 0 15 0.00 0.0 0 12.4 21 150 M M 6 27 150
7 91 68 80 12 0 15 0.00 0.0 0 14.7 28 150 M M 5 1 37 160
8 91 69 80 11 0 15 0.00 0.0 0 15.2 28 140 M M 3 1 35 140
9 89 67 78 9 0 13 0.00 0.0 0 14.9 26 150 M M 6 1 36 140
10 90 64 77 8 0 12 0.00 0.0 0 9.2 22 90 M M 6 12 28 90
11 92 67 80 11 0 15 0.00 0.0 0 14.9 28 160 M M 1 1 35 180
12 100 72 86 17 0 21 0.00 0.0 0 11.6 24 50 M M 0 31 50
13 76 65 71 1 0 6 0.07 0.0 0 13.9 24 50 M M 9 3 32 50
14 76 67 72 2 0 7 0.04 0.0 0 14.6 25 70 M M 10 1 32 80
15 79 67 73 3 0 8 0.01 0.0 0 15.3 24 110 M M 10 1 31 110
16 90 71 81 11 0 16 0.00 0.0 0 23.5 39 170 M M 8 49 180
17 77 52 65 -5 0 0 0.07 0.0 0 19.1 38 10 M M 6 51 10
18 62 49 56 -14 9 0 0.00 0.0 0 18.1 25 10 M M 10 37 10
19 58 45 52 -19 13 0 0.09 0.0 0 11.7 23 10 M M 10 32 10
20 70 51 61 -10 4 0 T 0.0 M 9.2 20 140 M M 10 26 140
21 84 67 76 5 0 11 0.03 0.0 0 16.8 30 160 M M 9 1 39 150
22 90 68 79 8 0 14 0.00 0.0 0 19.2 30 160 M M 6 41 160
23 91 73 82 10 0 17 0.00 0.0 0 24.0 37 160 M M 5 49 180
24 100 74 87 15 0 22 0.00 0.0 0 19.2 39 190 M M 3 51 180
25 90 67 79 7 0 14 0.00 0.0 0 11.4 24 50 M M 6 18 31 50
26 89 70 80 8 0 15 0.00 0.0 0 8.9 17 130 M M 6 18 22 140
27 89 66 78 6 0 13 0.00 0.0 0 9.7 18 110 M M 6 12 27 120
28 76 62 69 -3 0 4 0.97 0.0 M 12.3 31 40 M M 10 13 41 30
29 69 57 63 -10 2 0 0.78 0.0 M 8.7 20 280 M M 10 13 25 270
30 84 64 74 1 0 9 0.00 0.0 0 12.0 29 170 M M 7 12 37 170
31 90 73 82 9 0 17 0.00 0.0 0 16.4 28 190 M M 4 36 190
================================================================================
SM 2626 1982 28 325 2.06 0.0 438.9 M 180
================================================================================
AV 84.7 63.9 14.2 FASTST M M 6 MAX(MPH)
MISC ----> # 39 170 # 51 10
================================================================================
NOTES:
# LAST OF SEVERAL OCCURRENCES
COLUMN 17 PEAK WIND IN M.P.H.
PRELIMINARY LOCAL CLIMATOLOGICAL DATA (WS FORM: F-6) , PAGE 2
STATION: HARLINGEN
MONTH: MARCH
YEAR: 2023
LATITUDE: 26 13 N
LONGITUDE: 97 40 W
[TEMPERATURE DATA] [PRECIPITATION DATA] SYMBOLS USED IN COLUMN 16
AVERAGE MONTHLY: 74.3 TOTAL FOR MONTH: 2.06 1 = FOG OR MIST
DPTR FM NORMAL: 4.1 DPTR FM NORMAL: 0.75 2 = FOG REDUCING VISIBILITY
HIGHEST: 100 ON 24,12 GRTST 24HR 1.68 ON 28-29 TO 1/4 MILE OR LESS
LOWEST: 45 ON 19 3 = THUNDER
SNOW, ICE PELLETS, HAIL 4 = ICE PELLETS
TOTAL MONTH: 0.0 INCH 5 = HAIL
GRTST 24HR 0.0 6 = FREEZING RAIN OR DRIZZLE
GRTST DEPTH: 0 7 = DUSTSTORM OR SANDSTORM:
VSBY 1/2 MILE OR LESS
8 = SMOKE OR HAZE
[NO. OF DAYS WITH] [WEATHER - DAYS WITH] 9 = BLOWING SNOW
X = TORNADO
MAX 32 OR BELOW: 0 0.01 INCH OR MORE: 8
MAX 90 OR ABOVE: 14 0.10 INCH OR MORE: 2
MIN 32 OR BELOW: 0 0.50 INCH OR MORE: 2
MIN 0 OR BELOW: 0 1.00 INCH OR MORE: 0
[HDD (BASE 65) ]
TOTAL THIS MO. 28 CLEAR (SCALE 0-3) 7
DPTR FM NORMAL -12 PTCLDY (SCALE 4-7) 15
TOTAL FM JUL 1 524 CLOUDY (SCALE 8-10) 9
DPTR FM NORMAL -39
[CDD (BASE 65) ]
TOTAL THIS MO. 325
DPTR FM NORMAL 124 [PRESSURE DATA]
TOTAL FM JAN 1 639 HIGHEST SLP M ON M
DPTR FM NORMAL 278 LOWEST SLP 29.38 ON 2
[REMARKS]
#FINAL-03-23#