000
CXUS54 KLZK 042315
CF6HRO
PRELIMINARY LOCAL CLIMATOLOGICAL DATA (WS FORM: F-6)
STATION: HARRISON
MONTH: MAY
YEAR: 2023
LATITUDE: 36 15 N
LONGITUDE: 93 9 W
TEMPERATURE IN F: :PCPN: SNOW: WIND :SUNSHINE: SKY :PK WND
================================================================================
1 2 3 4 5 6A 6B 7 8 9 10 11 12 13 14 15 16 17 18
12Z AVG MX 2MIN
DY MAX MIN AVG DEP HDD CDD WTR SNW DPTH SPD SPD DIR MIN PSBL S-S WX SPD DR
================================================================================
1 65 43 54 -8 11 0 0.00 0.0 0 9.5 21 310 M M 0 32 330
2 67 46 57 -5 8 0 0.00 0.0 0 8.4 18 320 M M 0 27 320
3 73 45 59 -4 6 0 0.00 0.0 0 5.3 13 310 M M 0 17 300
4 70 44 57 -6 8 0 0.46 0.0 0 5.4 13 150 M M 5 1 15 150
5 64 54 59 -4 6 0 0.15 0.0 0 10.7 16 130 M M 10 1 21 130
6 86 62 74 10 0 9 0.00 0.0 0 10.6 21 160 M M 4 1 26 170
7 84 67 76 12 0 11 0.06 0.0 0 8.3 20 170 M M 1 3 28 160
8 87 66 77 13 0 12 0.00 0.0 0 6.3 18 170 M M 2 23 160
9 86 62 74 10 0 9 0.02 0.0 0 4.6 9 240 M M 4 3 M M
10 81 60 71 7 0 6 0.88 0.0 0 9.0 23 160 M M 7 13 29 60
11 74 64 69 4 0 4 1.44 0.0 0 9.8 16 120 M M 7 1 22 130
12 79 66 73 8 0 8 0.02 0.0 0 8.6 17 160 M M 7 1 22 170
13 85 63 74 9 0 9 0.27 0.0 0 6.8 17 170 M M 3 13 22 170
14 84 61 73 7 0 8 1.04 0.0 0 3.8 22 180 M M 1 138 30 180
15 84 64 74 8 0 9 0.09 0.0 0 4.8 18 160 M M 5 1 24 170
16 73 62 68 2 0 3 0.01 0.0 0 6.8 13 320 M M 10 1 17 320
17 76 58 67 1 0 2 0.01 0.0 0 3.7 8 70 M M 7 1 13 60
18 80 54 67 0 0 2 0.00 0.0 0 3.2 10 80 M M 2 14 140
19 73 57 65 -2 0 0 0.76 0.0 0 4.6 15 20 M M 5 1 22 360
20 72 52 62 -5 3 0 0.00 0.0 0 5.4 15 10 M M 2 1 19 350
21 73 47 60 -8 5 0 0.00 0.0 0 2.9 12 140 M M 0 15 90
22 77 48 63 -5 2 0 0.00 0.0 0 2.9 10 110 M M 1 14 130
23 78 51 65 -3 0 0 0.00 0.0 0 3.8 12 110 M M 1 15 130
24 81 60 71 3 0 6 0.00 0.0 0 5.8 16 150 M M 1 20 140
25 82 57 70 1 0 5 0.00 0.0 0 4.6 14 120 M M 1 22 90
26 79 55 67 -2 0 2 0.00 0.0 0 4.6 12 80 M M 2 15 60
27 78 47 63 -6 2 0 0.00 0.0 0 2.6 12 30 M M 0 17 30
28 81 50 66 -4 0 1 0.00 0.0 0 2.2 9 30 M M 0 12 10
29 84 53 69 -1 0 4 0.00 0.0 0 2.6 8 100 M M 2 13 130
30 84 60 72 2 0 7 0.00 0.0 0 1.5 8 150 M M 6 12 190
31 84 64 74 4 0 9 0.00 0.0 0 2.2 5 120 M M 7 M M
================================================================================
SM 2424 1742 51 126 5.21 0.0 171.3 M 103
================================================================================
AV 78.2 56.2 5.5 FASTST M M 3 MAX(MPH)
MISC ----> 23 160 32 330
================================================================================
NOTES:
# LAST OF SEVERAL OCCURRENCES
COLUMN 17 PEAK WIND IN M.P.H.
PRELIMINARY LOCAL CLIMATOLOGICAL DATA (WS FORM: F-6) , PAGE 2
STATION: HARRISON
MONTH: MAY
YEAR: 2023
LATITUDE: 36 15 N
LONGITUDE: 93 9 W
[TEMPERATURE DATA] [PRECIPITATION DATA] SYMBOLS USED IN COLUMN 16
AVERAGE MONTHLY: 67.2 TOTAL FOR MONTH: 5.21 1 = FOG OR MIST
DPTR FM NORMAL: 1.0 DPTR FM NORMAL: 0.40 2 = FOG REDUCING VISIBILITY
HIGHEST: 87 ON 8 GRTST 24HR 2.31 ON 10-11 TO 1/4 MILE OR LESS
LOWEST: 43 ON 1 3 = THUNDER
SNOW, ICE PELLETS, HAIL 4 = ICE PELLETS
TOTAL MONTH: 0.0 INCH 5 = HAIL
GRTST 24HR 0.0 6 = FREEZING RAIN OR DRIZZLE
GRTST DEPTH: 0 7 = DUSTSTORM OR SANDSTORM:
VSBY 1/2 MILE OR LESS
8 = SMOKE OR HAZE
[NO. OF DAYS WITH] [WEATHER - DAYS WITH] 9 = BLOWING SNOW
X = TORNADO
MAX 32 OR BELOW: 0 0.01 INCH OR MORE: 13
MAX 90 OR ABOVE: 0 0.10 INCH OR MORE: 7
MIN 32 OR BELOW: 0 0.50 INCH OR MORE: 4
MIN 0 OR BELOW: 0 1.00 INCH OR MORE: 2
[HDD (BASE 65) ]
TOTAL THIS MO. 51 CLEAR (SCALE 0-3) 17
DPTR FM NORMAL -24 PTCLDY (SCALE 4-7) 12
TOTAL FM JUL 1 3546 CLOUDY (SCALE 8-10) 2
DPTR FM NORMAL -335
[CDD (BASE 65) ]
TOTAL THIS MO. 126
DPTR FM NORMAL 14 [PRESSURE DATA]
TOTAL FM JAN 1 150 HIGHEST SLP M ON M
DPTR FM NORMAL -2 LOWEST SLP 29.79 ON 11
[REMARKS]
#FINAL-05-23#