000
CXUS54 KLZK 011230
CF6HRO
PRELIMINARY LOCAL CLIMATOLOGICAL DATA (WS FORM: F-6)
STATION: HARRISON
MONTH: SEPTEMBER
YEAR: 2022
LATITUDE: 36 15 N
LONGITUDE: 93 9 W
TEMPERATURE IN F: :PCPN: SNOW: WIND :SUNSHINE: SKY :PK WND
================================================================================
1 2 3 4 5 6A 6B 7 8 9 10 11 12 13 14 15 16 17 18
12Z AVG MX 2MIN
DY MAX MIN AVG DEP HDD CDD WTR SNW DPTH SPD SPD DIR MIN PSBL S-S WX SPD DR
================================================================================
1 84 65 75 0 0 10 0.01 0.0 0 7.6 14 150 M M 2 13 18 130
2 79 67 73 -1 0 8 1.15 0.0 0 6.8 12 140 M M 10 123 M M
3 83 66 75 1 0 10 0.00 0.0 0 5.1 13 360 M M M 1 20 20
4 84 63 74 0 0 9 0.00 0.0 0 3.5 9 90 M M 1 1 14 30
5 84 64 74 0 0 9 0.00 0.0 0 1.0 7 320 M M 4 12 11 70
6 83 65 74 1 0 9 0.00 0.0 0 2.5 10 30 M M 5 12 13 340
7 84 63 74 1 0 9 0.00 0.0 0 3.0 12 20 M M 3 12 15 50
8 82 60 71 -1 0 6 0.00 0.0 0 3.1 9 80 M M 1 1 13 70
9 82 58 70 -2 0 5 0.00 0.0 0 3.4 10 120 M M 1 14 150
10 84 59 72 0 0 7 0.00 0.0 0 3.1 10 100 M M 4 1 15 140
11 75 53 64 -8 1 0 0.00 0.0 0 7.8 15 310 M M 5 1 26 310
12 79 51 65 -6 0 0 0.00 0.0 0 5.1 13 330 M M 0 19 290
13 85 53 69 -2 0 4 0.00 0.0 0 1.8 10 290 M M 0 15 310
14 84 54 69 -1 0 4 0.00 0.0 0 2.4 12 120 M M 0 15 140
15 83 56 70 0 0 5 0.00 0.0 0 4.3 12 130 M M 0 17 110
16 84 57 71 1 0 6 0.00 0.0 0 4.9 16 170 M M 0 1 23 250
17 87 61 74 4 0 9 0.00 0.0 0 6.9 15 160 M M 1 20 170
18 92 66 79 10 0 14 0.00 0.0 0 5.3 14 190 M M 2 1 24 160
19 93 72 83 14 0 18 0.00 0.0 0 5.0 12 170 M M 0 16 280
20 94 69 82 14 0 17 0.00 0.0 M 4.1 15 150 M M 0 19 140
21 95 68 82 14 0 17 0.00 0.0 0 4.4 13 240 M M 0 18 250
22 71 59 65 -3 0 0 0.00 0.0 0 6.7 15 40 M M 8 22 70
23 82 57 70 3 0 5 0.00 0.0 0 10.1 17 160 M M 3 22 130
24 89 65 77 10 0 12 0.00 0.0 0 5.1 16 270 M M 0 22 260
25 82 58 70 3 0 5 0.00 0.0 0 6.7 16 320 M M 2 23 330
26 77 50 64 -2 1 0 0.00 0.0 0 5.9 15 330 M M 0 23 290
27 83 47 65 -1 0 0 0.00 0.0 0 4.0 9 180 M M 0 12 170
28 77 50 64 -2 1 0 0.00 0.0 0 6.7 13 60 M M 0 17 100
29 71 44 58 -7 7 0 0.00 0.0 0 5.9 14 100 M M 0 20 70
30 76 42 59 -6 6 0 0.00 0.0 0 2.0 10 80 M M 0 17 60
================================================================================
SM 2488 1762 16 198 1.16 0.0 144.2 M 52
================================================================================
AV 82.9 58.7 4.8 FASTST M M 2 MAX(MPH)
MISC ----> 17 160 26 310
================================================================================
NOTES:
# LAST OF SEVERAL OCCURRENCES
COLUMN 17 PEAK WIND IN M.P.H.
PRELIMINARY LOCAL CLIMATOLOGICAL DATA (WS FORM: F-6) , PAGE 2
STATION: HARRISON
MONTH: SEPTEMBER
YEAR: 2022
LATITUDE: 36 15 N
LONGITUDE: 93 9 W
[TEMPERATURE DATA] [PRECIPITATION DATA] SYMBOLS USED IN COLUMN 16
AVERAGE MONTHLY: 70.8 TOTAL FOR MONTH: 1.16 1 = FOG OR MIST
DPTR FM NORMAL: 0.9 DPTR FM NORMAL: -2.90 2 = FOG REDUCING VISIBILITY
HIGHEST: 95 ON 21 GRTST 24HR 1.15 ON 2- 2 TO 1/4 MILE OR LESS
LOWEST: 42 ON 30 3 = THUNDER
SNOW, ICE PELLETS, HAIL 4 = ICE PELLETS
TOTAL MONTH: 0.0 INCH 5 = HAIL
GRTST 24HR 0.0 6 = FREEZING RAIN OR DRIZZLE
GRTST DEPTH: 0 7 = DUSTSTORM OR SANDSTORM:
VSBY 1/2 MILE OR LESS
8 = SMOKE OR HAZE
[NO. OF DAYS WITH] [WEATHER - DAYS WITH] 9 = BLOWING SNOW
X = TORNADO
MAX 32 OR BELOW: 0 0.01 INCH OR MORE: 2
MAX 90 OR ABOVE: 4 0.10 INCH OR MORE: 1
MIN 32 OR BELOW: 0 0.50 INCH OR MORE: 1
MIN 0 OR BELOW: 0 1.00 INCH OR MORE: 1
[HDD (BASE 65) ]
TOTAL THIS MO. 16 CLEAR (SCALE 0-3) 22
DPTR FM NORMAL -18 PTCLDY (SCALE 4-7) 6
TOTAL FM JUL 1 16 CLOUDY (SCALE 8-10) 2
DPTR FM NORMAL -17
[CDD (BASE 65) ]
TOTAL THIS MO. 198
DPTR FM NORMAL 16 [PRESSURE DATA]
TOTAL FM JAN 1 1677 HIGHEST SLP 30.40 ON 29
DPTR FM NORMAL 248 LOWEST SLP 29.84 ON 9
[REMARKS]
#FINAL-09-22#