000
CXUS54 KLZK 041943
CF6HRO
PRELIMINARY LOCAL CLIMATOLOGICAL DATA (WS FORM: F-6)
STATION: HARRISON
MONTH: APRIL
YEAR: 2022
LATITUDE: 36 15 N
LONGITUDE: 93 9 W
TEMPERATURE IN F: :PCPN: SNOW: WIND :SUNSHINE: SKY :PK WND
================================================================================
1 2 3 4 5 6A 6B 7 8 9 10 11 12 13 14 15 16 17 18
12Z AVG MX 2MIN
DY MAX MIN AVG DEP HDD CDD WTR SNW DPTH SPD SPD DIR MIN PSBL S-S WX SPD DR
================================================================================
1 61 26 44 -10 21 0 T 0.0 0 3.8 10 130 M M 0 14 120
2 67 44 56 1 9 0 0.19 0.0 0 7.0 18 300 M M 5 1 27 280
3 73 40 57 2 8 0 T 0.0 0 11.2 21 160 M M 2 26 150
4 60 50 55 0 10 0 0.21 0.0 0 5.0 16 340 M M 7 1 24 340
5 75 47 61 5 4 0 0.10 0.0 M 8.3 20 160 M M 4 123 25 350
6 65 48 57 1 8 0 0.01 M M 11.5 22 330 M M 5 3 32 300
7 56 41 49 -7 16 0 0.01 0.0 0 14.0 25 300 M M 4 41 300
8 45 36 41 -15 24 0 0.01 T 0 10.4 24 320 M M 8 4 37 320
9 69 37 53 -4 12 0 0.00 0.0 0 8.0 14 170 M M 0 20 290
10 79 48 64 7 1 0 0.00 0.0 0 11.6 28 170 M M 1 35 160
11 71 55 63 6 2 0 0.55 0.0 M 7.8 22 310 M M 9 123 36 310
12 77 57 67 9 0 2 T 0.0 0 13.8 28 150 M M 8 12 34 150
13 70 37 54 -4 11 0 3.08 0.0 0 10.8 30 290 M M 5 13 48 290
14 66 31 49 -9 16 0 0.00 0.0 0 3.7 12 240 M M 0 M M
15 80 45 63 5 2 0 0.11 0.0 0 8.2 23 170 M M 5 3 32 180
16 58 43 51 -7 14 0 0.28 0.0 0 7.2 21 40 M M 9 13 26 40
17 53 43 48 -11 17 0 0.12 0.0 0 9.3 21 140 M M 10 13 27 140
18 60 40 50 -9 15 0 0.00 0.0 0 8.3 16 300 M M 4 24 330
19 66 33 50 -9 15 0 0.00 0.0 0 8.6 21 130 M M 0 27 140
20 67 48 58 -2 7 0 0.41 0.0 0 16.0 32 160 M M 9 13 42 150
21 76 57 67 7 0 2 0.01 0.0 0 6.9 20 150 M M 8 123 23 150
22 82 62 72 12 0 7 0.00 0.0 0 14.8 30 170 M M 2 1 39 160
23 80 66 73 13 0 8 0.00 0.0 0 19.6 33 170 M M 1 45 170
24 73 59 66 6 0 1 0.74 0.0 0 9.5 24 170 M M 7 13 35 180
25 62 47 55 -6 10 0 0.68 0.0 0 7.8 16 320 M M 3 18 22 310
26 66 42 54 -7 11 0 0.00 0.0 0 4.7 13 70 M M 0 16 70
27 74 40 57 -4 8 0 0.00 0.0 0 10.4 18 140 M M 1 24 150
28 71 53 62 0 3 0 0.10 0.0 0 8.6 18 130 M M 7 1 23 130
29 81 62 72 10 0 7 T 0.0 0 15.2 25 160 M M 5 35 170
30 79 56 68 6 0 3 0.00 0.0 0 9.6 21 270 M M 2 31 160
================================================================================
SM 2062 1393 244 30 6.61 T 291.6 M 131
================================================================================
AV 68.7 46.4 9.7 FASTST M M 4 MAX(MPH)
MISC ----> 33 170 48 290
================================================================================
NOTES:
# LAST OF SEVERAL OCCURRENCES
COLUMN 17 PEAK WIND IN M.P.H.
PRELIMINARY LOCAL CLIMATOLOGICAL DATA (WS FORM: F-6) , PAGE 2
STATION: HARRISON
MONTH: APRIL
YEAR: 2022
LATITUDE: 36 15 N
LONGITUDE: 93 9 W
[TEMPERATURE DATA] [PRECIPITATION DATA] SYMBOLS USED IN COLUMN 16
AVERAGE MONTHLY: 57.6 TOTAL FOR MONTH: 6.61 1 = FOG OR MIST
DPTR FM NORMAL: -0.7 DPTR FM NORMAL: 1.63 2 = FOG REDUCING VISIBILITY
HIGHEST: 82 ON 22 GRTST 24HR 3.08 ON 12-13 TO 1/4 MILE OR LESS
LOWEST: 26 ON 1 3 = THUNDER
SNOW, ICE PELLETS, HAIL 4 = ICE PELLETS
TOTAL MONTH: T 5 = HAIL
GRTST 24HR T ON 8- 8 6 = FREEZING RAIN OR DRIZZLE
GRTST DEPTH: 0 7 = DUSTSTORM OR SANDSTORM:
VSBY 1/2 MILE OR LESS
8 = SMOKE OR HAZE
[NO. OF DAYS WITH] [WEATHER - DAYS WITH] 9 = BLOWING SNOW
X = TORNADO
MAX 32 OR BELOW: 0 0.01 INCH OR MORE: 16
MAX 90 OR ABOVE: 0 0.10 INCH OR MORE: 12
MIN 32 OR BELOW: 2 0.50 INCH OR MORE: 4
MIN 0 OR BELOW: 0 1.00 INCH OR MORE: 1
[HDD (BASE 65) ]
TOTAL THIS MO. 244 CLEAR (SCALE 0-3) 11
DPTR FM NORMAL 12 PTCLDY (SCALE 4-7) 15
TOTAL FM JUL 1 3393 CLOUDY (SCALE 8-10) 4
DPTR FM NORMAL -412
[CDD (BASE 65) ]
TOTAL THIS MO. 30
DPTR FM NORMAL -1 [PRESSURE DATA]
TOTAL FM JAN 1 34 HIGHEST SLP 30.44 ON 26
DPTR FM NORMAL -6 LOWEST SLP 29.43 ON 5
[REMARKS]
#FINAL-04-22#