000
CXUS54 KLZK 011130
CF6HRO
PRELIMINARY LOCAL CLIMATOLOGICAL DATA (WS FORM: F-6)
STATION: HARRISON
MONTH: JUNE
YEAR: 2021
LATITUDE: 36 15 N
LONGITUDE: 93 9 W
TEMPERATURE IN F: :PCPN: SNOW: WIND :SUNSHINE: SKY :PK WND
================================================================================
1 2 3 4 5 6A 6B 7 8 9 10 11 12 13 14 15 16 17 18
12Z AVG MX 2MIN
DY MAX MIN AVG DEP HDD CDD WTR SNW DPTH SPD SPD DIR MIN PSBL S-S WX SPD DR
================================================================================
1 61 57 59 -12 6 0 1.51 0.0 0 5.6 14 120 M M 10 1 19 120
2 69 59 64 -7 1 0 T 0.0 0 4.2 10 310 M M 6 2 16 340
3 78 58 68 -3 0 3 0.00 0.0 0 3.5 10 330 M M 3 1 14 340
4 81 56 69 -3 0 4 0.00 0.0 0 2.3 12 160 M M 1 1 15 140
5 79 58 69 -3 0 4 T 0.0 0 5.5 14 180 M M 4 1 19 170
6 79 65 72 0 0 7 0.31 0.0 0 8.4 15 150 M M 6 13 19 150
7 77 62 70 -2 0 5 T 0.0 0 7.2 15 160 M M 8 1 19 160
8 82 65 74 1 0 9 T 0.0 0 4.2 12 130 M M 5 1 14 150
9 90 64 77 4 0 12 0.00 0.0 0 2.1 10 150 M M 4 1 14 160
10 91 70 81 8 0 16 0.00 0.0 0 3.4 8 30 M M 3 12 11 40
11 91 70 81 7 0 16 T 0.0 0 5.6 24 170 M M 3 31 190
12 91 69 80 6 0 15 0.00 0.0 0 3.3 9 320 M M 1 14 350
13 89 65 77 3 0 12 0.00 0.0 0 5.1 13 30 M M 2 16 30
14 90 59 75 1 0 10 0.00 0.0 0 2.2 8 20 M M 0 11 120
15 91 63 77 3 0 12 0.00 0.0 0 3.6 8 140 M M 1 M M
16 91 69 80 5 0 15 0.00 0.0 0 3.9 8 30 M M 1 11 20
17 93 72 83 8 0 18 0.00 0.0 0 3.1 10 300 M M 1 14 290
18 92 71 82 7 0 17 0.00 0.0 M 5.1 14 170 M M 1 18 160
19 88 67 78 3 0 13 0.00 0.0 M 5.0 13 170 M M 0 1 16 170
20 89 66 78 2 0 13 0.00 0.0 0 6.7 15 190 M M 0 22 180
21 79 55 67 -9 0 2 1.85 0.0 0 7.2 28 30 M M 5 123 34 30
22 78 51 65 -11 0 0 0.00 0.0 0 4.5 12 160 M M 0 18 150
23 84 55 70 -6 0 5 0.00 0.0 0 9.7 16 160 M M 0 21 150
24 89 67 78 2 0 13 0.00 0.0 0 9.1 17 160 M M 2 8 23 200
25 89 76 83 7 0 18 0.00 0.0 M 10.4 21 160 M M 2 27 160
26 87 74 81 4 0 16 T 0.0 M 8.2 20 170 M M 3 27 220
27 86 69 78 1 0 13 0.21 0.0 0 6.0 20 160 M M 4 13 26 260
28 86 67 77 0 0 12 0.01 0.0 0 7.0 16 140 M M 4 1 23 150
29 88 69 79 2 0 14 0.00 0.0 M 4.9 14 160 M M 2 17 160
30 86 69 78 1 0 13 0.03 0.0 M 3.5 14 160 M M 2 13 19 170
================================================================================
SM 2544 1937 7 307 3.92 0.0 160.5 M 84
================================================================================
AV 84.8 64.6 5.3 FASTST M M 3 MAX(MPH)
MISC ----> 28 30 34 30
================================================================================
NOTES:
# LAST OF SEVERAL OCCURRENCES
COLUMN 17 PEAK WIND IN M.P.H.
PRELIMINARY LOCAL CLIMATOLOGICAL DATA (WS FORM: F-6) , PAGE 2
STATION: HARRISON
MONTH: JUNE
YEAR: 2021
LATITUDE: 36 15 N
LONGITUDE: 93 9 W
[TEMPERATURE DATA] [PRECIPITATION DATA] SYMBOLS USED IN COLUMN 16
AVERAGE MONTHLY: 74.7 TOTAL FOR MONTH: 3.92 1 = FOG OR MIST
DPTR FM NORMAL: 0.3 DPTR FM NORMAL: 0.07 2 = FOG REDUCING VISIBILITY
HIGHEST: 93 ON 17 GRTST 24HR 1.85 ON 21-21 TO 1/4 MILE OR LESS
LOWEST: 51 ON 22 3 = THUNDER
SNOW, ICE PELLETS, HAIL 4 = ICE PELLETS
TOTAL MONTH: 0.0 INCH 5 = HAIL
GRTST 24HR 0.0 6 = FREEZING RAIN OR DRIZZLE
GRTST DEPTH: 0 7 = DUSTSTORM OR SANDSTORM:
VSBY 1/2 MILE OR LESS
8 = SMOKE OR HAZE
[NO. OF DAYS WITH] [WEATHER - DAYS WITH] 9 = BLOWING SNOW
X = TORNADO
MAX 32 OR BELOW: 0 0.01 INCH OR MORE: 6
MAX 90 OR ABOVE: 9 0.10 INCH OR MORE: 4
MIN 32 OR BELOW: 0 0.50 INCH OR MORE: 2
MIN 0 OR BELOW: 0 1.00 INCH OR MORE: 2
[HDD (BASE 65) ]
TOTAL THIS MO. 7 CLEAR (SCALE 0-3) 17
DPTR FM NORMAL 3 PTCLDY (SCALE 4-7) 12
TOTAL FM JUL 1 3967 CLOUDY (SCALE 8-10) 1
DPTR FM NORMAL 86
[CDD (BASE 65) ]
TOTAL THIS MO. 307
DPTR FM NORMAL 21 [PRESSURE DATA]
TOTAL FM JAN 1 385 HIGHEST SLP 30.16 ON 29
DPTR FM NORMAL -53 LOWEST SLP 29.69 ON 21
[REMARKS]
#FINAL-06-21#