000
CXUS54 KLZK 052008
CF6HRO
PRELIMINARY LOCAL CLIMATOLOGICAL DATA (WS FORM: F-6)
STATION: HARRISON
MONTH: APRIL
YEAR: 2021
LATITUDE: 36 15 N
LONGITUDE: 93 9 W
TEMPERATURE IN F: :PCPN: SNOW: WIND :SUNSHINE: SKY :PK WND
================================================================================
1 2 3 4 5 6A 6B 7 8 9 10 11 12 13 14 15 16 17 18
12Z AVG MX 2MIN
DY MAX MIN AVG DEP HDD CDD WTR SNW DPTH SPD SPD DIR MIN PSBL S-S WX SPD DR
================================================================================
1 55 33 44 -10 21 0 0.00 0.0 0 5.6 15 320 M M 0 21 330
2 63 29 46 -9 19 0 0.00 0.0 0 10.9 20 170 M M 2 8 24 170
3 71 38 55 0 10 0 0.00 0.0 0 8.6 16 160 M M 2 8 25 170
4 78 44 61 6 4 0 0.00 0.0 0 4.3 17 170 M M 0 8 21 150
5 78 52 65 9 0 0 0.00 0.0 0 7.3 20 150 M M 4 27 170
6 77 55 66 10 0 1 0.00 0.0 0 12.1 22 160 M M 4 28 190
7 69 49 59 3 6 0 0.03 0.0 0 13.0 23 180 M M 7 13 31 260
8 71 47 59 3 6 0 T 0.0 0 11.3 24 250 M M 5 35 240
9 83 55 69 12 0 4 0.02 0.0 0 9.6 26 290 M M 2 138 40 290
10 55 48 52 -5 13 0 0.00 0.0 0 9.2 20 250 M M 7 18 31 270
11 78 47 63 6 2 0 0.00 0.0 0 8.1 17 240 M M 0 26 250
12 77 48 63 5 2 0 0.06 0.0 0 6.9 14 320 M M 2 38 21 310
13 66 47 57 -1 8 0 0.17 0.0 0 6.9 16 30 M M 7 13 21 40
14 63 46 55 -3 10 0 0.55 0.0 0 4.3 13 30 M M 7 1 16 30
15 63 42 53 -5 12 0 0.00 0.0 0 3.9 12 350 M M 2 15 10
16 53 45 49 -9 16 0 0.15 0.0 0 5.0 21 150 M M 10 18 24 140
17 55 43 49 -10 16 0 0.00 0.0 0 5.9 15 290 M M 10 1 21 300
18 60 41 51 -8 14 0 0.00 0.0 0 8.3 18 310 M M 5 8 26 300
19 70 38 54 -5 11 0 0.00 0.0 0 5.2 14 270 M M 0 19 270
20 49 31 40 -20 25 0 0.02 T 0 7.3 16 340 M M 5 18 23 350
21 56 30 43 -17 22 0 0.00 0.0 0 6.5 17 310 M M 1 23 310
22 62 30 46 -14 19 0 0.00 0.0 0 4.3 14 110 M M 2 18 180
23 68 45 57 -3 8 0 0.59 0.0 0 10.3 20 140 M M 10 138 23 130
24 62 47 55 -5 10 0 1.04 0.0 0 7.2 16 330 M M 6 1 23 320
25 75 42 59 -2 6 0 0.00 0.0 0 8.7 18 150 M M 0 1 24 160
26 85 57 71 10 0 6 0.00 0.0 0 14.6 22 160 M M 0 31 170
27 77 63 70 9 0 5 0.00 0.0 0 9.8 20 170 M M 1 29 180
28 68 63 66 4 0 1 2.80 0.0 0 5.8 15 120 M M 10 13 25 270
29 73 52 63 1 2 0 0.39 0.0 0 5.8 14 320 M M 0 1 20 310
30 78 46 62 0 3 0 0.00 0.0 0 4.0 14 150 M M 0 18 160
================================================================================
SM 2038 1353 265 17 5.82 T 230.7 M 111
================================================================================
AV 67.9 45.1 7.7 FASTST M M 4 MAX(MPH)
MISC ----> 26 290 40 290
================================================================================
NOTES:
# LAST OF SEVERAL OCCURRENCES
COLUMN 17 PEAK WIND IN M.P.H.
PRELIMINARY LOCAL CLIMATOLOGICAL DATA (WS FORM: F-6) , PAGE 2
STATION: HARRISON
MONTH: APRIL
YEAR: 2021
LATITUDE: 36 15 N
LONGITUDE: 93 9 W
[TEMPERATURE DATA] [PRECIPITATION DATA] SYMBOLS USED IN COLUMN 16
AVERAGE MONTHLY: 56.5 TOTAL FOR MONTH: 5.82 1 = FOG OR MIST
DPTR FM NORMAL: -1.8 DPTR FM NORMAL: 0.84 2 = FOG REDUCING VISIBILITY
HIGHEST: 85 ON 26 GRTST 24HR 2.80 ON 28-28 TO 1/4 MILE OR LESS
LOWEST: 29 ON 2 3 = THUNDER
SNOW, ICE PELLETS, HAIL 4 = ICE PELLETS
TOTAL MONTH: T 5 = HAIL
GRTST 24HR T ON 20-20 6 = FREEZING RAIN OR DRIZZLE
GRTST DEPTH: 0 7 = DUSTSTORM OR SANDSTORM:
VSBY 1/2 MILE OR LESS
8 = SMOKE OR HAZE
[NO. OF DAYS WITH] [WEATHER - DAYS WITH] 9 = BLOWING SNOW
X = TORNADO
MAX 32 OR BELOW: 0 0.01 INCH OR MORE: 11
MAX 90 OR ABOVE: 0 0.10 INCH OR MORE: 7
MIN 32 OR BELOW: 4 0.50 INCH OR MORE: 4
MIN 0 OR BELOW: 0 1.00 INCH OR MORE: 2
[HDD (BASE 65) ]
TOTAL THIS MO. 265 CLEAR (SCALE 0-3) 16
DPTR FM NORMAL 33 PTCLDY (SCALE 4-7) 10
TOTAL FM JUL 1 3842 CLOUDY (SCALE 8-10) 4
DPTR FM NORMAL 37
[CDD (BASE 65) ]
TOTAL THIS MO. 17
DPTR FM NORMAL -14 [PRESSURE DATA]
TOTAL FM JAN 1 17 HIGHEST SLP 30.58 ON 1
DPTR FM NORMAL -23 LOWEST SLP 29.56 ON 9
[REMARKS]
#FINAL-04-21#