298
CXUS54 KLZK 251515
CF6HRO
PRELIMINARY LOCAL CLIMATOLOGICAL DATA (WS FORM: F-6)
STATION: HARRISON
MONTH: DECEMBER
YEAR: 2020
LATITUDE: 36 15 N
LONGITUDE: 93 9 W
TEMPERATURE IN F: :PCPN: SNOW: WIND :SUNSHINE: SKY :PK WND
================================================================================
1 2 3 4 5 6A 6B 7 8 9 10 11 12 13 14 15 16 17 18
12Z AVG MX 2MIN
DY MAX MIN AVG DEP HDD CDD WTR SNW DPTH SPD SPD DIR MIN PSBL S-S WX SPD DR
================================================================================
1 55 24 40 -2 25 0 0.00 0.0 0 7.2 15 150 M M 0 17 140
2 51 28 40 -2 25 0 T 0.0 0 6.2 21 140 M M 5 26 110
3 40 34 37 -4 28 0 0.12 T 0 5.3 18 140 M M 9 14 24 150
4 50 35 43 2 22 0 0.00 0.0 0 7.3 15 300 M M 3 1 22 270
5 61 37 49 9 16 0 0.00 0.0 0 6.0 12 330 M M 0 16 340
6 51 34 43 3 22 0 0.00 0.0 0 5.7 10 290 M M 0 8 15 310
7 55 32 44 4 21 0 0.00 0.0 0 7.0 14 330 M M 0 21 280
8 61 37 49 9 16 0 0.00 0.0 0 6.5 13 310 M M 0 19 310
9 73 47 60 21 5 0 0.00 0.0 0 6.3 14 270 M M 0 19 290
10 77 38 58 19 7 0 0.00 0.0 0 6.4 18 180 M M 0 25 190
11 58 41 50 11 15 0 0.40 0.0 0 8.5 20 260 M M 8 1 28 280
12 41 36 39 1 26 0 0.00 0.0 0 7.5 18 270 M M 10 29 280
13 36 32 34 -4 31 0 0.22 3.0 0 5.1 13 320 M M 10 1 20 330
14 35 22 29 -9 36 0 0.00 0.0 3 3.6 13 320 M M 4 1 20 290
15 28 18 23 -15 42 0 0.00 0.0 3 4.8 16 120 M M 6 1 19 100
16 33 26 30 -8 35 0 T T 1 6.5 13 320 M M 9 14 18 330
17 47 24 36 -1 29 0 0.00 0.0 T 3.7 10 280 M M 3 14 280
18 54 29 42 5 23 0 0.00 0.0 T 10.3 22 180 M M 1 30 190
19 53 34 44 7 21 0 0.00 0.0 0 5.5 15 180 M M 6 21 180
20 59 25 42 5 23 0 0.00 0.0 0 4.6 15 280 M M 0 1 21 290
21 63 43 53 16 12 0 0.00 0.0 0 7.4 18 280 M M 0 29 250
22 64 33 49 12 16 0 0.00 0.0 0 11.5 23 160 M M 0 32 170
23 65 27 46 10 19 0 0.01 0.0 0 14.2 24 320 M M 5 35 300
24 33 21 27 -9 38 0 0.00 0.0 0 12.1 23 300 M M 3 37 300
25 40 13 27 -9 38 0 0.00 0.0 0 6.8 16 320 M M 0 25 310
26 68 28 48 12 17 0 0.00 0.0 0 7.1 16 260 M M 0 24 270
27 64 41 53 17 12 0 0.00 0.0 0 10.8 22 180 M M 1 32 240
28 46 30 38 2 27 0 0.00 0.0 0 4.7 9 310 M M 0 15 320
29 48 31 40 4 25 0 0.06 0.0 0 14.0 25 160 M M 9 1236 32 160
30 54 32 43 7 22 0 0.77 0.0 0 7.4 22 170 M M 9 16 30 180
31 34 28 31 -5 34 0 0.65 0.0 0 6.8 14 70 M M 6 16 20 50
================================================================================
SM 1597 960 728 0 2.23 3.0 226.8 M 107
================================================================================
AV 51.5 31.0 7.3 FASTST M M 3 MAX(MPH)
MISC ----> 25 160 37 300
================================================================================
NOTES:
# LAST OF SEVERAL OCCURRENCES
COLUMN 17 PEAK WIND IN M.P.H.
PRELIMINARY LOCAL CLIMATOLOGICAL DATA (WS FORM: F-6) , PAGE 2
STATION: HARRISON
MONTH: DECEMBER
YEAR: 2020
LATITUDE: 36 15 N
LONGITUDE: 93 9 W
[TEMPERATURE DATA] [PRECIPITATION DATA] SYMBOLS USED IN COLUMN 16
AVERAGE MONTHLY: 41.2 TOTAL FOR MONTH: 2.23 1 = FOG OR MIST
DPTR FM NORMAL: 3.1 DPTR FM NORMAL: -0.97 2 = FOG REDUCING VISIBILITY
HIGHEST: 77 ON 10 GRTST 24HR 0.77 ON 30-30 TO 1/4 MILE OR LESS
LOWEST: 13 ON 25 3 = THUNDER
SNOW, ICE PELLETS, HAIL 4 = ICE PELLETS
TOTAL MONTH: 3.0 INCHES 5 = HAIL
GRTST 24HR 3.0 ON 13-13 6 = FREEZING RAIN OR DRIZZLE
GRTST DEPTH: 3 ON 15,14 7 = DUSTSTORM OR SANDSTORM:
VSBY 1/2 MILE OR LESS
8 = SMOKE OR HAZE
[NO. OF DAYS WITH] [WEATHER - DAYS WITH] 9 = BLOWING SNOW
X = TORNADO
MAX 32 OR BELOW: 1 0.01 INCH OR MORE: 7
MAX 90 OR ABOVE: 0 0.10 INCH OR MORE: 5
MIN 32 OR BELOW: 18 0.50 INCH OR MORE: 2
MIN 0 OR BELOW: 0 1.00 INCH OR MORE: 0
[HDD (BASE 65) ]
TOTAL THIS MO. 728 CLEAR (SCALE 0-3) 16
DPTR FM NORMAL -107 PTCLDY (SCALE 4-7) 9
TOTAL FM JUL 1 1407 CLOUDY (SCALE 8-10) 6
DPTR FM NORMAL -192
[CDD (BASE 65) ]
TOTAL THIS MO. 0
DPTR FM NORMAL 0 [PRESSURE DATA]
TOTAL FM JAN 1 1404 HIGHEST SLP 30.42 ON 28
DPTR FM NORMAL -12 LOWEST SLP 29.64 ON 23
[REMARKS]
#FINAL-12-20#