000
CXUS54 KLZK 011905
CF6HRO
PRELIMINARY LOCAL CLIMATOLOGICAL DATA (WS FORM: F-6)
STATION: Harrison
MONTH: JULY
YEAR: 2020
LATITUDE: 36 15 N
LONGITUDE: 93 9 W
TEMPERATURE IN F: :PCPN: SNOW: WIND :SUNSHINE: SKY :PK WND
================================================================================
1 2 3 4 5 6A 6B 7 8 9 10 11 12 13 14 15 16 17 18
12Z AVG MX 2MIN
DY MAX MIN AVG DEP HDD CDD WTR SNW DPTH SPD SPD DIR MIN PSBL S-S WX SPD DR
================================================================================
1 85 72 79 2 0 14 T 0.0 0 7.0 18 60 M M 3 3 25 120
2 94 69 82 5 0 17 0.34 0.0 0 5.9 18 330 M M 2 123 29 330
3 89 65 77 0 0 12 T 0.0 0 3.3 18 40 M M 1 3 23 40
4 87 67 77 0 0 12 0.15 0.0 0 4.0 23 60 M M 2 123 30 60
5 88 65 77 -1 0 12 0.00 0.0 0 4.5 13 120 M M 3 12 16 110
6 88 68 78 0 0 13 0.00 0.0 0 4.4 14 130 M M 1 1 19 110
7 89 68 79 1 0 14 0.00 0.0 0 2.8 16 190 M M 2 13 26 160
8 89 67 78 0 0 13 0.00 0.0 0 3.9 12 160 M M 1 12 16 140
9 86 69 78 0 0 13 0.33 0.0 0 5.8 21 170 M M 2 13 26 290
10 89 69 79 1 0 14 0.00 0.0 0 2.9 9 280 M M 1 12 290
11 94 70 82 4 0 17 0.00 0.0 0 4.0 12 260 M M 0 1 14 260
12 89 65 77 -1 0 12 0.00 0.0 0 7.2 20 280 M M 1 27 290
13 84 62 73 -5 0 8 0.00 0.0 0 6.6 13 160 M M 0 M M
14 92 69 81 3 0 16 0.00 0.0 0 10.7 20 150 M M 1 25 150
15 93 74 84 6 0 19 0.00 0.0 0 6.1 21 160 M M 0 26 160
16 91 70 81 3 0 16 0.00 0.0 0 5.3 16 150 M M 2 20 140
17 92 74 83 4 0 18 0.08 0.0 0 6.8 18 150 M M 2 1 22 170
18 90 71 81 2 0 16 0.00 0.0 0 6.5 16 160 M M 1 21 170
19 93 73 83 4 0 18 0.00 0.0 0 4.5 14 250 M M 1 18 250
20 95 70 83 4 0 18 0.00 0.0 0 4.6 13 170 M M 1 16 160
21 90 73 82 3 0 17 T 0.0 0 6.3 17 180 M M 2 3 24 180
22 89 69 79 0 0 14 T 0.0 0 3.7 13 190 M M 2 3 18 190
23 93 67 80 1 0 15 T 0.0 0 6.0 15 140 M M 2 1 26 160
24 94 70 82 3 0 17 0.00 0.0 0 5.3 16 140 M M 2 19 110
25 90 69 80 1 0 15 0.00 0.0 0 6.2 16 150 M M 2 20 170
26 92 69 81 2 0 16 0.00 0.0 0 4.9 14 170 M M 2 19 160
27 90 71 81 2 0 16 0.08 0.0 0 5.1 13 340 M M 3 1 17 330
28 88 70 79 0 0 14 0.54 0.0 0 3.5 15 160 M M 4 13 25 180
29 80 71 76 -3 0 11 0.54 0.0 0 6.1 14 170 M M 5 13 18 160
30 88 70 79 0 0 14 0.07 0.0 0 6.7 17 260 M M 2 1 24 230
31 81 65 73 -6 0 8 0.19 0.0 0 8.2 16 330 M M 8 18 25 340
================================================================================
SM 2772 2141 0 449 2.32 0.0 168.8 M 61
================================================================================
AV 89.4 69.1 5.4 FASTST M M 2 MAX(MPH)
MISC ----> # 23 60 # 30 60
================================================================================
NOTES:
# LAST OF SEVERAL OCCURRENCES
COLUMN 17 PEAK WIND IN M.P.H.
PRELIMINARY LOCAL CLIMATOLOGICAL DATA (WS FORM: F-6) , PAGE 2
STATION: Harrison
MONTH: JULY
YEAR: 2020
LATITUDE: 36 15 N
LONGITUDE: 93 9 W
[TEMPERATURE DATA] [PRECIPITATION DATA] SYMBOLS USED IN COLUMN 16
AVERAGE MONTHLY: 79.2 TOTAL FOR MONTH: 2.32 1 = FOG OR MIST
DPTR FM NORMAL: 0.8 DPTR FM NORMAL: -0.82 2 = FOG REDUCING VISIBILITY
HIGHEST: 95 ON 20 GRTST 24HR 0.54 ON 29-29 TO 1/4 MILE OR LESS
LOWEST: 62 ON 13 3 = THUNDER
SNOW, ICE PELLETS, HAIL 4 = ICE PELLETS
TOTAL MONTH: 0.0 INCH 5 = HAIL
GRTST 24HR 0.0 6 = FREEZING RAIN OR DRIZZLE
GRTST DEPTH: 0 7 = DUSTSTORM OR SANDSTORM:
VSBY 1/2 MILE OR LESS
8 = SMOKE OR HAZE
[NO. OF DAYS WITH] [WEATHER - DAYS WITH] 9 = BLOWING SNOW
X = TORNADO
MAX 32 OR BELOW: 0 0.01 INCH OR MORE: 9
MAX 90 OR ABOVE: 15 0.10 INCH OR MORE: 6
MIN 32 OR BELOW: 0 0.50 INCH OR MORE: 2
MIN 0 OR BELOW: 0 1.00 INCH OR MORE: 0
[HDD (BASE 65) ]
TOTAL THIS MO. 0 CLEAR (SCALE 0-3) 26
DPTR FM NORMAL 0 PTCLDY (SCALE 4-7) 5
TOTAL FM JUL 1 0 CLOUDY (SCALE 8-10) 0
DPTR FM NORMAL 0
[CDD (BASE 65) ]
TOTAL THIS MO. 449
DPTR FM NORMAL 35 [PRESSURE DATA]
TOTAL FM JAN 1 868 HIGHEST SLP 30.13 ON 17
DPTR FM NORMAL 50 LOWEST SLP 29.75 ON 31
[REMARKS]
#FINAL-07-20#