000
CXUS54 KLZK 012033
CF6HRO
PRELIMINARY LOCAL CLIMATOLOGICAL DATA (WS FORM: F-6)
STATION: Harrison
MONTH: FEBRUARY
YEAR: 2020
LATITUDE: 36 15 N
LONGITUDE: 93 9 W
TEMPERATURE IN F: :PCPN: SNOW: WIND :SUNSHINE: SKY :PK WND
================================================================================
1 2 3 4 5 6A 6B 7 8 9 10 11 12 13 14 15 16 17 18
12Z AVG MX 2MIN
DY MAX MIN AVG DEP HDD CDD WTR SNW DPTH SPD SPD DIR MIN PSBL S-S WX SPD DR
================================================================================
1 53 33 43 5 22 0 0.00 0.0 0 6.1 14 250 M M 0 22 260
2 81 53 67 29 0 2 0.00 0.0 0 9.2 18 260 M M 0 30 270
3 69 57 63 25 2 0 T 0.0 0 10.3 24 170 M M 2 35 170
4 59 35 47 9 18 0 1.72 0.0 0 6.7 14 270 M M 10 12 18 260
5 35 31 33 -5 32 0 0.44 0.0 0 7.5 13 320 M M 10 168 19 310
6 30 23 27 -12 38 0 T 0.3 T 7.0 12 310 M M 9 M M
7 48 24 36 -3 29 0 0.00 0.0 0 5.0 15 260 M M 4 21 260
8 51 28 40 1 25 0 0.00 0.0 0 6.1 14 140 M M 1 18 120
9 58 42 50 11 15 0 0.08 0.0 0 13.9 25 160 M M 8 1 33 160
10 50 34 42 3 23 0 0.09 T 0 6.1 14 330 M M 8 134 19 340
11 42 33 38 -2 27 0 0.01 0.0 0 5.5 12 140 M M 8 1 14 320
12 40 33 37 -3 28 0 0.97 0.0 0 7.8 17 320 M M 10 1 23 330
13 34 17 26 -14 39 0 0.01 T 0 9.6 17 330 M M 5 1 25 310
14 38 11 25 -15 40 0 0.00 0.0 0 8.0 18 150 M M 1 23 160
15 54 23 39 -1 26 0 0.00 0.0 0 10.1 23 150 M M 5 27 150
16 59 33 46 5 19 0 0.00 0.0 0 6.8 17 150 M M 6 24 160
17 60 50 55 14 10 0 0.01 0.0 0 7.8 16 170 M M 10 1 21 170
18 54 30 42 1 23 0 0.01 0.0 0 7.1 16 350 M M 6 12 22 340
19 50 26 38 -3 27 0 0.00 0.0 0 5.9 15 130 M M 1 22 100
20 42 23 33 -9 32 0 T M 0 9.9 18 20 M M 6 24 20
21 45 14 30 -12 35 0 0.00 0.0 0 3.5 9 140 M M 0 14 130
22 57 22 40 -2 25 0 0.00 0.0 0 8.4 17 160 M M 0 8 23 160
23 50 40 45 3 20 0 0.27 0.0 0 7.9 14 120 M M 9 1 17 140
24 63 42 53 10 12 0 0.14 M 0 10.9 21 260 M M 10 1 29 180
25 44 36 40 -3 25 0 0.01 M 0 8.3 13 350 M M 10 1 19 300
26 36 28 32 -11 33 0 T M 0 9.6 18 330 M M 8 1 26 320
27 49 23 36 -8 29 0 0.00 0.0 0 6.6 14 310 M M 6 21 250
28 57 31 44 0 21 0 T 0.0 0 8.3 23 310 M M 4 33 300
29 67 32 50 6 15 0 0.00 0.0 0 8.2 16 150 M M 0 22 150
================================================================================
SM 1475 907 690 2 3.76 0.3 228.1 M 157
================================================================================
AV 50.9 31.3 7.9 FASTST M M 5 MAX(MPH)
MISC ----> # 25 160 # 35 170
================================================================================
NOTES:
# LAST OF SEVERAL OCCURRENCES
COLUMN 17 PEAK WIND IN M.P.H.
PRELIMINARY LOCAL CLIMATOLOGICAL DATA (WS FORM: F-6) , PAGE 2
STATION: Harrison
MONTH: FEBRUARY
YEAR: 2020
LATITUDE: 36 15 N
LONGITUDE: 93 9 W
[TEMPERATURE DATA] [PRECIPITATION DATA] SYMBOLS USED IN COLUMN 16
AVERAGE MONTHLY: 41.1 TOTAL FOR MONTH: 3.76 1 = FOG OR MIST
DPTR FM NORMAL: 0.6 DPTR FM NORMAL: 1.12 2 = FOG REDUCING VISIBILITY
HIGHEST: 81 ON 2 GRTST 24HR 1.72 ON 4- 4 TO 1/4 MILE OR LESS
LOWEST: 11 ON 14 3 = THUNDER
SNOW, ICE PELLETS, HAIL 4 = ICE PELLETS
TOTAL MONTH: 0.3 INCH 5 = HAIL
GRTST 24HR 0.3 ON 6- 6 6 = FREEZING RAIN OR DRIZZLE
GRTST DEPTH: T 7 = DUSTSTORM OR SANDSTORM:
VSBY 1/2 MILE OR LESS
8 = SMOKE OR HAZE
[NO. OF DAYS WITH] [WEATHER - DAYS WITH] 9 = BLOWING SNOW
X = TORNADO
MAX 32 OR BELOW: 1 0.01 INCH OR MORE: 12
MAX 90 OR ABOVE: 0 0.10 INCH OR MORE: 5
MIN 32 OR BELOW: 16 0.50 INCH OR MORE: 2
MIN 0 OR BELOW: 0 1.00 INCH OR MORE: 1
[HDD (BASE 65) ]
TOTAL THIS MO. 690 CLEAR (SCALE 0-3) 9
DPTR FM NORMAL 4 PTCLDY (SCALE 4-7) 9
TOTAL FM JUL 1 2981 CLOUDY (SCALE 8-10) 11
DPTR FM NORMAL -212
[CDD (BASE 65) ]
TOTAL THIS MO. 2
DPTR FM NORMAL 2 [PRESSURE DATA]
TOTAL FM JAN 1 2 HIGHEST SLP 30.73 ON 21
DPTR FM NORMAL 2 LOWEST SLP 29.49 ON 24
[REMARKS]
#FINAL-02-20#