000
CXUS52 KMHX 010700
CF6HSE
PRELIMINARY LOCAL CLIMATOLOGICAL DATA (WS FORM: F-6)
STATION: CAPE HATTERAS NC
MONTH: DECEMBER
YEAR: 2021
LATITUDE: 35 13 N
LONGITUDE: 75 37 W
TEMPERATURE IN F: :PCPN: SNOW: WIND :SUNSHINE: SKY :PK WND
================================================================================
1 2 3 4 5 6A 6B 7 8 9 10 11 12 13 14 15 16 17 18
12Z AVG MX 2MIN
DY MAX MIN AVG DEP HDD CDD WTR SNW DPTH SPD SPD DIR MIN PSBL S-S WX SPD DR
================================================================================
1 62 48 55 0 10 0 0.00 0.0 0 4.6 9 250 M M 0 16 260
2 68 57 63 8 2 0 0.00 0.0 0 9.3 16 240 M M 1 26 230
3 62 52 57 3 8 0 0.00 0.0 0 6.3 13 270 M M 0 22 260
4 73 55 64 10 1 0 0.00 0.0 0 6.5 13 240 M M 1 1 17 240
5 64 55 60 6 5 0 0.47 0.0 0 7.5 14 40 M M 4 13 22 50
6 72 55 64 10 1 0 T 0.0 0 8.0 20 230 M M 4 18 29 220
7 65 50 58 4 7 0 T 0.0 0 9.1 17 40 M M 9 8 29 40
8 59 44 52 -2 13 0 1.05 0.0 0 6.9 12 330 M M 9 1 23 10
9 51 42 47 -6 18 0 0.00 0.0 0 5.7 12 30 M M 0 19 30
10 70 44 57 4 8 0 T 0.0 0 10.5 18 190 M M 6 25 190
11 70 66 68 15 0 3 0.21 0.0 0 12.0 20 210 M M 9 18 27 210
12 68 42 55 2 10 0 0.09 0.0 0 9.7 17 10 M M 4 1 33 10
13 56 42 49 -4 16 0 0.00 0.0 0 4.3 8 360 M M 0 13 20
14 57 40 49 -3 16 0 0.00 0.0 0 4.7 9 20 M M 0 1 17 360
15 69 53 61 9 4 0 0.00 0.0 0 5.2 9 20 M M 2 13 30
16 70 53 62 10 3 0 0.00 0.0 0 3.7 9 250 M M 2 8 14 250
17 70 63 67 15 0 2 0.00 0.0 0 6.9 12 240 M M 3 18 18 250
18 72 60 66 14 0 1 0.00 0.0 0 8.6 16 240 M M 1 18 24 240
19 69 47 58 6 7 0 0.51 0.0 0 11.9 21 20 M M 7 1 36 360
20 53 47 50 -1 15 0 0.00 0.0 0 10.8 16 30 M M 2 32 20
21 63 51 57 6 8 0 0.42 0.0 0 7.1 20 140 M M 8 18 24 130
22 58 40 49 -2 16 0 0.24 0.0 0 7.1 15 300 M M 7 1 26 330
23 48 32 40 -11 25 0 0.00 0.0 0 7.5 14 30 M M 0 23 20
24 62 31 47 -4 18 0 0.00 0.0 0 10.9 20 250 M M 0 33 240
25 67 60 64 14 1 0 0.00 0.0 0 18.1 26 240 M M 0 8 41 240
26 64 47 56 6 9 0 0.00 0.0 0 5.8 15 260 M M 0 8 29 260
27 72 52 62 12 3 0 0.00 0.0 0 8.2 16 250 M M 1 8 23 240
28 68 61 65 15 0 0 0.00 0.0 0 8.9 21 230 M M 3 18 28 240
29 72 66 69 19 0 4 0.00 0.0 0 12.5 21 240 M M 1 18 31 240
30 73 59 66 16 0 1 0.02 0.0 0 8.1 21 240 M M 5 18 29 240
31 68 58 63 13 2 0 0.17 0.0 0 6.2 14 210 M M 9 1 20 200
================================================================================
SM 2015 1572 226 11 3.18 0.0 252.6 M 98
================================================================================
AV 65.0 50.7 8.1 FASTST M M 3 MAX(MPH)
MISC ----> 26 240 41 240
================================================================================
NOTES:
# LAST OF SEVERAL OCCURRENCES
COLUMN 17 PEAK WIND IN M.P.H.
PRELIMINARY LOCAL CLIMATOLOGICAL DATA (WS FORM: F-6) , PAGE 2
STATION: CAPE HATTERAS NC
MONTH: DECEMBER
YEAR: 2021
LATITUDE: 35 13 N
LONGITUDE: 75 37 W
[TEMPERATURE DATA] [PRECIPITATION DATA] SYMBOLS USED IN COLUMN 16
AVERAGE MONTHLY: 57.9 TOTAL FOR MONTH: 3.18 1 = FOG OR MIST
DPTR FM NORMAL: 5.8 DPTR FM NORMAL: -1.55 2 = FOG REDUCING VISIBILITY
HIGHEST: 73 ON 30, 4 GRTST 24HR 1.05 ON 7- 8 TO 1/4 MILE OR LESS
LOWEST: 31 ON 24 3 = THUNDER
SNOW, ICE PELLETS, HAIL 4 = ICE PELLETS
TOTAL MONTH: 0.0 INCH 5 = HAIL
GRTST 24HR 0.0 6 = FREEZING RAIN OR DRIZZLE
GRTST DEPTH: 0 7 = DUSTSTORM OR SANDSTORM:
VSBY 1/2 MILE OR LESS
8 = SMOKE OR HAZE
[NO. OF DAYS WITH] [WEATHER - DAYS WITH] 9 = BLOWING SNOW
X = TORNADO
MAX 32 OR BELOW: 0 0.01 INCH OR MORE: 9
MAX 90 OR ABOVE: 0 0.10 INCH OR MORE: 7
MIN 32 OR BELOW: 2 0.50 INCH OR MORE: 2
MIN 0 OR BELOW: 0 1.00 INCH OR MORE: 1
[HDD (BASE 65) ]
TOTAL THIS MO. 226 CLEAR (SCALE 0-3) 17
DPTR FM NORMAL -180 PTCLDY (SCALE 4-7) 10
TOTAL FM JUL 1 492 CLOUDY (SCALE 8-10) 4
DPTR FM NORMAL -179
[CDD (BASE 65) ]
TOTAL THIS MO. 11
DPTR FM NORMAL 5 [PRESSURE DATA]
TOTAL FM JAN 1 2170 HIGHEST SLP M ON M
DPTR FM NORMAL 43 LOWEST SLP 29.47 ON 22
[REMARKS]
#FINAL-12-21#