000
CXUS51 KRLX 011821
CF6HTS
PRELIMINARY LOCAL CLIMATOLOGICAL DATA (WS FORM: F-6)
STATION: HUNTINGTON WV
MONTH: MARCH
YEAR: 2023
LATITUDE: 38 22 N
LONGITUDE: 82 33 W
TEMPERATURE IN F: :PCPN: SNOW: WIND :SUNSHINE: SKY :PK WND
================================================================================
1 2 3 4 5 6A 6B 7 8 9 10 11 12 13 14 15 16 17 18
12Z AVG MX 2MIN
DY MAX MIN AVG DEP HDD CDD WTR SNW DPTH SPD SPD DIR MIN PSBL S-S WX SPD DR
================================================================================
1 80 38 59 17 6 0 0.19 0.0 0 7.6 21 240 M M 0 3 30 300
2 61 46 54 12 11 0 0.18 0.0 0 5.2 18 260 M M 4 1 27 260
3 71 41 56 14 9 0 0.49 0.0 0 14.1 35 220 M M 8 1 56 230
4 57 39 48 5 17 0 T 0.0 0 5.5 31 250 M M 6 49 260
5 62 30 46 3 19 0 0.00 0.0 0 2.8 9 40 M M 0 13 10
6 77 34 56 13 9 0 0.00 0.0 0 7.2 20 230 M M 1 28 250
7 65 36 51 7 14 0 0.00 0.0 0 9.1 16 340 M M 4 22 320
8 50 29 40 -4 25 0 0.00 0.0 0 4.7 15 40 M M 0 20 40
9 57 31 44 0 21 0 0.01 0.0 0 6.0 12 50 M M 1 15 60
10 48 36 42 -2 23 0 0.25 0.0 0 8.9 22 270 M M 10 1 30 240
11 42 34 38 -7 27 0 0.00 0.0 0 6.9 14 350 M M 7 17 360
12 39 35 37 -8 28 0 0.02 T 0 6.1 14 50 M M 10 18 17 40
13 39 31 35 -10 30 0 T T 0 7.8 16 250 M M 10 18 23 290
14 34 27 31 -15 34 0 0.02 0.2 0 10.5 16 320 M M 10 8 26 330
15 51 26 39 -7 26 0 0.00 0.0 0 3.0 12 300 M M 2 15 280
16 65 25 45 -1 20 0 T 0.0 0 5.8 16 190 M M 1 25 180
17 60 35 48 1 17 0 0.14 0.0 0 9.5 20 280 M M 10 1 30 280
18 45 24 35 -12 30 0 0.00 0.0 0 10.4 24 240 M M 5 36 230
19 36 21 29 -18 36 0 0.00 0.0 0 6.3 15 320 M M 6 19 330
20 50 19 35 -13 30 0 0.00 0.0 0 3.6 12 180 M M 0 15 190
21 63 25 44 -4 21 0 0.00 0.0 0 3.4 18 230 M M 2 29 250
22 58 47 53 5 12 0 0.04 0.0 0 6.5 18 230 M M 10 18 26 220
23 79 56 68 19 0 3 T 0.0 0 12.0 23 240 M M 9 32 230
24 68 48 58 9 7 0 0.61 0.0 0 4.7 31 330 M M 9 12 46 350
25 74 50 62 13 3 0 0.44 0.0 0 13.2 39 240 M M 4 12 58 230
26 67 37 52 2 13 0 0.00 0.0 0 3.5 8 110 M M 0 8 110
27 67 43 55 5 10 0 0.04 0.0 0 5.1 16 290 M M 3 3 24 320
28 56 39 48 -2 17 0 T 0.0 0 5.6 14 340 M M 3 22 330
29 60 30 45 -6 20 0 0.00 0.0 0 5.3 17 250 M M 0 1 24 260
30 62 34 48 -3 17 0 0.00 0.0 0 4.8 10 10 M M 0 16 30
31 64 42 53 1 12 0 0.81 0.0 0 8.4 35 190 M M 6 13 48 180
================================================================================
SM 1807 1088 564 3 3.24 0.2 213.5 M 141
================================================================================
AV 58.3 35.1 6.9 FASTST M M 5 MAX(MPH)
MISC ----> 39 240 58 230
================================================================================
NOTES:
# LAST OF SEVERAL OCCURRENCES
COLUMN 17 PEAK WIND IN M.P.H.
PRELIMINARY LOCAL CLIMATOLOGICAL DATA (WS FORM: F-6) , PAGE 2
STATION: HUNTINGTON WV
MONTH: MARCH
YEAR: 2023
LATITUDE: 38 22 N
LONGITUDE: 82 33 W
[TEMPERATURE DATA] [PRECIPITATION DATA] SYMBOLS USED IN COLUMN 16
AVERAGE MONTHLY: 46.7 TOTAL FOR MONTH: 3.24 1 = FOG OR MIST
DPTR FM NORMAL: 0.3 DPTR FM NORMAL: -0.92 2 = FOG REDUCING VISIBILITY
HIGHEST: 80 ON 1 GRTST 24HR 0.81 ON 31-31 TO 1/4 MILE OR LESS
LOWEST: 19 ON 20 3 = THUNDER
SNOW, ICE PELLETS, HAIL 4 = ICE PELLETS
TOTAL MONTH: 0.2 INCH 5 = HAIL
GRTST 24HR 0.2 ON 14-14 6 = FREEZING RAIN OR DRIZZLE
GRTST DEPTH: 0 7 = DUSTSTORM OR SANDSTORM:
VSBY 1/2 MILE OR LESS
8 = SMOKE OR HAZE
[NO. OF DAYS WITH] [WEATHER - DAYS WITH] 9 = BLOWING SNOW
X = TORNADO
MAX 32 OR BELOW: 0 0.01 INCH OR MORE: 13
MAX 90 OR ABOVE: 0 0.10 INCH OR MORE: 8
MIN 32 OR BELOW: 12 0.50 INCH OR MORE: 2
MIN 0 OR BELOW: 0 1.00 INCH OR MORE: 0
[HDD (BASE 65) ]
TOTAL THIS MO. 564 CLEAR (SCALE 0-3) 14
DPTR FM NORMAL -17 PTCLDY (SCALE 4-7) 9
TOTAL FM JUL 1 3480 CLOUDY (SCALE 8-10) 8
DPTR FM NORMAL -469
[CDD (BASE 65) ]
TOTAL THIS MO. 3
DPTR FM NORMAL -3 [PRESSURE DATA]
TOTAL FM JAN 1 6 HIGHEST SLP 30.49 ON 8
DPTR FM NORMAL 0 LOWEST SLP 29.02 ON 3
[REMARKS]
#FINAL-03-23#