000
CXUS51 KRLX 030200
CF6HTS
PRELIMINARY LOCAL CLIMATOLOGICAL DATA (WS FORM: F-6)
STATION: HUNTINGTON WV
MONTH: JULY
YEAR: 2022
LATITUDE: 38 22 N
LONGITUDE: 82 33 W
TEMPERATURE IN F: :PCPN: SNOW: WIND :SUNSHINE: SKY :PK WND
================================================================================
1 2 3 4 5 6A 6B 7 8 9 10 11 12 13 14 15 16 17 18
12Z AVG MX 2MIN
DY MAX MIN AVG DEP HDD CDD WTR SNW DPTH SPD SPD DIR MIN PSBL S-S WX SPD DR
================================================================================
1 90 73 82 6 0 17 0.01 0.0 0 5.7 17 210 M M 3 3 27 210
2 91 72 82 6 0 17 0.06 0.0 0 3.9 14 190 M M 3 13 17 180
3 87 68 78 2 0 13 0.11 0.0 0 3.1 10 50 M M 5 1 14 70
4 91 62 77 1 0 12 0.00 0.0 0 2.4 12 110 M M 1 128 16 100
5 85 71 78 2 0 13 1.48 0.0 0 5.1 26 20 M M 2 138 39 30
6 89 71 80 4 0 15 0.23 0.0 0 5.1 25 330 M M 3 138 40 350
7 85 71 78 2 0 13 0.00 0.0 0 2.6 9 10 M M 6 128 12 350
8 86 69 78 2 0 13 0.87 0.0 0 2.4 22 300 M M 5 1238 35 310
9 74 68 71 -5 0 6 0.44 0.0 0 3.7 12 50 M M 9 128 17 30
10 85 66 76 0 0 11 0.00 0.0 0 5.2 13 90 M M 2 16 110
11 86 62 74 -3 0 9 0.00 0.0 0 3.6 10 190 M M 0 1 14 230
12 87 71 79 2 0 14 0.03 0.0 0 5.8 14 230 M M 3 13 20 220
13 86 64 75 -2 0 10 0.00 0.0 0 3.1 8 250 M M 2 1 13 250
14 86 68 77 0 0 12 0.00 0.0 0 2.8 12 320 M M 4 17 30
15 86 64 75 -2 0 10 0.00 0.0 0 2.5 10 120 M M 2 1 12 120
16 87 69 78 1 0 13 0.01 0.0 0 4.3 13 180 M M 6 1 17 170
17 85 70 78 1 0 13 0.13 0.0 0 7.2 20 280 M M 5 13 29 280
18 78 70 74 -3 0 9 1.11 0.0 0 5.4 12 200 M M 7 13 19 270
19 85 71 78 2 0 13 0.00 0.0 0 4.0 9 220 M M 5 1 12 250
20 90 67 79 3 0 14 T 0.0 0 6.2 14 210 M M 2 1 20 190
21 87 71 79 3 0 14 0.98 0.0 0 5.4 26 280 M M 4 13 40 280
22 90 68 79 3 0 14 0.00 0.0 0 4.9 12 200 M M 0 1 16 200
23 92 70 81 5 0 16 0.13 0.0 0 4.9 22 20 M M 1 13 29 360
24 90 68 79 3 0 14 0.00 0.0 0 6.4 14 230 M M 1 19 240
25 83 75 79 3 0 14 T 0.0 0 5.0 12 260 M M 4 17 270
26 78 73 76 0 0 11 0.44 0.0 0 3.9 12 190 M M 9 1 16 200
27 82 71 77 1 0 12 0.96 0.0 0 5.1 20 340 M M 7 123 27 290
28 86 71 79 3 0 14 0.10 0.0 0 6.1 14 240 M M 5 1 21 230
29 84 70 77 1 0 12 0.09 0.0 0 4.8 16 290 M M 6 18 26 290
30 82 62 72 -4 0 7 0.00 0.0 0 1.6 7 40 M M 1 1 10 60
31 72 65 69 -7 0 4 2.23 0.0 0 2.4 12 360 M M 8 1238 17 280
================================================================================
SM 2645 2131 0 379 9.41 0.0 134.6 M 121
================================================================================
AV 85.3 68.7 4.3 FASTST M M 4 MAX(MPH)
MISC ----> # 26 20 # 40 350
================================================================================
NOTES:
# LAST OF SEVERAL OCCURRENCES
COLUMN 17 PEAK WIND IN M.P.H.
PRELIMINARY LOCAL CLIMATOLOGICAL DATA (WS FORM: F-6) , PAGE 2
STATION: HUNTINGTON WV
MONTH: JULY
YEAR: 2022
LATITUDE: 38 22 N
LONGITUDE: 82 33 W
[TEMPERATURE DATA] [PRECIPITATION DATA] SYMBOLS USED IN COLUMN 16
AVERAGE MONTHLY: 77.0 TOTAL FOR MONTH: 9.41 1 = FOG OR MIST
DPTR FM NORMAL: 0.6 DPTR FM NORMAL: 4.33 2 = FOG REDUCING VISIBILITY
HIGHEST: 92 ON 23 GRTST 24HR 2.23 ON 31-31 TO 1/4 MILE OR LESS
LOWEST: 62 ON 30,11 3 = THUNDER
SNOW, ICE PELLETS, HAIL 4 = ICE PELLETS
TOTAL MONTH: 0.0 INCH 5 = HAIL
GRTST 24HR 0.0 6 = FREEZING RAIN OR DRIZZLE
GRTST DEPTH: 0 7 = DUSTSTORM OR SANDSTORM:
VSBY 1/2 MILE OR LESS
8 = SMOKE OR HAZE
[NO. OF DAYS WITH] [WEATHER - DAYS WITH] 9 = BLOWING SNOW
X = TORNADO
MAX 32 OR BELOW: 0 0.01 INCH OR MORE: 18
MAX 90 OR ABOVE: 7 0.10 INCH OR MORE: 13
MIN 32 OR BELOW: 0 0.50 INCH OR MORE: 6
MIN 0 OR BELOW: 0 1.00 INCH OR MORE: 3
[HDD (BASE 65) ]
TOTAL THIS MO. 0 CLEAR (SCALE 0-3) 14
DPTR FM NORMAL 0 PTCLDY (SCALE 4-7) 15
TOTAL FM JUL 1 0 CLOUDY (SCALE 8-10) 2
DPTR FM NORMAL 0
[CDD (BASE 65) ]
TOTAL THIS MO. 379
DPTR FM NORMAL 25 [PRESSURE DATA]
TOTAL FM JAN 1 798 HIGHEST SLP 30.21 ON 30
DPTR FM NORMAL 60 LOWEST SLP 29.68 ON 21
[REMARKS]
#FINAL-07-22#