000
CXUS56 KMTR 010900
CF6HWD
PRELIMINARY LOCAL CLIMATOLOGICAL DATA (WS FORM: F-6)
STATION: HAYWARD AIRPORT
MONTH: APRIL
YEAR: 2023
LATITUDE: 37 39 N
LONGITUDE: 122 7 W
TEMPERATURE IN F: :PCPN: SNOW: WIND :SUNSHINE: SKY :PK WND
================================================================================
1 2 3 4 5 6A 6B 7 8 9 10 11 12 13 14 15 16 17 18
12Z AVG MX 2MIN
DY MAX MIN AVG DEP HDD CDD WTR SNW DPTH SPD SPD DIR MIN PSBL S-S WX SPD DR
================================================================================
1 62 41 52 -5 13 0 0.00 M M 7.1 17 300 M M 1 22 290
2 58 47 53 -4 12 0 0.01 M M 13.2 22 280 M M 6 1 31 270
3 59 43 51 -6 14 0 0.00 M M 15.4 29 290 M M 1 50 290
4 58 37 48 -9 17 0 0.00 M M 7.4 20 280 M M 1 26 290
5 59 41 50 -7 15 0 0.00 M M 6.3 16 280 M M 0 23 290
6 63 43 53 -4 12 0 T M M 6.3 18 290 M M 3 21 280
7 61 51 56 -2 9 0 0.11 M M 9.1 17 150 M M 10 23 170
8 66 49 58 0 7 0 0.00 M M 5.0 15 290 M M 5 20 280
9 73 46 60 2 5 0 0.00 M M 5.4 14 280 M M 0 18 290
10 73 50 62 4 3 0 0.00 M M 5.9 22 290 M M 3 29 290
11 63 49 56 -2 9 0 T M M 10.6 23 280 M M 4 1 33 280
12 59 47 53 -5 12 0 0.00 M M 9.5 21 270 M M 0 28 260
13 63 41 52 -6 13 0 0.00 M M 8.5 21 290 M M 0 27 280
14 59 49 54 -4 11 0 0.00 M M 9.2 16 280 M M 5 23 290
15 61 48 55 -3 10 0 0.00 M M 8.5 17 290 M M 5 23 280
16 60 48 54 -4 11 0 0.00 M M 11.4 21 290 M M 5 26 290
17 59 49 54 -4 11 0 0.02 M M 12.1 20 280 M M 7 26 290
18 59 46 53 -5 12 0 0.00 M M 9.3 17 280 M M 3 24 300
19 62 46 54 -4 11 0 0.00 M M 8.8 21 290 M M 1 27 290
20 66 44 55 -3 10 0 0.00 M M 7.1 16 280 M M 0 22 280
21 74 49 62 3 3 0 0.00 M M 5.1 17 270 M M 0 22 270
22 73 53 63 4 2 0 0.00 M M 5.2 17 290 M M 0 22 280
23 63 51 57 -2 8 0 0.00 M M 7.7 17 260 M M 6 1 25 250
24 64 50 57 -2 8 0 0.00 M M 9.4 21 260 M M 0 26 260
25 76 47 62 3 3 0 0.00 M M 6.3 18 290 M M 0 22 290
26 81 50 66 7 0 1 0.00 M M 4.8 14 290 M M 0 17 280
27 85 52 69 10 0 4 0.00 M M 5.0 14 270 M M 0 17 270
28 75 52 64 5 1 0 0.00 M M 7.2 16 290 M M 0 19 280
29 67 51 59 0 6 0 0.00 M M 7.7 17 290 M M 4 22 300
30 63 52 58 -1 7 0 0.00 M M 14.5 29 270 M M 7 39 270
================================================================================
SM 1964 1422 255 5 0.14 M 249.0 M 77
================================================================================
AV 65.5 47.4 8.3 FASTST M M 3 MAX(MPH)
MISC ----> # 29 290 50 290
================================================================================
NOTES:
# LAST OF SEVERAL OCCURRENCES
COLUMN 17 PEAK WIND IN M.P.H.
PRELIMINARY LOCAL CLIMATOLOGICAL DATA (WS FORM: F-6) , PAGE 2
STATION: HAYWARD AIRPORT
MONTH: APRIL
YEAR: 2023
LATITUDE: 37 39 N
LONGITUDE: 122 7 W
[TEMPERATURE DATA] [PRECIPITATION DATA] SYMBOLS USED IN COLUMN 16
AVERAGE MONTHLY: 56.4 TOTAL FOR MONTH: 0.14 1 = FOG OR MIST
DPTR FM NORMAL: -1.8 DPTR FM NORMAL: -1.06 2 = FOG REDUCING VISIBILITY
HIGHEST: 85 ON 27 GRTST 24HR 0.12 ON 6- 7 TO 1/4 MILE OR LESS
LOWEST: 37 ON 4 3 = THUNDER
SNOW, ICE PELLETS, HAIL 4 = ICE PELLETS
TOTAL MONTH: M 5 = HAIL
GRTST 24HR M ON M 6 = FREEZING RAIN OR DRIZZLE
GRTST DEPTH: M ON M 7 = DUSTSTORM OR SANDSTORM:
VSBY 1/2 MILE OR LESS
8 = SMOKE OR HAZE
[NO. OF DAYS WITH] [WEATHER - DAYS WITH] 9 = BLOWING SNOW
X = TORNADO
MAX 32 OR BELOW: 0 0.01 INCH OR MORE: 3
MAX 90 OR ABOVE: 0 0.10 INCH OR MORE: 1
MIN 32 OR BELOW: 0 0.50 INCH OR MORE: 0
MIN 0 OR BELOW: 0 1.00 INCH OR MORE: 0
[HDD (BASE 65) ]
TOTAL THIS MO. 255 CLEAR (SCALE 0-3) 19
DPTR FM NORMAL 41 PTCLDY (SCALE 4-7) 10
TOTAL FM JUL 1 2453 CLOUDY (SCALE 8-10) 1
DPTR FM NORMAL 350
[CDD (BASE 65) ]
TOTAL THIS MO. 5
DPTR FM NORMAL -4 [PRESSURE DATA]
TOTAL FM JAN 1 5 HIGHEST SLP M ON M
DPTR FM NORMAL -6 LOWEST SLP 29.88 ON 13
[REMARKS]
#FINAL-04-23#