000
CXUS53 KUNR 010930
CF6ICR
PRELIMINARY LOCAL CLIMATOLOGICAL DATA (WS FORM: F-6)
STATION: WINNER REGIONAL AIRPORT SD
MONTH: OCTOBER
YEAR: 2022
LATITUDE: 43 23 N
LONGITUDE: 99 50 W
TEMPERATURE IN F: :PCPN: SNOW: WIND :SUNSHINE: SKY :PK WND
================================================================================
1 2 3 4 5 6A 6B 7 8 9 10 11 12 13 14 15 16 17 18
12Z AVG MX 2MIN
DY MAX MIN AVG DEP HDD CDD WTR SNW DPTH SPD SPD DIR MIN PSBL S-S WX SPD DR
================================================================================
1 88 54 71 12 0 6 0.00 M M 10.7 20 160 M M 0 8 29 160
2 89 65 77 18 0 12 T M M 16.5 31 180 M M 3 42 170
3 69 54 62 4 3 0 0.14 M M 11.2 29 180 M M 7 1 39 160
4 69 53 61 3 4 0 0.02 M M 7.6 16 310 M M 8 21 310
5 76 52 64 7 1 0 0.00 M M 8.7 17 310 M M 3 24 330
6 59 34 47 -9 18 0 T M M 11.2 22 360 M M 5 27 360
7 55 28 42 -14 23 0 T M M 4.2 8 210 M M 1 1 15 340
8 69 35 52 -4 13 0 0.00 M M 8.1 15 310 M M 0 8 23 300
9 76 46 61 6 4 0 0.00 M M 8.7 15 320 M M 0 21 300
10 86 39 63 9 2 0 T M M 14.1 29 180 M M 0 39 160
11 83 42 63 9 2 0 T M M 16.9 36 320 M M 1 48 320
12 59 41 50 -3 15 0 0.01 M M 19.9 41 310 M M 5 55 300
13 62 40 51 -2 14 0 0.00 M M 24.4 46 320 M M 1 8 61 320
14 60 34 47 -5 18 0 T M M 15.3 33 310 M M 4 45 310
15 68 39 54 2 11 0 0.00 M M 16.8 35 330 M M 6 42 320
16 54 30 42 -9 23 0 T M M 13.0 25 330 M M 3 34 300
17 47 27 37 -14 28 0 0.00 M M 6.9 13 340 M M 7 20 350
18 50 20 35 -15 30 0 0.00 M M 3.5 12 140 M M 0 8 12 140
19 73 28 51 1 14 0 0.00 M M 6.3 16 340 M M 0 22 330
20 82 45 64 14 1 0 0.00 M M 9.2 15 250 M M 0 21 280
21 73 43 58 9 7 0 0.00 M M 9.4 23 180 M M 0 34 180
22 75 50 63 15 2 0 0.00 M M 9.8 26 180 M M 0 39 180
23 83 44 64 16 1 0 T M M 16.4 31 280 M M 1 44 300
24 48 33 41 -7 24 0 T M M 20.0 33 290 M M 6 48 270
25 61 29 45 -2 20 0 0.00 M M 11.1 25 310 M M 1 34 320
26 61 32 47 0 18 0 0.02 M M 9.7 24 130 M M 4 32 190
27 61 39 50 4 15 0 0.00 M M 10.3 22 130 M M 1 29 110
28 70 38 54 8 11 0 0.00 M M 10.6 17 200 M M 0 24 190
29 68 37 53 8 12 0 0.00 M M 11.8 24 190 M M 0 34 200
30 67 33 50 5 15 0 0.00 M M 5.5 10 280 M M 0 14 290
31 74 38 56 12 9 0 0.00 M M 6.5 13 200 M M 0 17 200
================================================================================
SM 2115 1222 358 18 0.19 M 354.3 M 67
================================================================================
AV 68.2 39.4 11.4 FASTST M M 2 MAX(MPH)
MISC ----> 46 320 61 320
================================================================================
NOTES:
# LAST OF SEVERAL OCCURRENCES
COLUMN 17 PEAK WIND IN M.P.H.
PRELIMINARY LOCAL CLIMATOLOGICAL DATA (WS FORM: F-6) , PAGE 2
STATION: WINNER REGIONAL AIRPORT SD
MONTH: OCTOBER
YEAR: 2022
LATITUDE: 43 23 N
LONGITUDE: 99 50 W
[TEMPERATURE DATA] [PRECIPITATION DATA] SYMBOLS USED IN COLUMN 16
AVERAGE MONTHLY: 53.8 TOTAL FOR MONTH: 0.19 1 = FOG OR MIST
DPTR FM NORMAL: 2.3 DPTR FM NORMAL: -1.29 2 = FOG REDUCING VISIBILITY
HIGHEST: 89 ON 2 GRTST 24HR 0.14 ON 2- 3 TO 1/4 MILE OR LESS
LOWEST: 20 ON 18 3 = THUNDER
SNOW, ICE PELLETS, HAIL 4 = ICE PELLETS
TOTAL MONTH: M 5 = HAIL
GRTST 24HR M ON M 6 = FREEZING RAIN OR DRIZZLE
GRTST DEPTH: M ON M 7 = DUSTSTORM OR SANDSTORM:
VSBY 1/2 MILE OR LESS
8 = SMOKE OR HAZE
[NO. OF DAYS WITH] [WEATHER - DAYS WITH] 9 = BLOWING SNOW
X = TORNADO
MAX 32 OR BELOW: 0 0.01 INCH OR MORE: 4
MAX 90 OR ABOVE: 0 0.10 INCH OR MORE: 1
MIN 32 OR BELOW: 7 0.50 INCH OR MORE: 0
MIN 0 OR BELOW: 0 1.00 INCH OR MORE: 0
[HDD (BASE 65) ]
TOTAL THIS MO. 358 CLEAR (SCALE 0-3) 20
DPTR FM NORMAL -74 PTCLDY (SCALE 4-7) 11
TOTAL FM JUL 1 397 CLOUDY (SCALE 8-10) 0
DPTR FM NORMAL -143
[CDD (BASE 65) ]
TOTAL THIS MO. 18
DPTR FM NORMAL 3 [PRESSURE DATA]
TOTAL FM JAN 1 1277 HIGHEST SLP 30.65 ON 7
DPTR FM NORMAL 216 LOWEST SLP 29.08 ON 23
[REMARKS]
#FINAL-10-22#