000
CXUS53 KUNR 010930
CF6ICR
PRELIMINARY LOCAL CLIMATOLOGICAL DATA (WS FORM: F-6)
STATION: WINNER REGIONAL AIRPORT SD
MONTH: AUGUST
YEAR: 2023
LATITUDE: 43 23 N
LONGITUDE: 99 50 W
TEMPERATURE IN F: :PCPN: SNOW: WIND :SUNSHINE: SKY :PK WND
================================================================================
1 2 3 4 5 6A 6B 7 8 9 10 11 12 13 14 15 16 17 18
12Z AVG MX 2MIN
DY MAX MIN AVG DEP HDD CDD WTR SNW DPTH SPD SPD DIR MIN PSBL S-S WX SPD DR
================================================================================
1 88 72 80 3 0 15 T M M 9.0 16 160 M M 1 24 150
2 90 71 81 4 0 16 T M M 8.4 15 190 M M 2 18 22 160
3 89 67 78 1 0 13 T M M 7.9 15 120 M M 0 1 21 120
4 89 63 76 -1 0 11 0.65 M M 10.4 35 330 M M 4 138 49 310
5 79 64 72 -5 0 7 0.09 M M 10.6 22 320 M M 8 13 30 320
6 76 62 69 -8 0 4 0.38 M M 13.8 28 320 M M 6 1 38 330
7 77 56 67 -10 0 2 0.01 M M 2.5 8 290 M M 4 1 11 270
8 81 57 69 -7 0 4 T M M 5.4 14 170 M M 2 1 21 170
9 87 61 74 -2 0 9 0.00 M M 4.2 12 170 M M 0 16 170
10 91 66 79 3 0 14 0.00 M M 11.4 20 300 M M 0 27 260
11 91 61 76 0 0 11 0.00 M M 9.0 21 320 M M 0 28 340
12 91 60 76 0 0 11 0.23 M M 10.0 28 310 M M 2 13 39 300
13 73 59 66 -10 0 1 0.36 M M 14.8 33 110 M M 7 13 44 120
14 79 55 67 -8 0 2 0.00 M M 10.1 20 310 M M 3 29 310
15 89 58 74 -1 0 9 0.00 M M 9.2 17 190 M M 0 24 190
16 101 65 83 8 0 18 0.00 M M 12.5 26 320 M M 0 39 310
17 81 54 68 -7 0 3 0.00 M M 7.7 21 150 M M 0 8 32 160
18 101 68 85 10 0 20 0.00 M M 22.3 33 190 M M 0 46 180
19 95 67 81 7 0 16 0.00 M M 12.4 23 340 M M 0 31 20
20 79 62 71 -3 0 6 T M M 9.7 20 70 M M 3 25 90
21 107 71 89 15 0 24 0.00 M M 13.0 23 190 M M 3 18 33 180
22 108 78 93 19 0 28 0.00 M M 16.7 26 200 M M 0 37 180
23 104 69 87 13 0 22 0.00 M M 7.0 21 200 M M 0 29 200
24 91 71 81 8 0 16 0.01 M M 5.7 16 80 M M 1 18 21 60
25 89 60 75 2 0 10 0.01 M M 9.1 23 350 M M 1 1 30 350
26 81 50 66 -7 0 1 0.00 M M 5.5 15 360 M M 0 1 19 360
27 95 56 76 3 0 11 0.00 M M 9.4 20 210 M M 0 28 210
28 94 62 78 6 0 13 0.00 M M 6.8 17 340 M M 1 25 320
29 90 56 73 1 0 8 0.00 M M 6.6 15 360 M M 0 8 21 340
30 94 59 77 5 0 12 0.00 M M 14.7 26 160 M M 0 18 38 180
31 94 70 82 10 0 17 T M M 14.5 36 180 M M 0 3 47 190
================================================================================
SM 2774 1950 0 354 1.74 M 310.3 M 48
================================================================================
AV 89.5 62.9 10.0 FASTST M M 2 MAX(MPH)
MISC ----> 36 180 49 310
================================================================================
NOTES:
# LAST OF SEVERAL OCCURRENCES
COLUMN 17 PEAK WIND IN M.P.H.
PRELIMINARY LOCAL CLIMATOLOGICAL DATA (WS FORM: F-6) , PAGE 2
STATION: WINNER REGIONAL AIRPORT SD
MONTH: AUGUST
YEAR: 2023
LATITUDE: 43 23 N
LONGITUDE: 99 50 W
[TEMPERATURE DATA] [PRECIPITATION DATA] SYMBOLS USED IN COLUMN 16
AVERAGE MONTHLY: 76.2 TOTAL FOR MONTH: 1.74 1 = FOG OR MIST
DPTR FM NORMAL: 1.3 DPTR FM NORMAL: -0.79 2 = FOG REDUCING VISIBILITY
HIGHEST: 108 ON 22 GRTST 24HR 0.69 ON 4- 5 TO 1/4 MILE OR LESS
LOWEST: 50 ON 26 3 = THUNDER
SNOW, ICE PELLETS, HAIL 4 = ICE PELLETS
TOTAL MONTH: M 5 = HAIL
GRTST 24HR M ON M 6 = FREEZING RAIN OR DRIZZLE
GRTST DEPTH: M ON M 7 = DUSTSTORM OR SANDSTORM:
VSBY 1/2 MILE OR LESS
8 = SMOKE OR HAZE
[NO. OF DAYS WITH] [WEATHER - DAYS WITH] 9 = BLOWING SNOW
X = TORNADO
MAX 32 OR BELOW: 0 0.01 INCH OR MORE: 8
MAX 90 OR ABOVE: 16 0.10 INCH OR MORE: 4
MIN 32 OR BELOW: 0 0.50 INCH OR MORE: 1
MIN 0 OR BELOW: 0 1.00 INCH OR MORE: 0
[HDD (BASE 65) ]
TOTAL THIS MO. 0 CLEAR (SCALE 0-3) 26
DPTR FM NORMAL -7 PTCLDY (SCALE 4-7) 4
TOTAL FM JUL 1 1 CLOUDY (SCALE 8-10) 1
DPTR FM NORMAL -6
[CDD (BASE 65) ]
TOTAL THIS MO. 354
DPTR FM NORMAL 42 [PRESSURE DATA]
TOTAL FM JAN 1 973 HIGHEST SLP 30.28 ON 26
DPTR FM NORMAL 58 LOWEST SLP 29.54 ON 18
[REMARKS]
#FINAL-08-23#