000
CXUS55 KPIH 011208
CF6IDA
PRELIMINARY LOCAL CLIMATOLOGICAL DATA (WS FORM: F-6)
STATION: IDAHO FALLS ID
MONTH: JANUARY
YEAR: 2021
LATITUDE: 43 31 N
LONGITUDE: 112 4 W
TEMPERATURE IN F: :PCPN: SNOW: WIND :SUNSHINE: SKY :PK WND
================================================================================
1 2 3 4 5 6A 6B 7 8 9 10 11 12 13 14 15 16 17 18
12Z AVG MX 2MIN
DY MAX MIN AVG DEP HDD CDD WTR SNW DPTH SPD SPD DIR MIN PSBL S-S WX SPD DR
================================================================================
1 26 22 24 4 41 0 0.00 M M 3.3 8 150 M M 10 1 10 160
2 32 24 28 8 37 0 0.03 M M 6.1 15 240 M M 9 1 20 220
3 36 22 29 9 36 0 T M M 13.6 31 210 M M 8 1 39 220
4 36 14 25 5 40 0 0.11 M M 5.8 18 240 M M 8 126 27 250
5 34 12 23 3 42 0 0.06 M M 12.2 29 220 M M 5 1 37 220
6 24 6 15 -5 50 0 0.00 M M 5.8 12 360 M M 1 15 360
7 31 18 25 5 40 0 T M M 5.2 15 90 M M 9 1 18 90
8 28 14 21 1 44 0 T M M 6.7 14 350 M M 4 1 18 360
9 26 -1 13 -7 52 0 0.00 M M 3.5 12 340 M M 1 15 360
10 24 15 20 0 45 0 0.00 M M 3.4 12 10 M M 10 13 10
11 21 3 12 -8 53 0 0.00 M M 4.6 10 360 M M 3 14 360
12 27 2 15 -5 50 0 T M M 4.3 12 360 M M 5 1 13 360
13 41 21 31 11 34 0 T M M 10.2 33 230 M M 7 18 48 220
14 32 12 22 2 43 0 0.00 M M 6.8 16 220 M M 0 19 210
15 26 6 16 -4 49 0 0.00 M M 5.8 17 340 M M 4 21 330
16 24 16 20 0 45 0 0.00 M M 4.5 9 340 M M 10 1 12 360
17 27 21 24 4 41 0 0.00 M M 3.2 14 10 M M 10 1 17 10
18 25 13 19 -1 46 0 0.00 M M 6.0 13 350 M M 7 1 18 350
19 28 7 18 -2 47 0 0.00 M M 5.8 16 350 M M 0 22 360
20 21 2 12 -8 53 0 0.00 M M 4.8 9 20 M M 5 12 30
21 27 16 22 2 43 0 0.11 M M 3.5 9 340 M M 9 1 12 350
22 30 19 25 5 40 0 T M M 7.2 13 360 M M 8 1 19 350
23 31 13 22 2 43 0 0.00 M M 6.3 18 230 M M 4 23 230
24 26 21 24 4 41 0 0.00 M M 5.8 12 70 M M 10 14 70
25 22 6 14 -6 51 0 0.00 M M 7.8 14 360 M M 5 16 10
26 26 1 14 -6 51 0 T M M 6.2 14 220 M M 6 1 17 210
27 31 8 20 -1 45 0 T M M 7.9 22 190 M M 8 1 32 190
28 38 27 33 12 32 0 0.02 M M 6.5 22 180 M M 10 1 35 160
29 42 32 37 16 28 0 0.06 M M 9.2 25 200 M M 10 1 38 200
30 36 20 28 7 37 0 T M M 16.3 26 220 M M 6 1 35 210
31 31 13 22 1 43 0 0.00 M M 5.2 10 360 M M 0 13 360
================================================================================
SM 909 425 1342 0 0.39 M 203.5 M 192
================================================================================
AV 29.3 13.7 6.6 FASTST M M 6 MAX(MPH)
MISC ----> 33 230 48 220
================================================================================
NOTES:
# LAST OF SEVERAL OCCURRENCES
COLUMN 17 PEAK WIND IN M.P.H.
PRELIMINARY LOCAL CLIMATOLOGICAL DATA (WS FORM: F-6) , PAGE 2
STATION: IDAHO FALLS ID
MONTH: JANUARY
YEAR: 2021
LATITUDE: 43 31 N
LONGITUDE: 112 4 W
[TEMPERATURE DATA] [PRECIPITATION DATA] SYMBOLS USED IN COLUMN 16
AVERAGE MONTHLY: 21.5 TOTAL FOR MONTH: 0.39 1 = FOG OR MIST
DPTR FM NORMAL: 1.4 DPTR FM NORMAL: -0.30 2 = FOG REDUCING VISIBILITY
HIGHEST: 42 ON 29 GRTST 24HR 0.86 ON 12-13 TO 1/4 MILE OR LESS
LOWEST: -1 ON 9 3 = THUNDER
SNOW, ICE PELLETS, HAIL 4 = ICE PELLETS
TOTAL MONTH: M 5 = HAIL
GRTST 24HR M ON M 6 = FREEZING RAIN OR DRIZZLE
GRTST DEPTH: M ON M 7 = DUSTSTORM OR SANDSTORM:
VSBY 1/2 MILE OR LESS
8 = SMOKE OR HAZE
[NO. OF DAYS WITH] [WEATHER - DAYS WITH] 9 = BLOWING SNOW
X = TORNADO
MAX 32 OR BELOW: 24 0.01 INCH OR MORE: 6
MAX 90 OR ABOVE: 0 0.10 INCH OR MORE: 2
MIN 32 OR BELOW: 31 0.50 INCH OR MORE: 0
MIN 0 OR BELOW: 1 1.00 INCH OR MORE: 0
[HDD (BASE 65) ]
TOTAL THIS MO. 1342 CLEAR (SCALE 0-3) 6
DPTR FM NORMAL -48 PTCLDY (SCALE 4-7) 14
TOTAL FM JUL 1 4497 CLOUDY (SCALE 8-10) 11
DPTR FM NORMAL -165
[CDD (BASE 65) ]
TOTAL THIS MO. 0
DPTR FM NORMAL 0 [PRESSURE DATA]
TOTAL FM JAN 1 0 HIGHEST SLP 30.73 ON 15
DPTR FM NORMAL 0 LOWEST SLP 29.66 ON 29
[REMARKS]
#FINAL-01-21#