000
CXUS53 KUNR 010930
CF6IEN
PRELIMINARY LOCAL CLIMATOLOGICAL DATA (WS FORM: F-6)
STATION: PINE RIDGE SD
MONTH: MARCH
YEAR: 2022
LATITUDE: 43 1 N
LONGITUDE: 102 31 W
TEMPERATURE IN F: :PCPN: SNOW: WIND :SUNSHINE: SKY :PK WND
================================================================================
1 2 3 4 5 6A 6B 7 8 9 10 11 12 13 14 15 16 17 18
12Z AVG MX 2MIN
DY MAX MIN AVG DEP HDD CDD WTR SNW DPTH SPD SPD DIR MIN PSBL S-S WX SPD DR
================================================================================
1 69 30 50 18 15 0 0.00 M M 7.7 20 280 M M 0 31 240
2 68 26 47 15 18 0 0.00 M M 5.1 21 70 M M 1 1 30 80
3 47 30 39 7 26 0 0.00 M M 8.9 17 190 M M 7 18 23 150
4 54 27 41 8 24 0 0.00 M M 13.6 36 190 M M 2 48 180
5 28 16 22 -11 43 0 T M M 12.2 26 360 M M 10 12 38 340
6 23 -2 11 -23 54 0 0.01 M M 6.7 18 350 M M 6 27 330
7 31 3 17 -17 48 0 0.00 M M 8.3 21 240 M M 0 26 240
8 28 13 21 -13 44 0 T M M 8.9 24 10 M M 7 18 33 360
9 16 -7 5 -30 60 0 T M M 6.9 16 20 M M 10 18 23 10
10 20 -16 2 -33 63 0 0.00 M M 8.0 22 250 M M 0 35 270
11 20 4 12 -24 53 0 0.00 M M 5.3 14 200 M M 2 19 200
12 50 16 33 -3 32 0 0.00 M M 10.3 22 260 M M 6 31 260
13 61 25 43 7 22 0 0.00 M M 9.1 20 240 M M 1 26 250
14 54 27 41 4 24 0 0.00 M M 5.5 21 180 M M 4 28 180
15 70 27 49 12 16 0 0.00 M M 8.0 21 240 M M 0 30 260
16 60 33 47 9 18 0 T M M 8.9 21 10 M M 5 29 10
17 52 23 38 0 27 0 T M M 5.3 20 20 M M 6 30 10
18 58 17 38 0 27 0 0.00 M M 4.6 18 250 M M 1 25 300
19 62 20 41 2 24 0 0.00 M M 5.4 17 220 M M 0 23 220
20 72 38 55 16 10 0 0.00 M M 9.5 24 340 M M 0 36 350
21 49 27 38 -2 27 0 0.00 M M 17.8 29 340 M M 2 45 350
22 51 18 35 -5 30 0 0.00 M M 11.6 33 360 M M 3 8 50 10
23 53 22 38 -2 27 0 0.00 M M 11.9 25 360 M M 0 36 350
24 70 15 43 3 22 0 T M M 11.7 29 350 M M 3 43 360
25 56 28 42 1 23 0 0.00 M M 7.8 22 360 M M 3 30 360
26 53 23 38 -3 27 0 0.00 M M 10.5 18 80 M M 1 25 80
27 58 26 42 1 23 0 0.00 M M 13.0 29 180 M M 1 38 180
28 80 35 58 16 7 0 0.00 M M 17.3 35 180 M M 0 48 180
29 59 29 44 2 21 0 T M M 18.4 38 350 M M 5 1 52 360
30 32 12 22 -20 43 0 0.02 M M 12.5 29 340 M M 7 12 43 340
31 56 6 31 -11 34 0 0.00 M M 3.4 13 150 M M 2 1 15 90
================================================================================
SM 1560 591 932 0 0.03 M 294.1 M 95
================================================================================
AV 50.3 19.1 9.5 FASTST M M 3 MAX(MPH)
MISC ----> 38 350 52 360
================================================================================
NOTES:
# LAST OF SEVERAL OCCURRENCES
COLUMN 17 PEAK WIND IN M.P.H.
PRELIMINARY LOCAL CLIMATOLOGICAL DATA (WS FORM: F-6) , PAGE 2
STATION: PINE RIDGE SD
MONTH: MARCH
YEAR: 2022
LATITUDE: 43 1 N
LONGITUDE: 102 31 W
[TEMPERATURE DATA] [PRECIPITATION DATA] SYMBOLS USED IN COLUMN 16
AVERAGE MONTHLY: 34.7 TOTAL FOR MONTH: 0.03 1 = FOG OR MIST
DPTR FM NORMAL: -2.7 DPTR FM NORMAL: -0.78 2 = FOG REDUCING VISIBILITY
HIGHEST: 80 ON 28 GRTST 24HR 0.02 ON 29-30 TO 1/4 MILE OR LESS
LOWEST: -16 ON 10 3 = THUNDER
SNOW, ICE PELLETS, HAIL 4 = ICE PELLETS
TOTAL MONTH: M 5 = HAIL
GRTST 24HR M ON M 6 = FREEZING RAIN OR DRIZZLE
GRTST DEPTH: M ON M 7 = DUSTSTORM OR SANDSTORM:
VSBY 1/2 MILE OR LESS
8 = SMOKE OR HAZE
[NO. OF DAYS WITH] [WEATHER - DAYS WITH] 9 = BLOWING SNOW
X = TORNADO
MAX 32 OR BELOW: 8 0.01 INCH OR MORE: 2
MAX 90 OR ABOVE: 0 0.10 INCH OR MORE: 0
MIN 32 OR BELOW: 28 0.50 INCH OR MORE: 0
MIN 0 OR BELOW: 3 1.00 INCH OR MORE: 0
[HDD (BASE 65) ]
TOTAL THIS MO. 932 CLEAR (SCALE 0-3) 20
DPTR FM NORMAL 76 PTCLDY (SCALE 4-7) 9
TOTAL FM JUL 1 5476 CLOUDY (SCALE 8-10) 2
DPTR FM NORMAL -577
[CDD (BASE 65) ]
TOTAL THIS MO. 0
DPTR FM NORMAL 0 [PRESSURE DATA]
TOTAL FM JAN 1 0 HIGHEST SLP 30.44 ON 7
DPTR FM NORMAL 0 LOWEST SLP 29.34 ON 29
[REMARKS]
#FINAL-03-22#