215
CXUS55 KVEF 030312
CF6IGM
PRELIMINARY LOCAL CLIMATOLOGICAL DATA (WS FORM: F-6)
STATION: KINGMAN AZ
MONTH: MAY
YEAR: 2020
LATITUDE: 35 16 N
LONGITUDE: 113 57 W
TEMPERATURE IN F: :PCPN: SNOW: WIND :SUNSHINE: SKY :PK WND
================================================================================
1 2 3 4 5 6A 6B 7 8 9 10 11 12 13 14 15 16 17 18
12Z AVG MX 2MIN
DY MAX MIN AVG DEP HDD CDD WTR SNW DPTH SPD SPD DIR MIN PSBL S-S WX SPD DR
================================================================================
1 89 55 72 8 0 7 0.00 M M 15.0 31 210 M M 0 44 220
2 87 55 71 7 0 6 0.00 M M 12.5 26 230 M M 0 35 230
3 87 52 70 6 0 5 0.00 M M 11.5 28 220 M M 0 35 220
4 88 47 68 3 0 3 0.00 M M 8.7 22 360 M M 0 25 350
5 93 48 71 6 0 6 0.00 M M 5.9 15 290 M M 0 20 240
6 95 50 73 7 0 8 0.00 M M 6.0 20 230 M M 0 35 290
7 95 54 75 9 0 10 0.00 M M 8.2 17 340 M M 0 8 22 340
8 93 54 74 8 0 9 0.00 M M 7.0 17 280 M M 0 22 300
9 94 58 76 10 0 11 0.00 M M 10.6 22 240 M M 0 27 220
10 93 61 77 10 0 12 0.15 M M 13.6 28 220 M M 1 3 36 230
11 88 59 74 7 0 9 0.00 M M 17.2 35 220 M M 3 45 200
12 83 58 71 3 0 6 0.00 M M 15.6 32 220 M M 0 40 220
13 79 51 65 -3 0 0 0.00 M M 12.7 28 240 M M 0 33 250
14 82 54 68 0 0 3 0.00 M M 14.5 31 230 M M 0 39 230
15 86 54 70 2 0 5 0.00 M M 7.9 21 250 M M 0 27 260
16 90 58 74 5 0 9 0.00 M M 10.0 21 250 M M 0 30 260
17 91 60 76 7 0 11 0.00 M M 16.0 31 210 M M 0 39 210
18 88 58 73 4 0 8 0.00 M M 17.3 35 200 M M 0 45 210
19 73 50 62 -8 3 0 0.00 M M 17.3 31 240 M M 0 40 240
20 77 42 60 -10 5 0 0.00 M M 6.7 16 290 M M 0 22 280
21 84 44 64 -6 1 0 0.00 M M 4.1 16 40 M M 0 21 20
22 85 53 69 -2 0 4 0.00 M M 15.0 35 230 M M 0 42 210
23 82 51 67 -4 0 2 0.00 M M 10.4 23 360 M M 0 32 350
24 82 44 63 -8 2 0 0.00 M M 10.2 25 350 M M 0 34 350
25 88 53 71 -1 0 6 0.00 M M 11.1 23 350 M M 0 29 20
26 98 55 77 5 0 12 0.00 M M 4.8 14 330 M M 0 20 20
27 102 62 82 10 0 17 0.00 M M 8.3 21 250 M M 0 28 280
28 103 67 85 13 0 20 0.00 M M 10.8 22 230 M M 0 36 260
29 103 72 88 15 0 23 0.00 M M 12.9 31 220 M M 0 42 230
30 99 67 83 10 0 18 0.00 M M 14.7 36 210 M M 0 42 220
31 95 60 78 5 0 13 0.00 M M 11.5 31 240 M M 0 39 220
================================================================================
SM 2772 1706 11 243 0.15 M 348.0 M 4
================================================================================
AV 89.4 55.0 11.2 FASTST M M 0 MAX(MPH)
MISC ----> 36 210 # 45 210
================================================================================
NOTES:
# LAST OF SEVERAL OCCURRENCES
COLUMN 17 PEAK WIND IN M.P.H.
PRELIMINARY LOCAL CLIMATOLOGICAL DATA (WS FORM: F-6) , PAGE 2
STATION: KINGMAN AZ
MONTH: MAY
YEAR: 2020
LATITUDE: 35 16 N
LONGITUDE: 113 57 W
[TEMPERATURE DATA] [PRECIPITATION DATA] SYMBOLS USED IN COLUMN 16
AVERAGE MONTHLY: 72.2 TOTAL FOR MONTH: 0.15 1 = FOG OR MIST
DPTR FM NORMAL: 3.6 DPTR FM NORMAL: 0.02 2 = FOG REDUCING VISIBILITY
HIGHEST: 103 ON 28,29 GRTST 24HR 0.15 ON 10-10 TO 1/4 MILE OR LESS
LOWEST: 42 ON 20 3 = THUNDER
SNOW, ICE PELLETS, HAIL 4 = ICE PELLETS
TOTAL MONTH: M 5 = HAIL
GRTST 24HR M ON M 6 = FREEZING RAIN OR DRIZZLE
GRTST DEPTH: M ON M 7 = DUSTSTORM OR SANDSTORM:
VSBY 1/2 MILE OR LESS
8 = SMOKE OR HAZE
[NO. OF DAYS WITH] [WEATHER - DAYS WITH] 9 = BLOWING SNOW
X = TORNADO
MAX 32 OR BELOW: 0 0.01 INCH OR MORE: 1
MAX 90 OR ABOVE: 14 0.10 INCH OR MORE: 1
MIN 32 OR BELOW: 0 0.50 INCH OR MORE: 0
MIN 0 OR BELOW: 0 1.00 INCH OR MORE: 0
[HDD (BASE 65) ]
TOTAL THIS MO. 11 CLEAR (SCALE 0-3) 31
DPTR FM NORMAL -43 PTCLDY (SCALE 4-7) 0
TOTAL FM JUL 1 2988 CLOUDY (SCALE 8-10) 0
DPTR FM NORMAL -114
[CDD (BASE 65) ]
TOTAL THIS MO. 243
DPTR FM NORMAL 76 [PRESSURE DATA]
TOTAL FM JAN 1 292 HIGHEST SLP 29.94 ON 5
DPTR FM NORMAL 94 LOWEST SLP 29.57 ON 22
[REMARKS]
#FINAL-05-20#