000
CXUS55 KVEF 040247
CLMIGM
CLIMATE REPORT
NATIONAL WEATHER SERVICE LAS VEGAS, NV
747 PM PDT SUN SEP 03 2023
...................................
...THE KINGMAN AZ CLIMATE SUMMARY FOR THE MONTH OF AUGUST 2023...
CLIMATE NORMAL PERIOD: 1991 TO 2020
CLIMATE RECORD PERIOD: 1901 TO 2023
WEATHER OBSERVED NORMAL DEPART LAST YEAR`S
VALUE DATE(S) VALUE FROM VALUE DATE(S)
NORMAL
................................................................
TEMPERATURE (F)
RECORD
HIGH 111 08/15/2020
08/13/1933
08/19/1915
LOW 43 08/30/1907
HIGHEST 106 08/28 105 08/30
LOWEST 63 08/14 63 08/22
AVG. MAXIMUM 97.2 97.2 0.0 94.3
AVG. MINIMUM 69.4 68.9 0.5 69.1
MEAN 83.3 83.1 0.2 81.7
DAYS MAX >= 90 27 28.5 -1.5 29
DAYS MAX <= 32 0 0.0 0.0 0
DAYS MIN <= 32 0 0.0 0.0 0
DAYS MIN <= 0 0 0.0 0.0 0
PRECIPITATION (INCHES)
RECORD
MAXIMUM 6.57 1931
MINIMUM 0.00 2002
TOTALS 0.79 0.88 -0.09 1.40
DAILY AVG. 0.03 0.03 0.00 0.05
DAYS >= .01 7 4.9 2.1 10
DAYS >= .10 4 2.3 1.7 3
DAYS >= .50 0 0.5 -0.5 1
DAYS >= 1.00 0 0.1 -0.1 0
GREATEST
24 HR. TOTAL 1.38 07/31 TO 08/01
DEGREE DAYS
HEATING TOTAL 0 0 0 0
SINCE 7/1 0 0 0 MM
COOLING TOTAL 579 560 19 526
SINCE 1/1 1787 1772 15 MM
FREEZE DATES
RECORD
EARLIEST 09/24/1920
LATEST 05/21/1975
EARLIEST MM
LATEST 04/06
................................................................
WIND (MPH)
AVERAGE WIND SPEED 9.1
HIGHEST WIND SPEED/DIRECTION 40/100 DATE 08/13
40/170 08/20
HIGHEST GUST SPEED/DIRECTION 55/140 DATE 08/18
55/170 08/20
SKY COVER
POSSIBLE SUNSHINE (PERCENT) MM
AVERAGE SKY COVER 0.14
NUMBER OF DAYS FAIR 26
NUMBER OF DAYS PC 4
NUMBER OF DAYS CLOUDY 1
AVERAGE RH (PERCENT) 42
WEATHER CONDITIONS. NUMBER OF DAYS WITH
THUNDERSTORM 12 MIXED PRECIP 0
HEAVY RAIN 3 RAIN 1
LIGHT RAIN 9 FREEZING RAIN 0
LT FREEZING RAIN 0 HAIL 0
HEAVY SNOW 0 SLEET 0
FOG 1 FOG W/VIS <= 1/4 MILE 0
HAZE 1
- INDICATES NEGATIVE NUMBERS.
R INDICATES RECORD WAS SET OR TIED.
MM INDICATES DATA IS MISSING.
T INDICATES TRACE AMOUNT.
$$