000
CXUS52 KILM 011000
CF6ILM
PRELIMINARY LOCAL CLIMATOLOGICAL DATA (WS FORM: F-6)
STATION: WILMINGTON NORTH CAROLINA
MONTH: SEPTEMBER
YEAR: 2021
LATITUDE: 34 16 N
LONGITUDE: 77 55 W
TEMPERATURE IN F: :PCPN: SNOW: WIND :SUNSHINE: SKY :PK WND
================================================================================
1 2 3 4 5 6A 6B 7 8 9 10 11 12 13 14 15 16 17 18
12Z AVG MX 2MIN
DY MAX MIN AVG DEP HDD CDD WTR SNW DPTH SPD SPD DIR MIN PSBL S-S WX SPD DR
================================================================================
1 87 78 83 5 0 18 0.47 0.0 0 11.2 26 200 M M 3 138 35 210
2 83 69 76 -2 0 11 T 0.0 0 8.3 16 360 M M 7 1 19 360
3 84 62 73 -5 0 8 0.00 0.0 0 7.0 18 20 M M 1 22 30
4 83 62 73 -5 0 8 0.00 0.0 0 4.6 15 30 M M 0 19 40
5 86 62 74 -4 0 9 0.00 0.0 0 2.8 13 180 M M 0 17 170
6 92 70 81 3 0 16 0.04 0.0 0 5.9 15 270 M M 2 1 19 240
7 85 73 79 2 0 14 0.46 0.0 0 3.1 12 220 M M 4 13 16 90
8 90 72 81 4 0 16 0.04 0.0 0 5.9 16 200 M M 2 13 20 210
9 81 67 74 -3 0 9 0.33 0.0 0 5.7 21 320 M M 5 1 26 330
10 84 63 74 -3 0 9 0.00 0.0 0 5.7 15 10 M M 1 1 21 360
11 84 60 72 -5 0 7 0.00 0.0 0 3.1 12 120 M M 0 14 120
12 88 60 74 -2 0 9 0.00 0.0 0 1.9 12 130 M M 0 15 140
13 90 63 77 1 0 12 0.00 0.0 0 3.2 12 170 M M 0 14 170
14 88 67 78 2 0 13 0.00 0.0 0 3.9 14 130 M M 1 1 18 120
15 88 69 79 3 0 14 0.00 0.0 0 2.8 13 170 M M 1 1 16 170
16 88 72 80 5 0 15 T 0.0 0 7.0 17 20 M M 4 20 20
17 91 74 83 8 0 18 0.00 0.0 0 6.8 14 330 M M 3 18 10
18 87 72 80 5 0 15 0.00 0.0 0 4.9 14 30 M M 4 1 16 40
19 86 70 78 3 0 13 0.00 0.0 0 5.5 15 110 M M 1 1 20 100
20 86 71 79 5 0 14 1.14 0.0 0 10.6 21 130 M M 5 18 29 140
21 81 73 77 3 0 12 3.79 0.0 0 7.6 20 190 M M 8 123 29 150
22 79 74 77 3 0 12 4.31 0.0 0 8.3 18 180 M M 8 123 23 190
23 80 64 72 -2 0 7 0.19 0.0 0 6.9 16 330 M M 5 13 20 320
24 81 58 70 -3 0 5 0.00 0.0 0 6.6 14 350 M M 1 20 40
25 81 59 70 -3 0 5 0.00 0.0 0 4.6 14 280 M M 2 18 250
26 82 57 70 -3 0 5 0.00 0.0 0 3.6 18 290 M M 0 24 280
27 84 57 71 -1 0 6 0.00 0.0 0 3.3 12 170 M M 1 16 130
28 87 66 77 5 0 12 0.00 0.0 0 6.7 15 210 M M 1 19 250
29 90 69 80 8 0 15 0.00 0.0 0 6.7 13 70 M M 0 16 80
30 80 66 73 2 0 8 0.00 0.0 0 6.6 15 60 M M 2 21 60
================================================================================
SM 2556 1999 0 335 10.77 0.0 170.8 M 72
================================================================================
AV 85.2 66.6 5.7 FASTST M M 2 MAX(MPH)
MISC ----> 26 200 35 210
================================================================================
NOTES:
# LAST OF SEVERAL OCCURRENCES
COLUMN 17 PEAK WIND IN M.P.H.
PRELIMINARY LOCAL CLIMATOLOGICAL DATA (WS FORM: F-6) , PAGE 2
STATION: WILMINGTON NORTH CAROLINA
MONTH: SEPTEMBER
YEAR: 2021
LATITUDE: 34 16 N
LONGITUDE: 77 55 W
[TEMPERATURE DATA] [PRECIPITATION DATA] SYMBOLS USED IN COLUMN 16
AVERAGE MONTHLY: 75.9 TOTAL FOR MONTH: 10.77 1 = FOG OR MIST
DPTR FM NORMAL: 0.6 DPTR FM NORMAL: 2.08 2 = FOG REDUCING VISIBILITY
HIGHEST: 92 ON 6 GRTST 24HR 5.96 ON 21-22 TO 1/4 MILE OR LESS
LOWEST: 57 ON 27,26 3 = THUNDER
SNOW, ICE PELLETS, HAIL 4 = ICE PELLETS
TOTAL MONTH: 0.0 INCH 5 = HAIL
GRTST 24HR 0.0 6 = FREEZING RAIN OR DRIZZLE
GRTST DEPTH: 0 7 = DUSTSTORM OR SANDSTORM:
VSBY 1/2 MILE OR LESS
8 = SMOKE OR HAZE
[NO. OF DAYS WITH] [WEATHER - DAYS WITH] 9 = BLOWING SNOW
X = TORNADO
MAX 32 OR BELOW: 0 0.01 INCH OR MORE: 9
MAX 90 OR ABOVE: 5 0.10 INCH OR MORE: 7
MIN 32 OR BELOW: 0 0.50 INCH OR MORE: 3
MIN 0 OR BELOW: 0 1.00 INCH OR MORE: 3
[HDD (BASE 65) ]
TOTAL THIS MO. 0 CLEAR (SCALE 0-3) 20
DPTR FM NORMAL -3 PTCLDY (SCALE 4-7) 10
TOTAL FM JUL 1 0 CLOUDY (SCALE 8-10) 0
DPTR FM NORMAL 0
[CDD (BASE 65) ]
TOTAL THIS MO. 335
DPTR FM NORMAL 23 [PRESSURE DATA]
TOTAL FM JAN 1 2139 HIGHEST SLP 30.31 ON 12
DPTR FM NORMAL 142 LOWEST SLP 29.66 ON 1
[REMARKS]
#FINAL-09-21#