000
CXUS53 KILX 011407
CLMILX
CLIMATE REPORT
NATIONAL WEATHER SERVICE LINCOLN IL
907 AM CDT THU JUN 01 2023
...................................
...THE LINCOLN IL CLIMATE SUMMARY FOR THE MONTH OF MAY 2023...
CLIMATE NORMAL PERIOD 1991 TO 2020
CLIMATE RECORD PERIOD 1905 TO 2023
WEATHER OBSERVED NORMAL DEPART LAST YEAR`S
VALUE DATE(S) VALUE FROM VALUE
NORMAL
..............................................................
TEMPERATURE (F)
RECORD
HIGH 102 05/31/1934
LOW 24 05/10/1966
HIGHEST 90 05/30 MM MM 94
05/31
LOWEST 36 05/04 MM MM 40
AVG. MAXIMUM 78.5 74.8 3.7 75.7
AVG. MINIMUM 51.8 52.4 -0.6 55.2
MEAN 65.1 63.6 1.5 65.5
DAYS MAX >= 90 2 1.0 1.0 3
DAYS MAX <= 32 0 0.0 0.0 0
DAYS MIN <= 32 0 0.2 -0.2 0
DAYS MIN <= 0 0 0.0 0.0 0
PRECIPITATION (INCHES)
RECORD
MAXIMUM 12.70 1995
MINIMUM 0.74 1934
TOTALS 2.55 4.37 -1.82 3.31
DAILY AVG. 0.08 0.14 -0.06 0.11
DAYS >= .01 8 12.5 -4.5 12
DAYS >= .10 6 8.2 -2.2 7
DAYS >= .50 2 2.6 -0.6 3
DAYS >= 1.00 0 0.9 -0.9 0
GREATEST
24 HR. TOTAL 0.99 05/06 TO 05/06 0.88
SNOWFALL (INCHES)
RECORDS
TOTAL T 2004
TOTALS 0.0 0.0 0.0 0.0
SINCE 7/1 7.6 19.3 -11.7 MM
DAYS >= 1.0 0 0.0 0.0 0
GREATEST
SNOW DEPTH 0 0
24 HR TOTAL MM MM
DEGREE DAYS
HEATING TOTAL 63 132 -69 122
SINCE 7/1 5102 5608 -506 MM
COOLING TOTAL 73 88 -15 141
SINCE 1/1 84 101 -17 MM
..............................................................
WIND (MPH)
AVERAGE WIND SPEED MM
HIGHEST WIND SPEED/DIRECTION MM DATE MM
HIGHEST GUST SPEED/DIRECTION MM DATE MM
AVERAGE RH (PERCENT) MM
WEATHER CONDITIONS. NUMBER OF DAYS WITH
THUNDERSTORM 5 MIXED PRECIP 0
HEAVY RAIN 4 RAIN 4
LIGHT RAIN 9 FREEZING RAIN 0
LT FREEZING RAIN 0 HAIL 0
HEAVY SNOW 0 SNOW 0
LIGHT SNOW 0 SLEET 0
FOG 4 FOG W/VIS <= 1/4 MILE 0
HAZE 1
- INDICATES NEGATIVE NUMBERS.
R INDICATES RECORD WAS SET OR TIED.
MM INDICATES DATA IS MISSING.
T INDICATES TRACE AMOUNT.
$$