000
CXUS53 KIND 011726
CLMIND
CLIMATE REPORT
NATIONAL WEATHER SERVICE INDIANAPOLIS IN
1226 PM EST FRI DEC 01 2023
...................................
...THE INDIANAPOLIS IN CLIMATE SUMMARY FOR THE MONTH OF NOVEMBER 2023...
CLIMATE NORMAL PERIOD 1991 TO 2020
CLIMATE RECORD PERIOD 1871 TO 2023
WEATHER OBSERVED NORMAL DEPART LAST YEAR`S
VALUE DATE(S) VALUE FROM VALUE DATE(S)
NORMAL
................................................................
TEMPERATURE (F)
RECORD
HIGH 81 11/01/1950
LOW -5 11/22/1880
HIGHEST 78 11/08 76 11/04
LOWEST 17 11/28 13 11/20
AVG. MAXIMUM 55.5 51.8 3.7 53.8
AVG. MINIMUM 34.8 34.9 -0.1 35.0
MEAN 45.2 43.3 1.9 44.4
DAYS MAX >= 90 0 0.0 0.0 0
DAYS MAX <= 32 1 1.0 0.0 3
DAYS MIN <= 32 12 13.0 -1.0 15
DAYS MIN <= 0 0 0.0 0.0 0
PRECIPITATION (INCHES)
RECORD
MAXIMUM 9.35 1881
MINIMUM 0.11 1904
TOTALS 0.93 3.45 -2.52 1.42
DAILY AVG. 0.03 0.11 -0.08 0.05
DAYS >= .01 6 10.2 -4.2 9
DAYS >= .10 4 6.0 -2.0 2
DAYS >= .50 0 2.3 -2.3 1
DAYS >= 1.00 0 0.9 -0.9 0
GREATEST
24 HR. TOTAL 0.31 11/17 TO 11/17
SNOWFALL (INCHES)
RECORDS
TOTAL 9.8 1932
SNOW DEPTH 9 11/16/1932
TOTALS T 0.8 -0.8 2.8
SINCE 7/1 T 0.9 -0.9 MM
SNOWDEPTH AVG. 0
DAYS >= 1.0 0 0.3 -0.3 1
GREATEST
SNOW DEPTH 0 1 11/13
24 HR TOTAL T 11/28 TO 11/28 MM
11/26 TO 11/26
DEGREE DAYS
HEATING TOTAL 588 650 -62 610
SINCE 7/1 860 1026 -166 MM
COOLING TOTAL 0 0 0 0
SINCE 1/1 1178 1139 39 MM
................................................................
WIND (MPH)
AVERAGE WIND SPEED 9.3
HIGHEST WIND SPEED/DIRECTION 30/200 DATE 11/08
HIGHEST GUST SPEED/DIRECTION 40/200 DATE 11/06
SKY COVER
AVERAGE SKY COVER 0.50
AVERAGE RH (PERCENT) 63
WEATHER CONDITIONS. NUMBER OF DAYS WITH
THUNDERSTORM 0 MIXED PRECIP 1
HEAVY RAIN 1 RAIN 9
LIGHT RAIN 9 FREEZING RAIN 0
LT FREEZING RAIN 0 HAIL 0
HEAVY SNOW 0 SNOW 1
LIGHT SNOW 2 SLEET 0
FOG 8 FOG W/VIS <= 1/4 MILE 0
HAZE 0
- INDICATES NEGATIVE NUMBERS.
R INDICATES RECORD WAS SET OR TIED.
MM INDICATES DATA IS MISSING.
T INDICATES TRACE AMOUNT.
$$