000
CXUS54 KMAF 021207
CF6INK
PRELIMINARY LOCAL CLIMATOLOGICAL DATA (WS FORM: F-6)
STATION: WINK
MONTH: JUNE
YEAR: 2023
LATITUDE: 31 46 N
LONGITUDE: 103 12 W
TEMPERATURE IN F: :PCPN: SNOW: WIND :SUNSHINE: SKY :PK WND
================================================================================
1 2 3 4 5 6A 6B 7 8 9 10 11 12 13 14 15 16 17 18
12Z AVG MX 2MIN
DY MAX MIN AVG DEP HDD CDD WTR SNW DPTH SPD SPD DIR MIN PSBL S-S WX SPD DR
================================================================================
1 94 70 82 1 0 17 M M M 11.5 25 150 M M 0 33 150
2 93 66 80 -1 0 15 0.00 M M 15.4 28 150 M M 1 37 140
3 94 60 77 -4 0 12 0.06 M M 8.4 45 20 M M 2 38 57 30
4 90 61 76 -6 0 11 0.01 M M 8.5 22 110 M M 1 29 110
5 88 65 77 -5 0 12 0.00 M M 9.1 26 30 M M 2 35 20
6 90 61 76 -6 0 11 T M M 8.2 21 230 M M 0 30 230
7 93 67 80 -2 0 15 0.16 M M 10.7 36 190 M M 2 3 47 200
8 96 59 78 -4 0 13 0.00 M M 6.0 14 190 M M 0 18 130
9 98 65 82 -1 0 17 0.00 M M 5.8 18 300 M M 0 23 300
10 100 65 83 0 0 18 0.00 M M 9.5 21 300 M M 0 27 280
11 103 M M M M M 0.00 M M 7.3 20 160 M M 0 28 170
12 103 72 88 5 0 23 0.00 M M 9.8 25 290 M M 0 8 34 280
13 102 66 84 1 0 19 M M M 10.5 26 260 M M 0 18 36 270
14 100 71 86 2 0 21 0.00 M M 7.8 14 290 M M 0 20 330
15 105 73 89 5 0 24 M M M 12.8 31 260 M M 0 39 260
16 106 74 90 6 0 25 0.00 M M 8.7 22 230 M M 0 29 260
17 108 76 92 8 0 27 0.00 M M 12.3 28 270 M M 0 39 290
18 105 81 93 9 0 28 0.00 M M 7.0 17 170 M M 0 27 210
19 109 82 96 12 0 31 0.00 M M 9.9 21 250 M M 0 28 260
20 110 82 96 12 0 31 0.00 M M 6.1 17 310 M M 0 24 240
21 111 81 96 12 0 31 0.00 M M 7.0 18 230 M M 0 24 230
22 110 83 97 13 0 32 0.00 M M 8.9 20 290 M M 0 26 270
23 111 78 95 11 0 30 0.00 M M 9.5 30 150 M M 0 8 42 150
24 113 88 101 17 0 36 0.00 M M 12.0 23 290 M M 0 31 250
25 113 77 95 11 0 30 0.00 M M 5.7 17 310 M M 0 8 28 320
26 113 M M M M M 0.00 M M 9.3 22 170 M M 0 30 160
27 111 M M M M M 0.00 M M 19.7 29 150 M M 0 46 170
28 108 M M M M M 0.00 M M 18.0 29 150 M M 0 38 140
29 104 97 101 17 0 36 0.00 M M 21.4 26 130 M M 0 39 140
30 102 75 89 5 0 24 0.00 M M 12.1 26 290 M M 1 38 52 190
================================================================================
SM 3083 1895 0 589 0.23 M 309.1 M 9
================================================================================
AV102.8 72.9 10.3 FASTST M M 0 MAX(MPH)
MISC ----> 45 20 57 30
================================================================================
NOTES:
# LAST OF SEVERAL OCCURRENCES
COLUMN 17 PEAK WIND IN M.P.H.
PRELIMINARY LOCAL CLIMATOLOGICAL DATA (WS FORM: F-6) , PAGE 2
STATION: WINK
MONTH: JUNE
YEAR: 2023
LATITUDE: 31 46 N
LONGITUDE: 103 12 W
[TEMPERATURE DATA] [PRECIPITATION DATA] SYMBOLS USED IN COLUMN 16
AVERAGE MONTHLY: 87.8 TOTAL FOR MONTH: 0.23 1 = FOG OR MIST
DPTR FM NORMAL: 4.5 DPTR FM NORMAL: -1.04 2 = FOG REDUCING VISIBILITY
HIGHEST: 113 ON 26,25 GRTST 24HR 0.16 ON 6- 7 TO 1/4 MILE OR LESS
LOWEST: 59 ON 8 3 = THUNDER
SNOW, ICE PELLETS, HAIL 4 = ICE PELLETS
TOTAL MONTH: M 5 = HAIL
GRTST 24HR M ON M 6 = FREEZING RAIN OR DRIZZLE
GRTST DEPTH: M ON M 7 = DUSTSTORM OR SANDSTORM:
VSBY 1/2 MILE OR LESS
8 = SMOKE OR HAZE
[NO. OF DAYS WITH] [WEATHER - DAYS WITH] 9 = BLOWING SNOW
X = TORNADO
MAX 32 OR BELOW: 0 0.01 INCH OR MORE: 3
MAX 90 OR ABOVE: 29 0.10 INCH OR MORE: 1
MIN 32 OR BELOW: 0 0.50 INCH OR MORE: 0
MIN 0 OR BELOW: 0 1.00 INCH OR MORE: 0
[HDD (BASE 65) ]
TOTAL THIS MO. 0 CLEAR (SCALE 0-3) 30
DPTR FM NORMAL 0 PTCLDY (SCALE 4-7) 0
TOTAL FM JUL 1 2298 CLOUDY (SCALE 8-10) 0
DPTR FM NORMAL -157
[CDD (BASE 65) ]
TOTAL THIS MO. 589
DPTR FM NORMAL 40 [PRESSURE DATA]
TOTAL FM JAN 1 1015 HIGHEST SLP M ON M
DPTR FM NORMAL 3 LOWEST SLP 26.90 ON 2
[REMARKS]
#FINAL-06-23#