000
CXUS56 KFGZ 010910
CF6INW
PRELIMINARY LOCAL CLIMATOLOGICAL DATA (WS FORM: F-6)
STATION: WINSLOW AZ AIRPORT
MONTH: SEPTEMBER
YEAR: 2021
LATITUDE: 35 1 N
LONGITUDE: 110 44 W
TEMPERATURE IN F: :PCPN: SNOW: WIND :SUNSHINE: SKY :PK WND
================================================================================
1 2 3 4 5 6A 6B 7 8 9 10 11 12 13 14 15 16 17 18
12Z AVG MX 2MIN
DY MAX MIN AVG DEP HDD CDD WTR SNW DPTH SPD SPD DIR MIN PSBL S-S WX SPD DR
================================================================================
1 82 63 73 -1 0 8 0.66 M M 10.4 24 270 M M 6 1 31 270
2 85 61 73 -1 0 8 0.00 M M 6.3 30 270 M M 2 37 270
3 89 61 75 1 0 10 0.00 M M 4.8 15 330 M M 1 21 150
4 92 59 76 2 0 11 0.00 M M 3.5 13 50 M M 1 16 340
5 93 57 75 1 0 10 0.00 M M 3.7 16 360 M M 0 23 90
6 95 54 75 2 0 10 0.00 0.0 M 4.4 13 40 M M 0 19 350
7 97 54 76 3 0 11 0.00 0.0 M 6.2 15 10 M M 0 22 340
8 98 54 76 3 0 11 0.00 M M 6.5 24 270 M M 0 28 270
9 97 65 81 9 0 16 T M M 6.1 25 260 M M 0 3 31 260
10 96 61 79 7 0 14 0.00 M M 8.3 23 190 M M 0 40 200
11 93 60 77 5 0 12 0.00 M M 6.4 24 340 M M 0 29 330
12 94 58 76 5 0 11 0.00 M M 6.1 15 260 M M 1 18 260
13 95 60 78 7 0 13 0.00 M M 7.7 22 290 M M 0 28 270
14 93 60 77 6 0 12 0.00 M M 8.5 23 280 M M 1 29 290
15 93 56 75 5 0 10 0.00 M M 7.2 18 280 M M 0 23 280
16 91 54 73 3 0 8 0.00 M M 10.3 25 270 M M 0 39 280
17 90 56 73 4 0 8 0.00 M M 6.0 20 250 M M 0 23 240
18 92 61 77 8 0 12 T M M 8.9 31 190 M M 2 3 38 190
19 89 54 72 3 0 7 0.00 M M 9.2 26 230 M M 1 34 240
20 85 52 69 1 0 4 0.00 M M 6.0 15 360 M M 0 22 10
21 82 47 65 -3 0 0 0.00 M M 4.6 12 340 M M 0 14 340
22 89 44 67 0 0 2 0.00 M M 6.1 15 260 M M 0 18 260
23 89 54 72 5 0 7 0.00 M M 9.1 30 240 M M 2 3 38 250
24 87 61 74 8 0 9 T M M 6.4 16 200 M M 2 19 200
25 83 54 69 3 0 4 0.00 M M 7.1 28 120 M M 1 3 35 120
26 66 53 60 -6 5 0 0.43 M M 7.6 23 210 M M 6 1 29 200
27 71 49 60 -5 5 0 T M M 2.6 8 290 M M 3 10 250
28 78 53 66 1 0 1 0.00 M M 10.4 28 250 M M 3 32 250
29 75 50 63 -1 2 0 T M M 8.0 23 210 M M 1 3 27 210
30 68 47 58 -6 7 0 0.10 M M 7.4 24 80 M M 2 3 31 80
================================================================================
SM 2627 1672 19 229 1.19 0.0 205.8 M 35
================================================================================
AV 87.6 55.7 6.9 FASTST M M 1 MAX(MPH)
MISC ----> 31 190 40 200
================================================================================
NOTES:
# LAST OF SEVERAL OCCURRENCES
COLUMN 17 PEAK WIND IN M.P.H.
PRELIMINARY LOCAL CLIMATOLOGICAL DATA (WS FORM: F-6) , PAGE 2
STATION: WINSLOW AZ AIRPORT
MONTH: SEPTEMBER
YEAR: 2021
LATITUDE: 35 1 N
LONGITUDE: 110 44 W
[TEMPERATURE DATA] [PRECIPITATION DATA] SYMBOLS USED IN COLUMN 16
AVERAGE MONTHLY: 71.7 TOTAL FOR MONTH: 1.19 1 = FOG OR MIST
DPTR FM NORMAL: 2.0 DPTR FM NORMAL: 0.32 2 = FOG REDUCING VISIBILITY
HIGHEST: 98 ON 8 GRTST 24HR 0.76 ON 31- 1 TO 1/4 MILE OR LESS
LOWEST: 44 ON 22 3 = THUNDER
SNOW, ICE PELLETS, HAIL 4 = ICE PELLETS
TOTAL MONTH: 0.0 INCH 5 = HAIL
GRTST 24HR 0.0 6 = FREEZING RAIN OR DRIZZLE
GRTST DEPTH: M ON M 7 = DUSTSTORM OR SANDSTORM:
VSBY 1/2 MILE OR LESS
8 = SMOKE OR HAZE
[NO. OF DAYS WITH] [WEATHER - DAYS WITH] 9 = BLOWING SNOW
X = TORNADO
MAX 32 OR BELOW: 0 0.01 INCH OR MORE: 3
MAX 90 OR ABOVE: 15 0.10 INCH OR MORE: 3
MIN 32 OR BELOW: 0 0.50 INCH OR MORE: 1
MIN 0 OR BELOW: 0 1.00 INCH OR MORE: 0
[HDD (BASE 65) ]
TOTAL THIS MO. 19 CLEAR (SCALE 0-3) 27
DPTR FM NORMAL -5 PTCLDY (SCALE 4-7) 3
TOTAL FM JUL 1 19 CLOUDY (SCALE 8-10) 0
DPTR FM NORMAL -3
[CDD (BASE 65) ]
TOTAL THIS MO. 229
DPTR FM NORMAL 64 [PRESSURE DATA]
TOTAL FM JAN 1 1635 HIGHEST SLP M ON M
DPTR FM NORMAL 316 LOWEST SLP 29.70 ON 1
[REMARKS]
#FINAL-09-21#