000
CXUS55 KPSR 221503
CF6IPL
PRELIMINARY LOCAL CLIMATOLOGICAL DATA (WS FORM: F-6)
STATION: IMPERIAL CA
MONTH: MARCH
YEAR: 2021
LATITUDE: 32 50 N
LONGITUDE: 115 35 W
TEMPERATURE IN F: :PCPN: SNOW: WIND :SUNSHINE: SKY :PK WND
================================================================================
1 2 3 4 5 6A 6B 7 8 9 10 11 12 13 14 15 16 17 18
12Z AVG MX 2MIN
DY MAX MIN AVG DEP HDD CDD WTR SNW DPTH SPD SPD DIR MIN PSBL S-S WX SPD DR
================================================================================
1 70 37 54 -8 11 0 0.00 M M 3.7 10 160 M M 0 14 140
2 76 37 57 -5 8 0 0.00 M M 4.5 10 130 M M 0 13 40
3 68 44 56 -7 9 0 T M M 6.9 23 360 M M 4 28 280
4 74 46 60 -3 5 0 0.00 M M 2.5 8 320 M M 1 11 290
5 81 45 63 0 2 0 0.00 M M 5.1 10 250 M M 0 13 350
6 85 49 67 4 0 2 0.00 M M 7.3 21 260 M M 0 25 260
7 81 47 64 0 1 0 0.00 M M 5.3 21 280 M M 0 28 270
8 82 55 69 5 0 4 0.00 M M 13.5 28 270 M M 0 35 280
9 72 52 62 -2 3 0 0.00 M M 18.4 35 250 M M 0 41 260
10 69 50 60 -4 5 0 0.00 M M 18.8 33 270 M M 1 42 270
11 62 47 55 -9 10 0 T M M 6.4 26 270 M M 4 31 270
12 65 39 52 -13 13 0 0.00 M M 7.9 24 280 M M 1 32 290
13 71 43 57 -8 8 0 0.00 M M 11.0 25 260 M M 1 33 260
14 76 45 61 -4 4 0 0.00 M M 6.3 18 270 M M 0 23 270
15 72 49 61 -4 4 0 0.00 M M 19.1 38 270 M M 1 8 48 260
16 71 41 56 -10 9 0 0.00 M M 7.2 26 260 M M 0 31 270
17 74 39 57 -9 8 0 0.00 M M 3.5 10 80 M M 0 14 150
18 79 45 62 -4 3 0 0.00 M M 3.4 10 270 M M 0 12 80
19 86 48 67 1 0 2 0.00 M M 6.2 23 260 M M 0 27 260
20 84 56 70 4 0 5 0.00 M M 15.2 26 240 M M 0 34 230
21 77 45 61 -5 4 0 0.00 M M 9.5 18 270 M M 0 23 270
22 78 49 64 -3 1 0 0.00 M M 7.9 24 260 M M 0 31 260
23 74 56 65 -2 0 0 T M M 14.5 29 260 M M 1 38 270
24 76 52 64 -3 1 0 0.00 M M 10.4 22 350 M M 0 29 350
25 71 51 61 -6 4 0 0.00 M M 17.4 37 270 M M 0 43 260
26 71 50 61 -6 4 0 0.00 M M 7.7 18 290 M M 0 24 300
27 80 44 62 -5 3 0 0.00 M M 6.9 16 330 M M 0 22 330
28 86 49 68 0 0 3 0.00 M M 4.2 10 240 M M 0 14 250
29 94 51 73 5 0 8 0.00 M M 7.4 23 250 M M 0 27 250
30 87 56 72 4 0 7 0.00 M M 7.3 16 30 M M 0 23 30
31 85 48 67 -1 0 2 0.00 M M 6.6 16 30 M M 0 22 30
================================================================================
SM 2377 1465 120 33 T M 272.0 M 14
================================================================================
AV 76.7 47.3 8.8 FASTST M M 0 MAX(MPH)
MISC ----> 38 270 48 260
================================================================================
NOTES:
# LAST OF SEVERAL OCCURRENCES
COLUMN 17 PEAK WIND IN M.P.H.
PRELIMINARY LOCAL CLIMATOLOGICAL DATA (WS FORM: F-6) , PAGE 2
STATION: IMPERIAL CA
MONTH: MARCH
YEAR: 2021
LATITUDE: 32 50 N
LONGITUDE: 115 35 W
[TEMPERATURE DATA] [PRECIPITATION DATA] SYMBOLS USED IN COLUMN 16
AVERAGE MONTHLY: 62.0 TOTAL FOR MONTH: T 1 = FOG OR MIST
DPTR FM NORMAL: -3.3 DPTR FM NORMAL: -0.29 2 = FOG REDUCING VISIBILITY
HIGHEST: 94 ON 29 GRTST 24HR T ON 3- 3 TO 1/4 MILE OR LESS
LOWEST: 37 ON 2, 1 3 = THUNDER
SNOW, ICE PELLETS, HAIL 4 = ICE PELLETS
TOTAL MONTH: M 5 = HAIL
GRTST 24HR M ON M 6 = FREEZING RAIN OR DRIZZLE
GRTST DEPTH: M ON M 7 = DUSTSTORM OR SANDSTORM:
VSBY 1/2 MILE OR LESS
8 = SMOKE OR HAZE
[NO. OF DAYS WITH] [WEATHER - DAYS WITH] 9 = BLOWING SNOW
X = TORNADO
MAX 32 OR BELOW: 0 0.01 INCH OR MORE: 0
MAX 90 OR ABOVE: 1 0.10 INCH OR MORE: 0
MIN 32 OR BELOW: 0 0.50 INCH OR MORE: 0
MIN 0 OR BELOW: 0 1.00 INCH OR MORE: 0
[HDD (BASE 65) ]
TOTAL THIS MO. 120 CLEAR (SCALE 0-3) 29
DPTR FM NORMAL 47 PTCLDY (SCALE 4-7) 2
TOTAL FM JUL 1 936 CLOUDY (SCALE 8-10) 0
DPTR FM NORMAL -14
[CDD (BASE 65) ]
TOTAL THIS MO. 33
DPTR FM NORMAL -51 [PRESSURE DATA]
TOTAL FM JAN 1 38 HIGHEST SLP 30.32 ON 1
DPTR FM NORMAL -61 LOWEST SLP 29.64 ON 29
[REMARKS]
#FINAL-03-21#