000
CXUS55 KPSR 290305
CF6IPL
PRELIMINARY LOCAL CLIMATOLOGICAL DATA (WS FORM: F-6)
STATION: IMPERIAL CA
MONTH: OCTOBER
YEAR: 2020
LATITUDE: 32 50 N
LONGITUDE: 115 35 W
TEMPERATURE IN F: :PCPN: SNOW: WIND :SUNSHINE: SKY :PK WND
================================================================================
1 2 3 4 5 6A 6B 7 8 9 10 11 12 13 14 15 16 17 18
12Z AVG MX 2MIN
DY MAX MIN AVG DEP HDD CDD WTR SNW DPTH SPD SPD DIR MIN PSBL S-S WX SPD DR
================================================================================
1 108 68 88 8 0 23 0.00 M M 4.9 12 260 M M 0 12 260
2 108 68 88 8 0 23 0.00 M M 4.0 9 300 M M 0 12 60
3 106 66 86 7 0 21 0.00 M M 2.8 10 270 M M 0 12 270
4 105 68 87 8 0 22 0.00 M M 4.4 14 260 M M 0 18 260
5 106 69 88 10 0 23 0.00 M M 4.6 15 240 M M 0 18 250
6 103 65 84 6 0 19 0.00 M M 4.1 12 250 M M 0 8 14 240
7 103 68 86 8 0 21 0.00 M M 4.7 10 280 M M 0 8 14 140
8 98 67 83 6 0 18 0.00 M M 8.8 26 270 M M 0 8 37 270
9 98 67 83 6 0 18 0.00 M M 7.3 20 250 M M 0 25 250
10 95 63 79 3 0 14 0.00 M M 5.7 17 250 M M 0 23 240
11 96 65 81 5 0 16 0.00 M M 2.9 10 270 M M 0 12 350
12 99 64 82 6 0 17 0.00 M M 4.4 10 270 M M 0 12 270
13 103 63 83 8 0 18 0.00 M M 4.1 8 80 M M 0 12 90
14 104 66 85 10 0 20 0.00 M M 4.1 10 80 M M 0 12 100
15 102 63 83 8 0 18 0.00 M M 2.6 8 260 M M 0 8 10 60
16 100 65 83 9 0 18 0.00 M M 4.4 12 340 M M 0 8 16 350
17 101 65 83 9 0 18 0.00 M M 4.2 8 240 M M 0 8 11 80
18 101 66 84 10 0 19 0.00 M M 4.6 10 230 M M 0 11 270
19 99 67 83 10 0 18 0.00 M M 4.2 10 30 M M 0 8 13 30
20 100 64 82 9 0 17 0.00 M M 2.9 8 270 M M 0 8 11 260
21 97 64 81 9 0 16 0.00 M M 3.7 12 130 M M 0 14 120
22 97 70 84 12 0 19 0.00 M M M M M M M M M M
23 89 69 79 7 0 14 0.00 M M M M M M M M M M
24 87 66 77 6 0 12 0.00 M M 4.7 20 280 M M 0 28 290
25 79 65 72 1 0 7 0.00 M M 23.6 37 260 M M 0 8 46 250
26 68 49 59 -12 6 0 0.00 M M 15.4 35 360 M M 2 8 42 360
27 76 50 63 -7 2 0 0.00 M M 8.2 21 10 M M 0 8 27 360
28 79 44 62 -8 3 0 0.00 M M 2.6 8 160 M M 0 9 160
29 83 49 66 -4 0 1 0.00 M M 2.1 10 270 M M 0 11 350
30 87 51 69 0 0 4 0.00 M M 3.6 9 260 M M 0 9 260
31 90 52 71 2 0 6 0.00 M M 3.8 9 260 M M 0 10 270
================================================================================
SM 2967 1946 11 460 0.00 M 157.4 M 2
================================================================================
AV 95.7 62.8 5.4 FASTST M M 0 MAX(MPH)
MISC ----> 37 260 46 250
================================================================================
NOTES:
# LAST OF SEVERAL OCCURRENCES
COLUMN 17 PEAK WIND IN M.P.H.
PRELIMINARY LOCAL CLIMATOLOGICAL DATA (WS FORM: F-6) , PAGE 2
STATION: IMPERIAL CA
MONTH: OCTOBER
YEAR: 2020
LATITUDE: 32 50 N
LONGITUDE: 115 35 W
[TEMPERATURE DATA] [PRECIPITATION DATA] SYMBOLS USED IN COLUMN 16
AVERAGE MONTHLY: 79.2 TOTAL FOR MONTH: 0.00 1 = FOG OR MIST
DPTR FM NORMAL: 4.9 DPTR FM NORMAL: -0.33 2 = FOG REDUCING VISIBILITY
HIGHEST: 108 ON 2, 1 GRTST 24HR 0.00 ON 3- 3 TO 1/4 MILE OR LESS
LOWEST: 44 ON 28 3 = THUNDER
SNOW, ICE PELLETS, HAIL 4 = ICE PELLETS
TOTAL MONTH: M 5 = HAIL
GRTST 24HR M ON M 6 = FREEZING RAIN OR DRIZZLE
GRTST DEPTH: M ON M 7 = DUSTSTORM OR SANDSTORM:
VSBY 1/2 MILE OR LESS
8 = SMOKE OR HAZE
[NO. OF DAYS WITH] [WEATHER - DAYS WITH] 9 = BLOWING SNOW
X = TORNADO
MAX 32 OR BELOW: 0 0.01 INCH OR MORE: 0
MAX 90 OR ABOVE: 23 0.10 INCH OR MORE: 0
MIN 32 OR BELOW: 0 0.50 INCH OR MORE: 0
MIN 0 OR BELOW: 0 1.00 INCH OR MORE: 0
[HDD (BASE 65) ]
TOTAL THIS MO. 11 CLEAR (SCALE 0-3) 29
DPTR FM NORMAL 4 PTCLDY (SCALE 4-7) 0
TOTAL FM JUL 1 11 CLOUDY (SCALE 8-10) 2
DPTR FM NORMAL 5
[CDD (BASE 65) ]
TOTAL THIS MO. 460
DPTR FM NORMAL 164 [PRESSURE DATA]
TOTAL FM JAN 1 4525 HIGHEST SLP 30.10 ON 26
DPTR FM NORMAL 598 LOWEST SLP 29.64 ON 21
[REMARKS]
#FINAL-10-20#
OCT 22 MINT...OCT22 MAXT...AND OCT 23 MINT DATA TAKEN FROM STATION USCRN044223 LOCATED 1 NNE