000
CXUS51 KCTP 010800
CF6IPT
PRELIMINARY LOCAL CLIMATOLOGICAL DATA (WS FORM: F-6)
STATION: WILLIAMSPORT PA
MONTH: MARCH
YEAR: 2021
LATITUDE: 41 15 N
LONGITUDE: 76 55 W
TEMPERATURE IN F: :PCPN: SNOW: WIND :SUNSHINE: SKY :PK WND
================================================================================
1 2 3 4 5 6A 6B 7 8 9 10 11 12 13 14 15 16 17 18
12Z AVG MX 2MIN
DY MAX MIN AVG DEP HDD CDD WTR SNW DPTH SPD SPD DIR MIN PSBL S-S WX SPD DR
================================================================================
1 48 26 37 4 28 0 0.17 T 2 12.4 35 290 M M 8 1 49 300
2 37 20 29 -4 36 0 0.00 0.0 1 9.8 30 310 M M 1 40 300
3 55 19 37 3 28 0 0.00 0.0 T 5.8 18 250 M M 2 24 240
4 42 24 33 -1 32 0 T T T 11.6 25 330 M M 6 33 320
5 38 18 28 -6 37 0 0.00 0.0 T 14.5 25 310 M M 2 35 330
6 35 28 32 -3 33 0 T T T 11.0 23 300 M M 10 30 300
7 41 22 32 -3 33 0 0.00 0.0 T 6.5 14 300 M M 1 20 340
8 46 16 31 -4 34 0 0.00 0.0 T 3.3 12 280 M M 2 15 270
9 64 26 45 9 20 0 0.00 0.0 0 2.8 13 340 M M 1 18 250
10 65 28 47 11 18 0 0.00 0.0 0 6.6 18 160 M M 0 28 150
11 66 41 54 18 11 0 0.06 0.0 0 4.7 16 280 M M 5 1 24 280
12 64 43 54 17 11 0 0.00 0.0 0 11.3 30 310 M M 3 40 300
13 51 27 39 2 26 0 0.00 0.0 0 9.8 28 300 M M 0 36 300
14 54 27 41 4 24 0 0.00 0.0 0 15.1 31 300 M M 1 42 300
15 40 22 31 -7 34 0 0.00 0.0 0 9.2 24 300 M M 0 34 320
16 37 27 32 -6 33 0 0.04 0.2 0 7.4 16 60 M M 8 48 27 120
17 47 35 41 3 24 0 0.00 0.0 0 4.3 14 120 M M 9 18 21 130
18 47 37 42 3 23 0 0.92 0.0 0 6.6 18 360 M M 10 18 27 350
19 45 27 36 -3 29 0 0.00 0.0 0 9.6 21 10 M M 0 28 360
20 59 22 41 1 24 0 0.00 0.0 0 3.2 9 250 M M 0 12 260
21 64 25 45 5 20 0 0.00 0.0 0 2.0 10 140 M M 0 13 130
22 65 27 46 6 19 0 0.00 0.0 0 2.3 12 130 M M 0 16 120
23 65 29 47 6 18 0 0.00 0.0 0 2.5 14 90 M M 1 8 22 140
24 57 49 53 12 12 0 0.34 0.0 0 6.3 15 60 M M 10 1 23 110
25 67 52 60 18 5 0 0.04 0.0 0 5.2 18 160 M M 7 1 29 140
26 73 51 62 20 3 0 0.05 0.0 0 16.0 37 250 M M 8 13 50 270
27 68 44 56 14 9 0 0.00 0.0 0 5.9 20 160 M M 3 28 140
28 60 42 51 8 14 0 0.33 0.0 0 14.5 31 280 M M 7 18 39 250
29 53 34 44 1 21 0 0.00 0.0 0 11.1 28 280 M M 4 38 290
30 67 28 48 4 17 0 0.00 0.0 0 8.0 24 140 M M 0 37 150
31 58 46 52 8 13 0 0.16 0.0 0 7.4 18 60 M M 7 1 26 50
================================================================================
SM 1678 962 689 0 2.11 0.2 246.7 M 116
================================================================================
AV 54.1 31.0 8.0 FASTST M M 4 MAX(MPH)
MISC ----> 37 250 50 270
================================================================================
NOTES:
# LAST OF SEVERAL OCCURRENCES
COLUMN 17 PEAK WIND IN M.P.H.
PRELIMINARY LOCAL CLIMATOLOGICAL DATA (WS FORM: F-6) , PAGE 2
STATION: WILLIAMSPORT PA
MONTH: MARCH
YEAR: 2021
LATITUDE: 41 15 N
LONGITUDE: 76 55 W
[TEMPERATURE DATA] [PRECIPITATION DATA] SYMBOLS USED IN COLUMN 16
AVERAGE MONTHLY: 42.6 TOTAL FOR MONTH: 2.11 1 = FOG OR MIST
DPTR FM NORMAL: 4.4 DPTR FM NORMAL: -0.86 2 = FOG REDUCING VISIBILITY
HIGHEST: 73 ON 26 GRTST 24HR 0.92 ON 18-18 TO 1/4 MILE OR LESS
LOWEST: 16 ON 8 3 = THUNDER
SNOW, ICE PELLETS, HAIL 4 = ICE PELLETS
TOTAL MONTH: 0.2 INCH 5 = HAIL
GRTST 24HR 0.2 ON 16-16 6 = FREEZING RAIN OR DRIZZLE
GRTST DEPTH: 2 ON 1 7 = DUSTSTORM OR SANDSTORM:
VSBY 1/2 MILE OR LESS
8 = SMOKE OR HAZE
[NO. OF DAYS WITH] [WEATHER - DAYS WITH] 9 = BLOWING SNOW
X = TORNADO
MAX 32 OR BELOW: 0 0.01 INCH OR MORE: 9
MAX 90 OR ABOVE: 0 0.10 INCH OR MORE: 5
MIN 32 OR BELOW: 20 0.50 INCH OR MORE: 1
MIN 0 OR BELOW: 0 1.00 INCH OR MORE: 0
[HDD (BASE 65) ]
TOTAL THIS MO. 689 CLEAR (SCALE 0-3) 17
DPTR FM NORMAL -140 PTCLDY (SCALE 4-7) 9
TOTAL FM JUL 1 4741 CLOUDY (SCALE 8-10) 5
DPTR FM NORMAL -555
[CDD (BASE 65) ]
TOTAL THIS MO. 0
DPTR FM NORMAL 0 [PRESSURE DATA]
TOTAL FM JAN 1 0 HIGHEST SLP 30.65 ON 20
DPTR FM NORMAL 0 LOWEST SLP 29.40 ON 28
[REMARKS]
#FINAL-03-21#