000
CXUS51 KCTP 010846
CLSIPT
CLIMATE REPORT
NATIONAL WEATHER SERVICE STATE COLLEGE PA
446 AM EDT WED JUN 01 2022
...................................
...THE WILLIAMSPORT PA CLIMATE SUMMARY FOR THE SEASON, FROM
3/1/2022 TO 5/31/2022...
CLIMATE NORMAL PERIOD 1991 TO 2020
CLIMATE RECORD PERIOD 1895 TO 2022
WEATHER OBSERVED NORMAL DEPART LAST YEAR`S
VALUE DATE(S) VALUE FROM VALUE DATE(S)
NORMAL
................................................................
TEMPERATURE (F)
RECORD
HIGH 96 05/20/1996
05/19/1996
05/23/1925
LOW -5 03/18/1916
HIGHEST 93 05/21 91 05/23
LOWEST 15 03/04 16 03/08
AVG. MAXIMUM 62.4 60.8 1.6 62.9
AVG. MINIMUM 40.0 39.1 0.9 39.6
MEAN 51.2 49.9 1.3 51.3
DAYS MAX >= 90 3 1.7 1.3 1
DAYS MAX <= 32 2 1.8 0.2 0
DAYS MIN <= 32 25 27.9 -2.9 25
DAYS MIN <= 0 0 0.1 -0.1 0
PRECIPITATION (INCHES)
RECORD
MAXIMUM 23.75 2011
MINIMUM 4.92 2016
TOTALS 9.93 10.61 -0.68 7.92
DAILY AVG. 0.11 0.12 -0.01 0.09
DAYS >= .01 44 37.5 6.5 34
DAYS >= .10 22 22.2 -0.2 17
DAYS >= .50 5 6.8 -1.8 4
DAYS >= 1.00 1 2.0 -1.0 1
GREATEST
24 HR. TOTAL 1.39 05/06 TO 05/07 1.29 05/28 TO 05/29
STORM TOTAL 1.14 1.02
(MM/DD(HH)) MM
SNOWFALL (INCHES)
RECORDS
TOTAL 37.1 1915
24 HR TOTAL 0.2 MM
SNOW DEPTH 2 03/01/2021
TOTALS 11.2 8.1 3.1 0.5
LIQUID EQUIV 1.10 0.00 1.10 0.10
SINCE 7/1 29.3 35.8 -6.5 MM
LIQUID 7/1 2.93 3.50 -0.57 MM
SNOWDEPTH AVG. 0 -1
DAYS >= TRACE 12 4.0 8.0 7
DAYS >= 1.0 4 2.0 2.0 0
GREATEST
SNOW DEPTH 4R 03/13 2 03/01
24 HR TOTAL MM MM 0.2
STORM TOTAL 6.3 0.2
(MM/DD(HH)) MM
DEGREE DAYS
HEATING TOTAL 1314 1440 -126 1302
SINCE 7/1 5318 5745 -427 MM
COOLING TOTAL 68 54 14 59
SINCE 1/1 68 54 14 MM
FREEZE DATES
RECORD
EARLIEST 09/22/1904
LATEST 05/25/1956
EARLIEST 03/01
LATEST 05/14
................................................................
WIND (MPH)
AVERAGE WIND SPEED 7.0
RESULTANT WIND SPEED/DIRECTION 1/280
HIGHEST WIND SPEED/DIRECTION 36/270 DATE 03/07
HIGHEST GUST SPEED/DIRECTION 53/250 DATE 03/07
SKY COVER
POSSIBLE SUNSHINE (PERCENT) MM
AVERAGE SKY COVER 0.50
NUMBER OF DAYS FAIR 36
NUMBER OF DAYS PC 29
NUMBER OF DAYS CLOUDY 27
WEATHER CONDITIONS. NUMBER OF DAYS WITH
THUNDERSTORM 7 MIXED PRECIP 0
HEAVY RAIN 8 RAIN 17
LIGHT RAIN 48 FREEZING RAIN 0
LT FREEZING RAIN 0 HAIL 0
HEAVY SNOW 1 SNOW 2
LIGHT SNOW 12 SLEET 1
FOG 37 FOG W/VIS <= 1/4 MILE 13
HAZE 12
- INDICATES NEGATIVE NUMBERS.
R INDICATES RECORD WAS SET OR TIED.
MM INDICATES DATA IS MISSING.
T INDICATES TRACE AMOUNT.
$$