000
CXUS53 KEAX 011925 RRA
CLMIRK
CLIMATE REPORT
NATIONAL WEATHER SERVICE KANSAS CITY/PLEASANT HILL MO
222 PM CDT SAT APR 01 2023
...................................
...THE KIRKSVILLE MO CLIMATE SUMMARY FOR THE MONTH OF MARCH 2023...
CLIMATE NORMAL PERIOD: 1991 TO 2020
CLIMATE RECORD PERIOD: 9999 TO 9999
WEATHER OBSERVED NORMAL DEPART LAST YEAR`S
VALUE DATE(S) VALUE FROM VALUE DATE(S)
NORMAL
................................................................
TEMPERATURE (F)
HIGHEST 72 03/31 75 -3 78 03/02
LOWEST 11 03/18 11 0 5 03/12
AVG. MAXIMUM 49.5 51.8 -2.3 52.0
AVG. MINIMUM 29.6 30.6 -1.0 30.7
MEAN 39.5 41.2 -1.7 41.3
DAYS MAX >= 90 0 0.0 0.0 0
DAYS MAX <= 32 2 1.7 0.3 4
DAYS MIN <= 32 20 18.6 1.4 14
DAYS MIN <= 0 0 0.2 -0.2 0
PRECIPITATION (INCHES)
TOTALS 3.29R 2.62 0.67 4.20
DAILY AVG. 0.11 0.08 0.03 0.14
DAYS >= .01 14 9.7 4.3 12
DAYS >= .10 8 5.7 2.3 10
DAYS >= .50 2 1.7 0.3 3
DAYS >= 1.00 0 0.6 -0.6 1
GREATEST
24 HR. TOTAL 1.12 03/24 TO 03/25
DEGREE DAYS
HEATING TOTAL 781 739 42 726
SINCE 7/1 4944 5182 -238 MM
COOLING TOTAL 0 1 -1 0
SINCE 1/1 0 1 -1 MM
................................................................
WIND (MPH)
AVERAGE WIND SPEED 10.8
HIGHEST WIND SPEED/DIRECTION 37/270 DATE 03/31
HIGHEST GUST SPEED/DIRECTION 55/280 DATE 03/31
SKY COVER
POSSIBLE SUNSHINE (PERCENT) MM
AVERAGE SKY COVER 0.53
NUMBER OF DAYS FAIR 9
NUMBER OF DAYS PC 14
NUMBER OF DAYS CLOUDY 8
AVERAGE RH (PERCENT) 69
WEATHER CONDITIONS. NUMBER OF DAYS WITH
THUNDERSTORM 2 MIXED PRECIP 0
HEAVY RAIN 2 RAIN 4
LIGHT RAIN 11 FREEZING RAIN 0
LT FREEZING RAIN 0 HAIL 0
HEAVY SNOW 1 SNOW 2
LIGHT SNOW 7 SLEET 0
FOG 18 FOG W/VIS <= 1/4 MILE 2
HAZE 2
- INDICATES NEGATIVE NUMBERS.
R INDICATES RECORD WAS SET OR TIED.
MM INDICATES DATA IS MISSING.
T INDICATES TRACE AMOUNT.
$$