000
CXUS53 KEAX 012138
CLSIRK
CLIMATE REPORT
NATIONAL WEATHER SERVICE KANSAS CITY/PLEASANT HILL MO
309 PM CST THU DEC 01 2022
...................................
...THE KIRKSVILLE MO CLIMATE SUMMARY FOR THE SEASON, FROM
9/1/2022 TO 11/30/2022...
CLIMATE NORMAL PERIOD: 1991 TO 2020
CLIMATE RECORD PERIOD: 9999 TO 9999
WEATHER OBSERVED NORMAL DEPART LAST YEAR`S
VALUE DATE(S) VALUE FROM VALUE DATE(S)
NORMAL
................................................................
TEMPERATURE (F)
HIGHEST 96 09/20 89 7 90 09/20
LOWEST 14 11/20 14 0 14 11/26
AVG. MAXIMUM 66.3 64.2 2.1 68.0
AVG. MINIMUM 40.3 42.8 -2.5 45.8
MEAN 53.3 53.5 -0.2 56.9
DAYS MAX >= 90 1 2.9 -1.9 1
DAYS MAX <= 32 5 1.6 3.4 0
DAYS MIN <= 32 26 21.8 4.2 17
DAYS MIN <= 0 0 0.0 0.0 0
PRECIPITATION (INCHES)
TOTALS 5.77R 9.30 -3.53 7.88
DAILY AVG. 0.07 0.10 -0.03 0.09
DAYS >= .01 18 27.1 -9.1 19
DAYS >= .10 11 14.1 -3.1 12
DAYS >= .50 3 6.0 -3.0 2
DAYS >= 1.00 1 2.6 -1.6 1
GREATEST
24 HR. TOTAL 2.02 11/04 TO 11/05
DEGREE DAYS
HEATING TOTAL 1188 1174 14 930
COOLING TOTAL 150 124 26 213
................................................................
WIND (MPH)
AVERAGE WIND SPEED 8.2
HIGHEST WIND SPEED/DIRECTION 31/290 DATE 10/13
HIGHEST GUST SPEED/DIRECTION 45/350 DATE 10/25
SKY COVER
POSSIBLE SUNSHINE (PERCENT) MM
AVERAGE SKY COVER 0.25
NUMBER OF DAYS FAIR 62
NUMBER OF DAYS PC 22
NUMBER OF DAYS CLOUDY 7
AVERAGE RH (PERCENT) 65
WEATHER CONDITIONS. NUMBER OF DAYS WITH
THUNDERSTORM 1 MIXED PRECIP 0
HEAVY RAIN 5 RAIN 10
LIGHT RAIN 19 FREEZING RAIN 0
LT FREEZING RAIN 0 HAIL 0
HEAVY SNOW 0 SNOW 1
LIGHT SNOW 2 SLEET 0
FOG 32 FOG W/VIS <= 1/4 MILE 6
HAZE 9
- INDICATES NEGATIVE NUMBERS.
R INDICATES RECORD WAS SET OR TIED.
MM INDICATES DATA IS MISSING.
T INDICATES TRACE AMOUNT.
$$