000
CXUS53 KBIS 011246
CF6ISN
PRELIMINARY LOCAL CLIMATOLOGICAL DATA (WS FORM: F-6)
STATION: WILLISTON ND
MONTH: JULY
YEAR: 2019
LATITUDE: 48 10 N
LONGITUDE: 103 38 W
TEMPERATURE IN F: :PCPN: SNOW: WIND :SUNSHINE: SKY :PK WND
================================================================================
1 2 3 4 5 6A 6B 7 8 9 10 11 12 13 14 15 16 17 18
12Z AVG MX 2MIN
DY MAX MIN AVG DEP HDD CDD WTR SNW DPTH SPD SPD DIR MIN PSBL S-S WX SPD DR
================================================================================
1 84 52 68 1 0 3 0.06 M M 7.3 28 210 M M 1 3 50 210
2 69 54 62 -6 3 0 0.00 M M 8.0 20 350 M M 5 29 10
3 68 52 60 -8 5 0 0.01 M M 4.8 10 360 M M 9 14 170
4 73 46 60 -8 5 0 0.00 M M 3.2 9 160 M M 2 18 14 140
5 80 50 65 -3 0 0 T M M 7.1 14 110 M M 3 18 23 110
6 81 58 70 1 0 5 T M M 7.1 17 150 M M 4 32 140
7 91 60 76 7 0 11 0.00 M M 9.3 21 160 M M 2 37 150
8 89 63 76 7 0 11 T M M 8.5 23 330 M M 2 3 40 340
9 69 60 65 -4 0 0 3.12 M M 14.0 25 300 M M 9 13 42 320
10 79 58 69 0 0 4 0.00 M M 6.8 20 330 M M 1 29 320
11 88 64 76 6 0 11 0.00 M M 8.2 17 300 M M 1 23 300
12 85 59 72 2 0 7 0.04 M M 4.6 20 360 M M 1 13 38 10
13 91 58 75 5 0 10 T M M 5.1 20 260 M M 0 1 29 290
14 89 66 78 8 0 13 T M M 6.9 31 260 M M 0 42 260
15 83 62 73 3 0 8 0.00 M M 8.4 21 200 M M 0 39 200
16 81 58 70 0 0 5 T M M 4.7 15 160 M M 4 3 23 170
17 85 57 71 0 0 6 0.00 M M 6.8 17 210 M M 1 33 190
18 85 62 74 3 0 9 0.00 M M 10.5 24 250 M M 1 35 270
19 79 53 66 -5 0 1 0.00 M M 9.9 21 280 M M 1 31 250
20 79 51 65 -6 0 0 0.00 M M 5.7 15 250 M M 1 21 250
21 81 50 66 -5 0 1 0.00 M M 5.6 13 340 M M 2 22 20
22 85 49 67 -4 0 2 0.00 M M 5.7 15 90 M M 0 18 70
23 88 53 71 0 0 6 0.00 M M 9.6 17 140 M M 0 33 140
24 89 70 80 9 0 15 T M M 8.1 17 150 M M 0 24 140
25 86 58 72 1 0 7 0.00 M M 13.2 24 330 M M 0 8 41 10
26 85 51 68 -4 0 3 0.00 M M 11.7 25 270 M M 0 40 320
27 95 50 73 1 0 8 0.00 M M 6.5 16 190 M M 0 23 190
28 85 59 72 0 0 7 0.00 M M 14.4 30 270 M M 0 51 310
29 78 47 63 -9 2 0 0.00 M M 5.6 13 130 M M 0 18 130
30 86 55 71 -1 0 6 T M M 10.6 21 150 M M 0 36 140
31 94 66 80 8 0 15 0.00 M M 5.9 9 160 M M 0 22 140
================================================================================
SM 2580 1751 15 174 3.23 M 243.8 M 50
================================================================================
AV 83.2 56.5 7.9 FASTST M M 2 MAX(MPH)
MISC ----> # 31 260 # 51 310
================================================================================
NOTES:
# LAST OF SEVERAL OCCURRENCES
COLUMN 17 PEAK WIND IN M.P.H.
PRELIMINARY LOCAL CLIMATOLOGICAL DATA (WS FORM: F-6) , PAGE 2
STATION: WILLISTON ND
MONTH: JULY
YEAR: 2019
LATITUDE: 48 10 N
LONGITUDE: 103 38 W
[TEMPERATURE DATA] [PRECIPITATION DATA] SYMBOLS USED IN COLUMN 16
AVERAGE MONTHLY: 69.9 TOTAL FOR MONTH: 3.23 1 = FOG OR MIST
DPTR FM NORMAL: -0.2 DPTR FM NORMAL: 0.69 2 = FOG REDUCING VISIBILITY
HIGHEST: 95 ON 27 GRTST 24HR 3.12 ON 9- 9 TO 1/4 MILE OR LESS
LOWEST: 46 ON 4 3 = THUNDER
SNOW, ICE PELLETS, HAIL 4 = ICE PELLETS
TOTAL MONTH: M 5 = HAIL
GRTST 24HR M ON M 6 = FREEZING RAIN OR DRIZZLE
GRTST DEPTH: M ON M 7 = DUSTSTORM OR SANDSTORM:
VSBY 1/2 MILE OR LESS
8 = SMOKE OR HAZE
[NO. OF DAYS WITH] [WEATHER - DAYS WITH] 9 = BLOWING SNOW
X = TORNADO
MAX 32 OR BELOW: 0 0.01 INCH OR MORE: 4
MAX 90 OR ABOVE: 4 0.10 INCH OR MORE: 1
MIN 32 OR BELOW: 0 0.50 INCH OR MORE: 1
MIN 0 OR BELOW: 0 1.00 INCH OR MORE: 1
[HDD (BASE 65) ]
TOTAL THIS MO. 15 CLEAR (SCALE 0-3) 26
DPTR FM NORMAL -9 PTCLDY (SCALE 4-7) 3
TOTAL FM JUL 1 15 CLOUDY (SCALE 8-10) 2
DPTR FM NORMAL -9
[CDD (BASE 65) ]
TOTAL THIS MO. 174
DPTR FM NORMAL -8 [PRESSURE DATA]
TOTAL FM JAN 1 244 HIGHEST SLP 30.31 ON 22
DPTR FM NORMAL -19 LOWEST SLP 29.57 ON 18
[REMARKS]
#FINAL-07-19#