000
CXUS51 KOKX 010910
CF6ISP
PRELIMINARY LOCAL CLIMATOLOGICAL DATA (WS FORM: F-6)
STATION: ISLIP NY
MONTH: JUNE
YEAR: 2022
LATITUDE: 40 47 N
LONGITUDE: 73 6 W
TEMPERATURE IN F: :PCPN: SNOW: WIND :SUNSHINE: SKY :PK WND
================================================================================
1 2 3 4 5 6A 6B 7 8 9 10 11 12 13 14 15 16 17 18
12Z AVG MX 2MIN
DY MAX MIN AVG DEP HDD CDD WTR SNW DPTH SPD SPD DIR MIN PSBL S-S WX SPD DR
================================================================================
1 70 57 64 0 1 0 0.32 0.0 0 9.2 17 80 M M 8 13 20 70
2 77 59 68 3 0 3 0.15 0.0 0 6.1 13 160 M M 9 123 15 170
3 72 61 67 2 0 2 0.02 0.0 0 5.7 12 180 M M 9 1 15 170
4 72 56 64 -1 1 0 0.00 0.0 0 6.8 15 190 M M 2 1 19 200
5 75 51 63 -3 2 0 0.00 0.0 0 6.1 15 20 M M 3 20 30
6 78 53 66 0 0 1 0.00 0.0 0 6.8 16 230 M M 3 20 200
7 75 56 66 0 0 1 T 0.0 0 13.1 25 170 M M 7 34 160
8 82 66 74 7 0 9 0.13 0.0 0 9.1 20 170 M M 8 1 28 180
9 86 65 76 9 0 11 0.66 0.0 0 14.5 23 270 M M 6 13 31 190
10 80 58 69 2 0 4 0.00 0.0 0 8.5 17 220 M M 4 22 290
11 77 63 70 2 0 5 T 0.0 0 5.6 16 190 M M 6 20 200
12 72 62 67 -1 0 2 0.08 0.0 0 8.6 16 170 M M 9 22 240
13 83 66 75 7 0 10 T 0.0 0 6.3 20 260 M M 7 13 25 250
14 81 64 73 4 0 8 0.00 0.0 0 6.3 15 320 M M 5 19 320
15 77 63 70 1 0 5 0.00 0.0 0 9.2 17 150 M M 5 8 21 150
16 70 65 68 -1 0 3 0.03 0.0 0 10.7 21 170 M M 9 28 180
17 90 69 80 10 0 15 0.00 0.0 0 11.4 21 210 M M 6 3 25 210
18 72 53 63 -7 2 0 0.09 0.0 0 13.7 25 340 M M 6 35 320
19 73 54 64 -6 1 0 T 0.0 0 13.8 25 340 M M 4 35 340
20 79 53 66 -5 0 1 0.00 0.0 0 8.6 14 310 M M 5 20 310
21 79 58 69 -2 0 4 0.01 0.0 0 4.6 10 110 M M 8 12 160
22 65 58 62 -9 3 0 0.78 0.0 0 7.2 18 140 M M 9 1 22 140
23 75 58 67 -5 0 2 0.00 0.0 0 8.5 18 140 M M 6 1 25 130
24 76 59 68 -4 0 3 0.00 0.0 0 6.2 14 230 M M 5 12 19 220
25 89 63 76 4 0 11 0.00 0.0 0 5.2 13 180 M M 1 1 17 300
26 87 67 77 5 0 12 0.00 0.0 0 9.2 18 210 M M 3 27 210
27 76 68 72 -1 0 7 0.54 0.0 0 10.3 21 220 M M 9 1 29 220
28 78 60 69 -4 0 4 0.00 0.0 0 8.0 15 330 M M 4 23 320
29 81 60 71 -2 0 6 0.00 0.0 0 7.4 16 200 M M 3 21 200
30 84 64 74 1 0 9 0.00 0.0 0 7.0 14 180 M M 3 18 330
================================================================================
SM 2331 1809 10 138 2.81 0.0 253.7 M 172
================================================================================
AV 77.7 60.3 8.5 FASTST M M 6 MAX(MPH)
MISC ----> # 25 170 # 35 320
================================================================================
NOTES:
# LAST OF SEVERAL OCCURRENCES
COLUMN 17 PEAK WIND IN M.P.H.
PRELIMINARY LOCAL CLIMATOLOGICAL DATA (WS FORM: F-6) , PAGE 2
STATION: ISLIP NY
MONTH: JUNE
YEAR: 2022
LATITUDE: 40 47 N
LONGITUDE: 73 6 W
[TEMPERATURE DATA] [PRECIPITATION DATA] SYMBOLS USED IN COLUMN 16
AVERAGE MONTHLY: 69.0 TOTAL FOR MONTH: 2.81 1 = FOG OR MIST
DPTR FM NORMAL: 0.0 DPTR FM NORMAL: -1.19 2 = FOG REDUCING VISIBILITY
HIGHEST: 90 ON 17 GRTST 24HR 0.79 ON 21-22 TO 1/4 MILE OR LESS
LOWEST: 51 ON 5 3 = THUNDER
SNOW, ICE PELLETS, HAIL 4 = ICE PELLETS
TOTAL MONTH: 0.0 INCH 5 = HAIL
GRTST 24HR 0.0 6 = FREEZING RAIN OR DRIZZLE
GRTST DEPTH: 0 7 = DUSTSTORM OR SANDSTORM:
VSBY 1/2 MILE OR LESS
8 = SMOKE OR HAZE
[NO. OF DAYS WITH] [WEATHER - DAYS WITH] 9 = BLOWING SNOW
X = TORNADO
MAX 32 OR BELOW: 0 0.01 INCH OR MORE: 11
MAX 90 OR ABOVE: 1 0.10 INCH OR MORE: 6
MIN 32 OR BELOW: 0 0.50 INCH OR MORE: 3
MIN 0 OR BELOW: 0 1.00 INCH OR MORE: 0
[HDD (BASE 65) ]
TOTAL THIS MO. 10 CLEAR (SCALE 0-3) 7
DPTR FM NORMAL -20 PTCLDY (SCALE 4-7) 16
TOTAL FM JUL 1 4699 CLOUDY (SCALE 8-10) 7
DPTR FM NORMAL -483
[CDD (BASE 65) ]
TOTAL THIS MO. 138
DPTR FM NORMAL -14 [PRESSURE DATA]
TOTAL FM JAN 1 189 HIGHEST SLP M ON M
DPTR FM NORMAL 8 LOWEST SLP 29.56 ON 9
[REMARKS]
#FINAL-06-22#