000
CXUS53 KGRB 280708
CF6ISW
PRELIMINARY LOCAL CLIMATOLOGICAL DATA (WS FORM: F-6)
STATION: WISCONSIN RAPIDS ASOS
MONTH: MARCH
YEAR: 2024
LATITUDE: 44 22 N
LONGITUDE: 89 50 W
TEMPERATURE IN F: :PCPN: SNOW: WIND :SUNSHINE: SKY :PK WND
================================================================================
1 2 3 4 5 6A 6B 7 8 9 10 11 12 13 14 15 16 17 18
12Z AVG MX 2MIN
DY MAX MIN AVG DEP HDD CDD WTR SNW DPTH SPD SPD DIR MIN PSBL S-S WX SPD DR
================================================================================
1 54 30 42 17 23 0 0.00 0.0 0 10.5 22 220 M M 0 31 210
2 61 30 46 21 19 0 0.00 0.0 0 7.2 16 220 M M 0 1 23 170
3 72 40 56 30 9 0 0.17 0.0 0 13.4 28 230 M M 4 138 47 230
4 47 28 38 12 27 0 0.42 0.0 0 6.9 18 20 M M 7 1 23 20
5 52 26 39 12 26 0 0.00 0.0 0 6.5 14 100 M M 1 8 20 130
6 51 22 37 10 28 0 0.00 0.0 0 7.2 16 110 M M 1 22 120
7 56 31 44 16 21 0 0.00 0.0 0 5.5 13 120 M M 2 19 120
8 47 33 40 12 25 0 T 0.0 0 7.7 16 350 M M 9 23 340
9 41 23 32 4 33 0 0.00 0.0 0 12.4 23 330 M M 3 36 310
10 47 20 34 5 31 0 0.00 M 0 5.3 16 340 M M 0 22 330
11 66 23 45 16 20 0 0.00 0.0 0 5.6 15 240 M M 0 22 240
12 70 35 53 23 12 0 0.00 0.0 0 7.4 18 270 M M 0 26 260
13 69 28 49 19 16 0 0.00 0.0 0 3.9 12 50 M M 0 16 50
14 54 37 46 15 19 0 0.00 0.0 0 9.1 21 30 M M 1 27 80
15 55 23 39 8 26 0 0.00 0.0 0 5.8 15 290 M M 2 23 250
16 50 33 42 10 23 0 0.00 0.0 0 16.0 29 320 M M 9 40 310
17 33 23 28 -4 37 0 0.00 0.0 0 15.0 24 350 M M 10 40 350
18 37 22 30 -2 35 0 0.00 0.0 0 10.1 17 320 M M 7 24 250
19 51 29 40 7 25 0 0.00 0.0 0 14.3 28 320 M M 3 39 330
20 32 20 26 -7 39 0 0.00 0.0 0 11.1 24 310 M M 1 31 320
21 35 19 27 -7 38 0 0.06 M M 2.6 10 190 M M 5 1 16 260
22 31 18 25 -9 40 0 0.13 M M 5.6 14 360 M M 10 1 19 20
23 33 9 21 -14 44 0 0.00 0.0 M 4.4 13 10 M M 2 18 17 330
24 34 26 30 -5 35 0 0.24 M M 9.5 18 120 M M 10 128 29 110
25 48 33 41 5 24 0 0.39 M M 8.8 17 110 M M 10 1 26 110
26 58 23 41 5 24 0 0.39 M M 13.1 28 220 M M 9 1 38 220
27 34 20 27 -9 38 0 T M M 12.9 22 270 M M 8 34 260
================================================================================
SM 1318 704 737 0 1.80 0.0 237.8 M 114
================================================================================
AV 48.8 26.1 8.8 FASTST M M 4 MAX(MPH)
MISC ----> 29 320 47 230
================================================================================
NOTES:
# LAST OF SEVERAL OCCURRENCES
COLUMN 17 PEAK WIND IN M.P.H.
PRELIMINARY LOCAL CLIMATOLOGICAL DATA (WS FORM: F-6) , PAGE 2
STATION: WISCONSIN RAPIDS ASOS
MONTH: MARCH
YEAR: 2024
LATITUDE: 44 22 N
LONGITUDE: 89 50 W
[TEMPERATURE DATA] [PRECIPITATION DATA] SYMBOLS USED IN COLUMN 16
AVERAGE MONTHLY: 37.4 TOTAL FOR MONTH: 1.80 1 = FOG OR MIST
DPTR FM NORMAL: 6.8 DPTR FM NORMAL: 0.19 2 = FOG REDUCING VISIBILITY
HIGHEST: 72 ON 3 GRTST 24HR 0.76 ON 25-26 TO 1/4 MILE OR LESS
LOWEST: 9 ON 23 3 = THUNDER
SNOW, ICE PELLETS, HAIL 4 = ICE PELLETS
TOTAL MONTH: 0.0 INCH 5 = HAIL
GRTST 24HR 0.0 6 = FREEZING RAIN OR DRIZZLE
GRTST DEPTH: 0 7 = DUSTSTORM OR SANDSTORM:
VSBY 1/2 MILE OR LESS
8 = SMOKE OR HAZE
[NO. OF DAYS WITH] [WEATHER - DAYS WITH] 9 = BLOWING SNOW
X = TORNADO
MAX 32 OR BELOW: 2 0.01 INCH OR MORE: 7
MAX 90 OR ABOVE: 0 0.10 INCH OR MORE: 6
MIN 32 OR BELOW: 21 0.50 INCH OR MORE: 0
MIN 0 OR BELOW: 0 1.00 INCH OR MORE: 0
[HDD (BASE 65) ]
TOTAL THIS MO. 737 CLEAR (SCALE 0-3) 15
DPTR FM NORMAL -189 PTCLDY (SCALE 4-7) 5
TOTAL FM JUL 1 5434 CLOUDY (SCALE 8-10) 7
DPTR FM NORMAL -1318
[CDD (BASE 65) ]
TOTAL THIS MO. 0
DPTR FM NORMAL 0 [PRESSURE DATA]
TOTAL FM JAN 1 0 HIGHEST SLP M ON M
DPTR FM NORMAL 0 LOWEST SLP 29.24 ON 26
[REMARKS]