000
CXUS52 TJSJ 112119
CF6ISX
PRELIMINARY LOCAL CLIMATOLOGICAL DATA (WS FORM: F-6)
STATION: HENRY E. ROHLSEN AP/ST CROIX
MONTH: OCTOBER
YEAR: 2023
LATITUDE: 17 42 N
LONGITUDE: 64 48 W
TEMPERATURE IN F: :PCPN: SNOW: WIND :SUNSHINE: SKY :PK WND
================================================================================
1 2 3 4 5 6A 6B 7 8 9 10 11 12 13 14 15 16 17 18
12Z AVG MX 2MIN
DY MAX MIN AVG DEP HDD CDD WTR SNW DPTH SPD SPD DIR MIN PSBL S-S WX SPD DR
================================================================================
1 94 80 87 5 0 22 M M M 8.2 22 60 M M 5 13 28 60
2 94 81 88 6 0 23 T M M 8.3 16 50 M M 4 1 23 30
3 91 77 84 2 0 19 M M M 9.9 30 250 M M 6 13 46 240
4 89 80 85 3 0 20 M M M 10.4 21 170 M M 6 13 36 190
5 92 81 87 5 0 22 0.19 M M 6.2 13 150 M M 2 19 140
6 92 83 88 6 0 23 M M M 9.7 20 120 M M 2 13 32 130
7 92 81 87 5 0 22 0.00 M M 10.8 17 110 M M 1 22 100
8 93 80 87 5 0 22 T M M 8.9 17 110 M M 3 22 120
9 92 81 87 5 0 22 T M M 8.4 15 100 M M 3 1 21 90
10 91 79 85 3 0 20 0.00 M M 8.1 16 90 M M 2 20 120
11 92 79 86 4 0 21 M M M 6.9 17 90 M M 4 22 80
12 92 80 86 4 0 21 0.00 M M 7.6 15 110 M M 3 20 120
13 91 80 86 4 0 21 T M M 5.2 12 130 M M 1 1 17 120
14 91 80 86 4 0 21 0.00 M M 5.0 9 170 M M 1 14 150
15 92 79 86 4 0 21 0.00 M M 5.2 10 150 M M 2 16 140
16 91 81 86 4 0 21 0.00 M M 5.9 10 150 M M 3 16 170
17 92 80 86 4 0 21 T M M 7.7 15 100 M M 1 20 130
18 92 79 86 4 0 21 T M M 7.6 16 110 M M 3 1 20 100
19 93 81 87 5 0 22 T M M 9.9 22 90 M M 2 28 100
20 93 82 88 6 0 23 M M M 14.3 26 100 M M 4 13 36 100
21 90 80 85 3 0 20 M M M 9.5 22 110 M M 5 13 27 110
22 91 81 86 4 0 21 M M M 5.1 16 40 M M 5 13 24 40
23 91 80 86 4 0 21 M M M 5.5 15 230 M M 3 3 21 230
24 90 81 86 4 0 21 M M M 2.7 12 130 M M 4 8 18 150
25 91 79 85 3 0 20 M M M 5.7 14 20 M M 5 21 30
26 89 78 84 2 0 19 T M M 5.0 16 90 M M 3 13 20 90
27 90 79 85 3 0 20 M M M 7.1 22 110 M M 6 138 28 90
28 88 79 84 2 0 19 M M M 7.9 20 120 M M 5 31 140
29 90 80 85 3 0 20 T M M 6.4 14 110 M M 3 1 20 130
30 87 80 84 2 0 19 T M M 9.8 18 100 M M 6 18 28 140
31 90 80 85 3 0 20 M M M 6.8 20 170 M M 5 1 31 180
================================================================================
SM 2826 2481 0 648 0.19 M 235.7 M 108
================================================================================
AV 91.2 80.0 7.6 FASTST M M 3 MAX(MPH)
MISC ----> 30 250 46 240
================================================================================
NOTES:
# LAST OF SEVERAL OCCURRENCES
COLUMN 17 PEAK WIND IN M.P.H.
PRELIMINARY LOCAL CLIMATOLOGICAL DATA (WS FORM: F-6) , PAGE 2
STATION: HENRY E. ROHLSEN AP/ST CROIX
MONTH: OCTOBER
YEAR: 2023
LATITUDE: 17 42 N
LONGITUDE: 64 48 W
[TEMPERATURE DATA] [PRECIPITATION DATA] SYMBOLS USED IN COLUMN 16
AVERAGE MONTHLY: 85.6 TOTAL FOR MONTH: 0.19 1 = FOG OR MIST
DPTR FM NORMAL: 3.4 DPTR FM NORMAL: -4.84 2 = FOG REDUCING VISIBILITY
HIGHEST: 94 ON 2, 1 GRTST 24HR 0.19 ON 5- 5 TO 1/4 MILE OR LESS
LOWEST: 77 ON 3 3 = THUNDER
SNOW, ICE PELLETS, HAIL 4 = ICE PELLETS
TOTAL MONTH: M 5 = HAIL
GRTST 24HR M ON M 6 = FREEZING RAIN OR DRIZZLE
GRTST DEPTH: M ON M 7 = DUSTSTORM OR SANDSTORM:
VSBY 1/2 MILE OR LESS
8 = SMOKE OR HAZE
[NO. OF DAYS WITH] [WEATHER - DAYS WITH] 9 = BLOWING SNOW
X = TORNADO
MAX 32 OR BELOW: 0 0.01 INCH OR MORE: 1
MAX 90 OR ABOVE: 27 0.10 INCH OR MORE: 1
MIN 32 OR BELOW: 0 0.50 INCH OR MORE: 0
MIN 0 OR BELOW: 0 1.00 INCH OR MORE: 0
[HDD (BASE 65) ]
TOTAL THIS MO. 0 CLEAR (SCALE 0-3) 15
DPTR FM NORMAL 0 PTCLDY (SCALE 4-7) 16
TOTAL FM JUL 1 0 CLOUDY (SCALE 8-10) 0
DPTR FM NORMAL 0
[CDD (BASE 65) ]
TOTAL THIS MO. 648
DPTR FM NORMAL 115 [PRESSURE DATA]
TOTAL FM JAN 1 5438 HIGHEST SLP 30.02 ON 10
DPTR FM NORMAL 585 LOWEST SLP 29.67 ON 3
[REMARKS]
#FINAL-10-23#
CORRECTED DUE TO RAIN GAUGE MALFUNCTIONING DURING THIS PERIOD.