000
CXUS55 KGLD 020102
CF6ITR
PRELIMINARY LOCAL CLIMATOLOGICAL DATA (WS FORM: F-6)
STATION: BURLINGTON CO
MONTH: JULY
YEAR: 2022
LATITUDE: 39 15 N
LONGITUDE: 102 17 W
TEMPERATURE IN F: :PCPN: SNOW: WIND :SUNSHINE: SKY :PK WND
================================================================================
1 2 3 4 5 6A 6B 7 8 9 10 11 12 13 14 15 16 17 18
12Z AVG MX 2MIN
DY MAX MIN AVG DEP HDD CDD WTR SNW DPTH SPD SPD DIR MIN PSBL S-S WX SPD DR
================================================================================
1 87 59 73 -1 0 8 T M M 9.9 24 200 M M 4 32 210
2 93 60 77 3 0 12 0.00 M M 8.8 18 130 M M 1 23 130
3 97 60 79 5 0 14 0.00 M M 15.4 33 220 M M 1 41 220
4 100 67 84 9 0 19 0.00 M M 12.5 23 200 M M 0 33 210
5 103 63 83 8 0 18 T M M 10.1 30 310 M M 1 40 290
6 86 61 74 -1 0 9 0.87 M M 11.2 33 330 M M 7 1 45 330
7 90 62 76 1 0 11 0.04 M M 8.7 22 260 M M 3 33 360
8 92 66 79 4 0 14 0.00 M M 5.1 14 130 M M 1 19 110
9 98 66 82 7 0 17 0.00 M M 12.7 22 190 M M 0 36 180
10 103 68 86 11 0 21 0.00 M M 12.3 25 320 M M 0 36 320
11 87 61 74 -2 0 9 0.00 M M 9.9 23 30 M M 1 31 40
12 90 60 75 -1 0 10 0.04 M M 13.7 29 130 M M 1 3 38 120
13 99 63 81 5 0 16 0.00 M M 13.0 30 150 M M 0 42 150
14 102 69 86 10 0 21 0.00 M M 9.0 17 190 M M 0 3 24 190
15 101 67 84 8 0 19 0.02 M M 10.1 20 90 M M 1 29 110
16 96 67 82 6 0 17 0.06 M M 8.9 28 300 M M 1 3 37 310
17 98 63 81 5 0 16 0.00 M M 8.6 16 110 M M 0 20 100
18 102 66 84 8 0 19 0.00 M M 15.0 25 180 M M 0 36 200
19 102 71 87 11 0 22 0.03 M M 11.5 38 270 M M 0 3 53 280
20 98 67 83 7 0 18 0.05 M M 10.1 29 220 M M 1 40 210
21 97 62 80 4 0 15 0.00 M M 13.4 26 160 M M 0 36 160
22 103 70 87 11 0 22 0.00 M M 10.6 23 150 M M 0 32 150
23 106 69 88 12 0 23 0.03 M M 14.4 28 10 M M 2 3 40 10
24 90 61 76 0 0 11 0.68 M M 12.3 21 100 M M 3 13 32 100
25 84 61 73 -3 0 8 T M M 6.6 14 170 M M 4 1 19 170
26 88 66 77 1 0 12 0.00 M M 8.2 14 200 M M 0 1 22 200
27 86 64 75 -1 0 10 0.53 M M 9.4 25 30 M M 6 13 50 350
28 78 64 71 -5 0 6 0.38 M M 9.5 18 20 M M 5 13 27 30
29 70 61 66 -10 0 1 0.15 M M 11.1 21 150 M M 9 1 27 160
30 79 61 70 -6 0 5 0.00 M M 9.3 16 160 M M 1 22 170
31 94 64 79 3 0 14 0.00 M M 8.4 12 130 M M 0 M M
================================================================================
SM 2899 1989 0 437 2.88 M 329.7 M 53
================================================================================
AV 93.5 64.2 10.6 FASTST M M 2 MAX(MPH)
MISC ----> 38 270 53 280
================================================================================
NOTES:
# LAST OF SEVERAL OCCURRENCES
COLUMN 17 PEAK WIND IN M.P.H.
PRELIMINARY LOCAL CLIMATOLOGICAL DATA (WS FORM: F-6) , PAGE 2
STATION: BURLINGTON CO
MONTH: JULY
YEAR: 2022
LATITUDE: 39 15 N
LONGITUDE: 102 17 W
[TEMPERATURE DATA] [PRECIPITATION DATA] SYMBOLS USED IN COLUMN 16
AVERAGE MONTHLY: 78.8 TOTAL FOR MONTH: 2.88 1 = FOG OR MIST
DPTR FM NORMAL: 3.4 DPTR FM NORMAL: -0.07 2 = FOG REDUCING VISIBILITY
HIGHEST: 106 ON 23 GRTST 24HR 0.91 ON 6- 7 TO 1/4 MILE OR LESS
LOWEST: 59 ON 1 3 = THUNDER
SNOW, ICE PELLETS, HAIL 4 = ICE PELLETS
TOTAL MONTH: M 5 = HAIL
GRTST 24HR M ON M 6 = FREEZING RAIN OR DRIZZLE
GRTST DEPTH: M ON M 7 = DUSTSTORM OR SANDSTORM:
VSBY 1/2 MILE OR LESS
8 = SMOKE OR HAZE
[NO. OF DAYS WITH] [WEATHER - DAYS WITH] 9 = BLOWING SNOW
X = TORNADO
MAX 32 OR BELOW: 0 0.01 INCH OR MORE: 12
MAX 90 OR ABOVE: 22 0.10 INCH OR MORE: 5
MIN 32 OR BELOW: 0 0.50 INCH OR MORE: 3
MIN 0 OR BELOW: 0 1.00 INCH OR MORE: 0
[HDD (BASE 65) ]
TOTAL THIS MO. 0 CLEAR (SCALE 0-3) 24
DPTR FM NORMAL -3 PTCLDY (SCALE 4-7) 6
TOTAL FM JUL 1 0 CLOUDY (SCALE 8-10) 1
DPTR FM NORMAL 0
[CDD (BASE 65) ]
TOTAL THIS MO. 437
DPTR FM NORMAL 110 [PRESSURE DATA]
TOTAL FM JAN 1 785 HIGHEST SLP M ON M
DPTR FM NORMAL 231 LOWEST SLP 29.64 ON 5
[REMARKS]
#FINAL-07-22#