000
CXUS55 KGLD 041352
CLAITR
CLIMATE REPORT
NATIONAL WEATHER SERVICE
652 AM MST TUE JAN 04 2022
...................................
...THE BURLINGTON CO CLIMATE SUMMARY FOR THE YEAR OF 2021...
CLIMATE NORMAL PERIOD: 1991 TO 2020
CLIMATE RECORD PERIOD: 1896 TO 2022
WEATHER OBSERVED NORMAL DEPART LAST YEAR`S
VALUE DATE(S) VALUE FROM VALUE DATE(S)
NORMAL
................................................................
TEMPERATURE (F)
RECORD
HIGH 112 06/15/1952
LOW -25 01/04/1959
HIGHEST 102 06/17 102 0 104 06/29
07/09
LOWEST -24 02/15 -9 -15 0 10/27
AVG. MAXIMUM 68.3 65.5 2.8 74.7
AVG. MINIMUM 38.3 37.2 1.1 42.6
MEAN 53.3 51.4 1.9 58.6
DAYS MAX >= 90 68 52.3 15.7 81
DAYS MAX <= 32 14 22.2 -8.2 11
DAYS MIN <= 32 151 162.0 -11.0 80
DAYS MIN <= 0 6 5.8 0.2 1
PRECIPITATION (INCHES)
RECORD
MAXIMUM 25.24 2017
MINIMUM 10.70 2006
TOTALS 15.85 17.09 -1.24
DAYS >= .01 61 71.7 -10.7 44
DAYS >= .10 30 33.5 -3.5 17
DAYS >= .50 8 9.0 -1.0 5
DAYS >= 1.00 3 2.8 0.2 5
GREATEST
24 HR. TOTAL 2.28 03/13 TO 03/14 3.38
................................................................
- INDICATES NEGATIVE NUMBERS.
R INDICATES RECORD WAS SET OR TIED.
MM INDICATES DATA IS MISSING.
T INDICATES TRACE AMOUNT.
$$