000
CXUS54 KJAN 012159
CF6JAN
PRELIMINARY LOCAL CLIMATOLOGICAL DATA (WS FORM: F-6)
STATION: JACKSON
MONTH: OCTOBER
YEAR: 2021
LATITUDE: 32 19 N
LONGITUDE: 90 5 W
TEMPERATURE IN F: :PCPN: SNOW: WIND :SUNSHINE: SKY :PK WND
================================================================================
1 2 3 4 5 6A 6B 7 8 9 10 11 12 13 14 15 16 17 18
12Z AVG MX 2MIN
DY MAX MIN AVG DEP HDD CDD WTR SNW DPTH SPD SPD DIR MIN PSBL S-S WX SPD DR
================================================================================
1 86 68 77 5 0 12 0.00 0.0 0 5.1 14 150 M M 6 21 170
2 85 70 78 6 0 13 0.06 0.0 0 5.7 13 140 M M 5 1 18 160
3 88 69 79 7 0 14 0.05 0.0 0 4.6 12 160 M M 7 8 14 210
4 87 64 76 5 0 11 0.02 0.0 0 4.6 17 350 M M 6 12 24 360
5 84 62 73 2 0 8 0.10 0.0 0 4.5 14 10 M M 5 13 20 20
6 84 59 72 2 0 7 0.00 0.0 0 1.9 8 50 M M 4 12 11 340
7 86 58 72 2 0 7 0.00 0.0 0 1.9 9 340 M M 1 12 13 350
8 88 57 73 3 0 8 0.00 0.0 0 1.8 10 40 M M 0 1 16 60
9 89 60 75 6 0 10 0.00 0.0 0 3.2 8 140 M M 1 1 12 180
10 89 63 76 7 0 11 0.00 0.0 0 6.5 16 160 M M 0 1 25 150
11 87 65 76 8 0 11 0.00 0.0 0 10.2 21 190 M M 6 1 32 180
12 88 73 81 13 0 16 0.00 0.0 0 6.4 9 160 M M 6 14 230
13 87 66 77 9 0 12 0.00 0.0 0 7.0 17 210 M M 4 23 170
14 88 66 77 10 0 12 T 0.0 0 7.5 17 150 M M 5 1 23 170
15 90 68 79 12 0 14 0.09 0.0 0 7.4 24 340 M M 4 12 33 340
16 72 48 60 -6 5 0 T 0.0 0 12.2 22 360 M M 2 1 32 340
17 73 43 58 -8 7 0 0.00 0.0 0 2.7 14 60 M M 0 18 10
18 73 42 58 -7 7 0 0.00 0.0 0 2.7 13 130 M M 3 19 140
19 79 43 61 -4 4 0 0.00 0.0 0 3.0 10 130 M M 1 18 14 140
20 83 54 69 4 0 4 0.03 0.0 0 5.6 15 150 M M 6 1 21 180
21 86 65 76 12 0 11 0.00 0.0 0 4.6 10 270 M M 7 1 14 290
22 83 54 69 5 0 4 0.00 0.0 0 3.1 13 360 M M 1 1 30 340
23 85 51 68 5 0 3 0.00 0.0 0 5.7 13 160 M M 2 1 17 140
24 84 61 73 10 0 8 0.00 0.0 0 8.0 16 170 M M 4 12 23 180
25 85 63 74 11 0 9 0.02 0.0 0 7.3 16 340 M M 4 1 21 330
26 79 54 67 5 0 2 0.00 0.0 0 5.2 10 360 M M 1 15 330
27 74 58 66 4 0 1 1.07 0.0 0 9.8 20 130 M M 6 13 29 110
28 65 54 60 -1 5 0 0.01 0.0 0 10.9 26 230 M M 8 1 36 230
29 57 53 55 -6 10 0 T 0.0 0 9.2 17 300 M M 10 1 27 270
30 63 46 55 -6 10 0 0.00 0.0 0 4.9 13 270 M M 7 18 320
31 76 43 60 0 5 0 0.00 0.0 0 1.6 10 340 M M 0 12 16 330
================================================================================
SM 2523 1800 53 208 1.45 0.0 174.8 M 122
================================================================================
AV 81.4 58.1 5.6 FASTST M M 4 MAX(MPH)
MISC ----> 26 230 36 230
================================================================================
NOTES:
# LAST OF SEVERAL OCCURRENCES
COLUMN 17 PEAK WIND IN M.P.H.
PRELIMINARY LOCAL CLIMATOLOGICAL DATA (WS FORM: F-6) , PAGE 2
STATION: JACKSON
MONTH: OCTOBER
YEAR: 2021
LATITUDE: 32 19 N
LONGITUDE: 90 5 W
[TEMPERATURE DATA] [PRECIPITATION DATA] SYMBOLS USED IN COLUMN 16
AVERAGE MONTHLY: 69.7 TOTAL FOR MONTH: 1.45 1 = FOG OR MIST
DPTR FM NORMAL: 3.5 DPTR FM NORMAL: -2.35 2 = FOG REDUCING VISIBILITY
HIGHEST: 90 ON 15 GRTST 24HR 1.07 ON 27-27 TO 1/4 MILE OR LESS
LOWEST: 42 ON 18 3 = THUNDER
SNOW, ICE PELLETS, HAIL 4 = ICE PELLETS
TOTAL MONTH: 0.0 INCH 5 = HAIL
GRTST 24HR 0.0 6 = FREEZING RAIN OR DRIZZLE
GRTST DEPTH: 0 7 = DUSTSTORM OR SANDSTORM:
VSBY 1/2 MILE OR LESS
8 = SMOKE OR HAZE
[NO. OF DAYS WITH] [WEATHER - DAYS WITH] 9 = BLOWING SNOW
X = TORNADO
MAX 32 OR BELOW: 0 0.01 INCH OR MORE: 9
MAX 90 OR ABOVE: 1 0.10 INCH OR MORE: 2
MIN 32 OR BELOW: 0 0.50 INCH OR MORE: 1
MIN 0 OR BELOW: 0 1.00 INCH OR MORE: 1
[HDD (BASE 65) ]
TOTAL THIS MO. 53 CLEAR (SCALE 0-3) 12
DPTR FM NORMAL -34 PTCLDY (SCALE 4-7) 18
TOTAL FM JUL 1 54 CLOUDY (SCALE 8-10) 1
DPTR FM NORMAL -36
[CDD (BASE 65) ]
TOTAL THIS MO. 208
DPTR FM NORMAL 82 [PRESSURE DATA]
TOTAL FM JAN 1 2446 HIGHEST SLP 30.30 ON 17
DPTR FM NORMAL 72 LOWEST SLP 29.51 ON 28
[REMARKS]
#FINAL-10-21#