000
CXUS54 KMEG 090707
CLMJBR
CLIMATE REPORT
NATIONAL WEATHER SERVICE MEMPHIS TN
207 AM CDT SUN APR 09 2023
...................................
...THE JONESBORO CLIMATE SUMMARY FOR THE MONTH OF MARCH 2023...
CLIMATE NORMAL PERIOD 1991 TO 2020
CLIMATE RECORD PERIOD 1897 TO 2023
WEATHER OBSERVED NORMAL DEPART LAST YEAR`S
VALUE DATE(S) VALUE FROM VALUE DATE(S)
NORMAL
................................................................
TEMPERATURE (F)
RECORD
HIGH 95 03/24/1929
LOW 0 03/28/2020
HIGHEST 77 03/23 MM MM 76 03/06
03/31
03/29
LOWEST 24 03/19 MM MM 22 03/12
AVG. MAXIMUM 60.7 60.9 -0.2 63.5
AVG. MINIMUM 43.4 41.2 2.2 40.5
MEAN 52.0 51.1 0.9 52.0
DAYS MAX >= 90 0 0.0 0.0 0
DAYS MAX <= 32 0 0.3 -0.3 0
DAYS MIN <= 32 4 6.3 -2.3 4
DAYS MIN <= 0 0 0.0 0.0 0
PRECIPITATION (INCHES)
RECORD
MAXIMUM 13.22 2016
MINIMUM 0.32 1966
TOTALS 5.52 4.73 0.79 3.88
DAILY AVG. 0.23 0.15 0.08 0.13
DAYS >= .01 10 11.2 -1.2 11
DAYS >= .10 7 7.3 -0.3 6
DAYS >= .50 3 3.3 -0.3 2
DAYS >= 1.00 2 1.3 0.7 2
GREATEST
24 HR. TOTAL 2.24 03/24 TO 03/24
SNOWFALL (INCHES)
RECORDS
TOTAL 21.0 1965
TOTALS MM MM MM MM
SINCE 7/1 MM MM MM MM
SNOWDEPTH AVG. MM MM
DAYS >= 1.0 MM MM MM MM
GREATEST
SNOW DEPTH MM MM MM
24 HR TOTAL MM
DEGREE DAYS
HEATING TOTAL 281 441 -160 403
SINCE 7/1 2672 3239 -567 MM
COOLING TOTAL 2 9 -7 6
SINCE 1/1 2 10 -8 MM
................................................................
WIND (MPH)
AVERAGE WIND SPEED 9.6
HIGHEST WIND SPEED/DIRECTION 36/280 DATE 03/03
HIGHEST GUST SPEED/DIRECTION 48/290 DATE 03/03
SKY COVER
POSSIBLE SUNSHINE (PERCENT) MM
AVERAGE SKY COVER 0.31
NUMBER OF DAYS FAIR 17
NUMBER OF DAYS PC 7
NUMBER OF DAYS CLOUDY 4
AVERAGE RH (PERCENT) 68
WEATHER CONDITIONS. NUMBER OF DAYS WITH
THUNDERSTORM 6 MIXED PRECIP 0
HEAVY RAIN 5 RAIN 9
LIGHT RAIN 10 FREEZING RAIN 0
LT FREEZING RAIN 0 HAIL 0
HEAVY SNOW 0 SNOW 0
LIGHT SNOW 0 SLEET 0
FOG 11 FOG W/VIS <= 1/4 MILE 0
HAZE 4
- INDICATES NEGATIVE NUMBERS.
R INDICATES RECORD WAS SET OR TIED.
MM INDICATES DATA IS MISSING.
T INDICATES TRACE AMOUNT.
SOME DATA IS MISSING DUE TO EQUIPMENT FAILURE. THIS MAY SKEW MONTHLY TOTALS.
$$