000
CXUS55 KGGW 010810
CF6JDN
PRELIMINARY LOCAL CLIMATOLOGICAL DATA (WS FORM: F-6)
STATION: JORDAN ASOS MT
MONTH: SEPTEMBER
YEAR: 2021
LATITUDE: 47 19 N
LONGITUDE: 106 50 W
TEMPERATURE IN F: :PCPN: SNOW: WIND :SUNSHINE: SKY :PK WND
================================================================================
1 2 3 4 5 6A 6B 7 8 9 10 11 12 13 14 15 16 17 18
12Z AVG MX 2MIN
DY MAX MIN AVG DEP HDD CDD WTR SNW DPTH SPD SPD DIR MIN PSBL S-S WX SPD DR
================================================================================
1 79 54 67 3 0 2 0.00 M M 11.1 25 320 M M 0 33 300
2 73 47 60 -4 5 0 0.00 M M 8.8 21 350 M M 0 26 340
3 71 44 58 -6 7 0 0.00 M M 4.1 16 210 M M 0 20 200
4 81 44 63 0 2 0 0.00 M M 2.8 12 300 M M 0 15 320
5 90 43 67 4 0 2 0.00 M M 5.8 20 270 M M 0 27 300
6 90 50 70 8 0 5 0.00 M M 11.9 30 310 M M 0 41 310
7 87 44 66 4 0 1 0.00 M M 7.6 25 320 M M 0 39 330
8 85 43 64 2 1 0 0.00 M M 6.9 17 140 M M 0 22 160
9 92 50 71 10 0 6 0.00 M M 9.0 22 300 M M 0 29 310
10 89 51 70 9 0 5 0.00 M M 10.6 23 350 M M 0 29 350
11 78 53 66 6 0 1 0.01 M M 7.0 15 60 M M 0 20 60
12 82 47 65 5 0 0 0.00 M M 5.4 16 330 M M 0 20 340
13 77 47 62 2 3 0 0.00 M M 9.0 23 320 M M 0 32 350
14 78 44 61 2 4 0 0.01 M M 4.4 25 230 M M 0 33 240
15 86 52 69 10 0 4 0.00 M M 9.3 25 20 M M 0 34 300
16 65 34 50 -8 15 0 0.01 M M 11.8 24 360 M M 0 32 350
17 77 33 55 -3 10 0 0.00 M M 8.5 25 160 M M 0 33 170
18 97 42 70 13 0 5 0.00 M M 12.9 28 210 M M 0 38 220
19 67 43 55 -2 10 0 0.00 M M 8.6 20 270 M M 0 25 260
20 66 36 51 -6 14 0 0.02 M M M 31 340 M M M 38 340
21 74 35 55 -1 10 0 0.00 M M 7.4 23 230 M M 0 31 230
22 88 39 64 8 1 0 0.00 M M 8.1 22 240 M M 0 37 220
23 76 47 62 7 3 0 0.00 M M 9.5 23 310 M M 0 28 310
24 73 47 60 5 5 0 0.00 M M 3.7 9 20 M M 0 15 20
25 89 39 64 10 1 0 0.00 M M 4.1 15 280 M M 0 21 260
26 91 50 71 17 0 6 0.00 M M 6.0 17 270 M M 0 25 270
27 92 43 68 14 0 3 0.00 M M 4.5 14 230 M M 0 23 250
28 88 40 64 11 1 0 0.00 M M 9.9 33 310 M M 0 44 310
29 68 44 56 3 9 0 0.00 M M 13.1 24 300 M M 0 33 290
30 74 31 53 1 12 0 0.00 M M 5.7 20 180 M M 0 25 180
================================================================================
SM 2423 1316 113 40 0.05 M 227.5 M 0
================================================================================
AV 80.8 43.9 7.8 FASTST M M 0 MAX(MPH)
MISC ----> 33 310 44 310
================================================================================
NOTES:
# LAST OF SEVERAL OCCURRENCES
COLUMN 17 PEAK WIND IN M.P.H.
PRELIMINARY LOCAL CLIMATOLOGICAL DATA (WS FORM: F-6) , PAGE 2
STATION: JORDAN ASOS MT
MONTH: SEPTEMBER
YEAR: 2021
LATITUDE: 47 19 N
LONGITUDE: 106 50 W
[TEMPERATURE DATA] [PRECIPITATION DATA] SYMBOLS USED IN COLUMN 16
AVERAGE MONTHLY: 62.3 TOTAL FOR MONTH: 0.05 1 = FOG OR MIST
DPTR FM NORMAL: 3.9 DPTR FM NORMAL: -1.12 2 = FOG REDUCING VISIBILITY
HIGHEST: 97 ON 18 GRTST 24HR 0.02 ON 20-20 TO 1/4 MILE OR LESS
LOWEST: 31 ON 30 3 = THUNDER
SNOW, ICE PELLETS, HAIL 4 = ICE PELLETS
TOTAL MONTH: M 5 = HAIL
GRTST 24HR M ON M 6 = FREEZING RAIN OR DRIZZLE
GRTST DEPTH: M ON M 7 = DUSTSTORM OR SANDSTORM:
VSBY 1/2 MILE OR LESS
8 = SMOKE OR HAZE
[NO. OF DAYS WITH] [WEATHER - DAYS WITH] 9 = BLOWING SNOW
X = TORNADO
MAX 32 OR BELOW: 0 0.01 INCH OR MORE: 4
MAX 90 OR ABOVE: 6 0.10 INCH OR MORE: 0
MIN 32 OR BELOW: 1 0.50 INCH OR MORE: 0
MIN 0 OR BELOW: 0 1.00 INCH OR MORE: 0
[HDD (BASE 65) ]
TOTAL THIS MO. 113 CLEAR (SCALE 0-3) 29
DPTR FM NORMAL -117 PTCLDY (SCALE 4-7) 0
TOTAL FM JUL 1 149 CLOUDY (SCALE 8-10) 1
DPTR FM NORMAL -134
[CDD (BASE 65) ]
TOTAL THIS MO. 40
DPTR FM NORMAL 8 [PRESSURE DATA]
TOTAL FM JAN 1 906 HIGHEST SLP M ON M
DPTR FM NORMAL 417 LOWEST SLP 29.45 ON 18
[REMARKS]
#FINAL-09-21#