000
CXUS55 KGGW 010800
CF6JDN
PRELIMINARY LOCAL CLIMATOLOGICAL DATA (WS FORM: F-6)
STATION: JORDAN ASOS MT
MONTH: FEBRUARY
YEAR: 2020
LATITUDE: 47 19 N
LONGITUDE: 106 50 W
TEMPERATURE IN F: :PCPN: SNOW: WIND :SUNSHINE: SKY :PK WND
================================================================================
1 2 3 4 5 6A 6B 7 8 9 10 11 12 13 14 15 16 17 18
12Z AVG MX 2MIN
DY MAX MIN AVG DEP HDD CDD WTR SNW DPTH SPD SPD DIR MIN PSBL S-S WX SPD DR
================================================================================
1 59 38 49 30 16 0 0.00 0.0 0 14.4 32 240 M M 0 40 240
2 44 25 35 16 30 0 0.00 0.0 0 8.1 23 350 M M 0 28 360
3 34 19 27 7 38 0 0.00 0.0 0 4.0 15 20 M M 0 18 360
4 37 11 24 4 41 0 0.00 0.0 0 9.3 23 210 M M 0 29 200
5 45 25 35 15 30 0 0.00 0.0 0 10.5 23 280 M M 0 30 290
6 42 28 35 15 30 0 0.02 M 0 11.6 28 310 M M 0 33 320
7 41 25 33 13 32 0 0.00 0.0 0 7.1 17 300 M M 0 20 310
8 34 19 27 6 38 0 0.35 M 0 10.1 22 30 M M 0 25 30
9 36 8 22 1 43 0 0.00 0.0 0 9.6 17 320 M M 0 M M
10 32 4 18 -3 47 0 0.02 M M 13.9 30 310 M M 0 36 310
11 40 4 22 1 43 0 0.09 M 0 12.9 26 270 M M 0 35 270
12 36 -5 16 -6 49 0 0.00 0.0 0 10.7 26 10 M M 0 31 20
13 32 -8 12 -10 53 0 0.00 0.0 0 7.7 18 170 M M 0 22 170
14 44 21 33 11 32 0 0.00 0.0 0 11.7 35 310 M M 0 41 300
15 41 17 29 7 36 0 0.00 0.0 0 4.6 12 270 M M 0 15 270
16 44 19 32 9 33 0 0.10 M 0 5.7 15 330 M M 0 22 340
17 40 20 30 7 35 0 0.00 0.0 M 8.1 21 10 M M 0 31 10
18 19 0 10 -13 55 0 0.04 M 0 5.8 21 20 M M 0 23 20
19 26 5 16 -8 49 0 0.00 0.0 0 4.6 13 190 M M 0 14 190
20 45 5 25 1 40 0 0.00 0.0 0 8.2 25 240 M M 0 30 230
21 54 13 34 10 31 0 0.00 0.0 0 6.8 16 210 M M 0 20 210
22 55 25 40 15 25 0 0.00 0.0 0 8.6 20 330 M M 0 25 330
23 44 27 36 11 29 0 0.00 0.0 0 8.0 20 150 M M 0 23 140
24 37 25 31 6 34 0 0.10 M 0 17.3 31 360 M M 0 40 310
25 37 10 24 -2 41 0 0.00 0.0 0 7.1 21 330 M M 0 22 330
26 46 24 35 9 30 0 0.00 0.0 0 6.2 13 320 M M 0 16 310
27 50 27 39 13 26 0 0.05 M 0 9.0 18 270 M M 0 23 280
28 58 32 45 18 20 0 0.00 0.0 0 6.9 17 250 M M 0 21 260
29 58 36 47 20 18 0 0.00 0.0 0 9.8 25 280 M M 0 32 280
================================================================================
SM 1210 499 1024 0 0.77 0.0 258.3 M 0
================================================================================
AV 41.7 17.2 8.9 FASTST M M 0 MAX(MPH)
MISC ----> # 35 310 # 41 300
================================================================================
NOTES:
# LAST OF SEVERAL OCCURRENCES
COLUMN 17 PEAK WIND IN M.P.H.
PRELIMINARY LOCAL CLIMATOLOGICAL DATA (WS FORM: F-6) , PAGE 2
STATION: JORDAN ASOS MT
MONTH: FEBRUARY
YEAR: 2020
LATITUDE: 47 19 N
LONGITUDE: 106 50 W
[TEMPERATURE DATA] [PRECIPITATION DATA] SYMBOLS USED IN COLUMN 16
AVERAGE MONTHLY: 29.5 TOTAL FOR MONTH: 0.77 1 = FOG OR MIST
DPTR FM NORMAL: 6.9 DPTR FM NORMAL: 0.52 2 = FOG REDUCING VISIBILITY
HIGHEST: 59 ON 1 GRTST 24HR 0.35 ON 8- 8 TO 1/4 MILE OR LESS
LOWEST: -8 ON 13 3 = THUNDER
SNOW, ICE PELLETS, HAIL 4 = ICE PELLETS
TOTAL MONTH: 0.0 INCH 5 = HAIL
GRTST 24HR 0.0 6 = FREEZING RAIN OR DRIZZLE
GRTST DEPTH: 0 7 = DUSTSTORM OR SANDSTORM:
VSBY 1/2 MILE OR LESS
8 = SMOKE OR HAZE
[NO. OF DAYS WITH] [WEATHER - DAYS WITH] 9 = BLOWING SNOW
X = TORNADO
MAX 32 OR BELOW: 4 0.01 INCH OR MORE: 8
MAX 90 OR ABOVE: 0 0.10 INCH OR MORE: 3
MIN 32 OR BELOW: 27 0.50 INCH OR MORE: 0
MIN 0 OR BELOW: 3 1.00 INCH OR MORE: 0
[HDD (BASE 65) ]
TOTAL THIS MO. 1024 CLEAR (SCALE 0-3) 29
DPTR FM NORMAL -164 PTCLDY (SCALE 4-7) 0
TOTAL FM JUL 1 5633 CLOUDY (SCALE 8-10) 0
DPTR FM NORMAL -523
[CDD (BASE 65) ]
TOTAL THIS MO. 0
DPTR FM NORMAL 0 [PRESSURE DATA]
TOTAL FM JAN 1 0 HIGHEST SLP M ON M
DPTR FM NORMAL 0 LOWEST SLP 29.47 ON 1
[REMARKS]
#FINAL-02-20#