000
CXUS55 KBOI 011002
CF6JER
PRELIMINARY LOCAL CLIMATOLOGICAL DATA (WS FORM: F-6)
STATION: JEROME ID
MONTH: JULY
YEAR: 2022
LATITUDE: 42 43 N
LONGITUDE: 114 27 W
TEMPERATURE IN F: :PCPN: SNOW: WIND :SUNSHINE: SKY :PK WND
================================================================================
1 2 3 4 5 6A 6B 7 8 9 10 11 12 13 14 15 16 17 18
12Z AVG MX 2MIN
DY MAX MIN AVG DEP HDD CDD WTR SNW DPTH SPD SPD DIR MIN PSBL S-S WX SPD DR
================================================================================
1 91 58 75 4 0 10 0.00 M M 6.8 16 70 M M 0 20 310
2 91 59 75 4 0 10 T M M 12.0 26 100 M M 0 3 40 90
3 86 62 74 3 0 9 0.00 M M 7.4 18 80 M M 0 29 70
4 84 60 72 0 0 7 0.00 M M 7.4 16 290 M M 0 22 290
5 90 60 75 3 0 10 0.00 M M 5.8 14 60 M M 0 18 60
6 92 56 74 2 0 9 0.00 M M 4.9 14 240 M M 0 8 18 240
7 93 62 78 5 0 13 0.00 M M 5.0 9 300 M M 0 16 270
8 94 63 79 6 0 14 0.00 M M 5.0 10 350 M M 0 14 350
9 94 65 80 7 0 15 0.00 M M 7.1 16 280 M M 0 21 290
10 89 61 75 1 0 10 0.00 M M 11.0 22 290 M M 0 30 280
11 87 55 71 -3 0 6 0.00 M M 5.4 10 180 M M 0 16 230
12 94 57 76 2 0 11 0.00 M M 4.6 13 110 M M 0 14 120
13 99 67 83 9 0 18 0.00 M M 6.4 15 60 M M 0 3 19 50
14 98 68 83 9 0 18 0.00 M M 6.8 20 110 M M 0 24 120
15 98 68 83 8 0 18 0.00 M M 8.1 17 70 M M 0 24 70
16 99 59 79 4 0 14 0.00 M M 6.4 14 110 M M 0 16 110
17 96 65 81 6 0 16 0.00 M M 6.6 17 150 M M 0 23 150
18 91 65 78 3 0 13 0.00 M M 12.9 23 280 M M 0 33 280
19 92 62 77 2 0 12 0.00 M M 4.7 9 190 M M 0 13 270
20 96 63 80 5 0 15 0.00 M M 8.0 16 280 M M 0 21 280
21 96 59 78 2 0 13 0.00 M M 4.7 13 110 M M 0 16 100
22 95 62 79 3 0 14 0.00 M M 7.5 21 270 M M 0 26 270
23 92 59 76 0 0 11 0.00 M M 5.3 13 200 M M 0 17 210
24 93 60 77 1 0 12 0.00 M M 8.9 17 270 M M 0 27 290
25 92 57 75 -1 0 10 0.00 M M 6.2 14 270 M M 0 19 260
26 96 60 78 2 0 13 0.00 M M 7.1 16 290 M M 0 23 290
27 97 64 81 5 0 16 0.00 M M 7.3 16 260 M M 0 21 270
28 96 65 81 5 0 16 T M M 6.7 24 70 M M 0 3 40 70
29 97 65 81 5 0 16 0.00 M M 8.3 18 30 M M 0 26 40
30 98 65 82 7 0 17 0.00 0.0 0 8.4 14 130 M M 0 18 60
31 98 62 80 5 0 15 0.00 0.0 0 6.4 15 110 M M 0 18 100
================================================================================
SM 2904 1913 0 401 T 0.0 219.1 M 0
================================================================================
AV 93.7 61.7 7.1 FASTST M M 0 MAX(MPH)
MISC ----> 26 100 # 40 90
================================================================================
NOTES:
# LAST OF SEVERAL OCCURRENCES
COLUMN 17 PEAK WIND IN M.P.H.
PRELIMINARY LOCAL CLIMATOLOGICAL DATA (WS FORM: F-6) , PAGE 2
STATION: JEROME ID
MONTH: JULY
YEAR: 2022
LATITUDE: 42 43 N
LONGITUDE: 114 27 W
[TEMPERATURE DATA] [PRECIPITATION DATA] SYMBOLS USED IN COLUMN 16
AVERAGE MONTHLY: 77.7 TOTAL FOR MONTH: T 1 = FOG OR MIST
DPTR FM NORMAL: 3.6 DPTR FM NORMAL: -0.11 2 = FOG REDUCING VISIBILITY
HIGHEST: 99 ON 16,13 GRTST 24HR T ON 2- 2 TO 1/4 MILE OR LESS
LOWEST: 55 ON 11 3 = THUNDER
SNOW, ICE PELLETS, HAIL 4 = ICE PELLETS
TOTAL MONTH: 0.0 INCH 5 = HAIL
GRTST 24HR 0.0 6 = FREEZING RAIN OR DRIZZLE
GRTST DEPTH: 0 7 = DUSTSTORM OR SANDSTORM:
VSBY 1/2 MILE OR LESS
8 = SMOKE OR HAZE
[NO. OF DAYS WITH] [WEATHER - DAYS WITH] 9 = BLOWING SNOW
X = TORNADO
MAX 32 OR BELOW: 0 0.01 INCH OR MORE: 0
MAX 90 OR ABOVE: 27 0.10 INCH OR MORE: 0
MIN 32 OR BELOW: 0 0.50 INCH OR MORE: 0
MIN 0 OR BELOW: 0 1.00 INCH OR MORE: 0
[HDD (BASE 65) ]
TOTAL THIS MO. 0 CLEAR (SCALE 0-3) 31
DPTR FM NORMAL -6 PTCLDY (SCALE 4-7) 0
TOTAL FM JUL 1 0 CLOUDY (SCALE 8-10) 0
DPTR FM NORMAL -4
[CDD (BASE 65) ]
TOTAL THIS MO. 401
DPTR FM NORMAL 111 [PRESSURE DATA]
TOTAL FM JAN 1 519 HIGHEST SLP 30.16 ON 11
DPTR FM NORMAL 110 LOWEST SLP 29.59 ON 2
[REMARKS]
#FINAL-07-22#