000
CXUS55 KBOI 011002
CF6JER
PRELIMINARY LOCAL CLIMATOLOGICAL DATA (WS FORM: F-6)
STATION: JEROME ID
MONTH: JANUARY
YEAR: 2022
LATITUDE: 42 43 N
LONGITUDE: 114 27 W
TEMPERATURE IN F: :PCPN: SNOW: WIND :SUNSHINE: SKY :PK WND
================================================================================
1 2 3 4 5 6A 6B 7 8 9 10 11 12 13 14 15 16 17 18
12Z AVG MX 2MIN
DY MAX MIN AVG DEP HDD CDD WTR SNW DPTH SPD SPD DIR MIN PSBL S-S WX SPD DR
================================================================================
1 14 -3 6 -22 59 0 0.00 M M 9.3 22 70 M M 1 25 260
2 16 -2 7 -21 58 0 0.00 M M 25.9 32 70 M M 1 89 39 70
3 39 13 26 -2 39 0 0.00 M M 20.3 30 60 M M 2 37 60
4 38 29 34 6 31 0 0.15 M M 11.3 33 280 M M 10 126 42 280
5 36 31 34 6 31 0 0.30 M M 17.4 25 260 M M 10 12 35 260
6 40 31 36 8 29 0 0.07 M M 5.7 16 270 M M 8 126 19 270
7 43 31 37 9 28 0 0.04 M M 9.9 22 240 M M 5 1 29 240
8 35 18 27 -2 38 0 0.00 M M 12.4 21 270 M M 0 29 280
9 28 9 19 -10 46 0 0.00 M M 21.1 32 80 M M 0 38 80
10 28 17 23 -6 42 0 0.00 M M 17.5 31 80 M M 0 37 90
11 29 15 22 -7 43 0 0.00 M M 16.9 23 70 M M 1 27 60
12 32 18 25 -4 40 0 0.00 M M 21.9 30 70 M M 0 36 70
13 38 25 32 3 33 0 0.00 M M 18.2 32 80 M M 1 38 80
14 34 25 30 1 35 0 0.00 M M 7.7 16 60 M M 8 12 21 60
15 30 17 24 -5 41 0 0.00 M M 16.9 25 70 M M 5 1 32 80
16 29 17 23 -6 42 0 0.00 M M 7.1 16 80 M M 0 128 18 110
17 30 14 22 -7 43 0 0.00 M M 6.4 13 90 M M 1 128 16 80
18 28 21 25 -4 40 0 T M M 2.6 8 260 M M 10 1268 10 250
19 29 27 28 -1 37 0 0.00 M M 4.0 10 50 M M 10 18 13 60
20 32 23 28 -1 37 0 0.10 M M 10.8 21 60 M M 10 126 25 60
21 30 28 29 0 36 0 T M M 8.1 22 300 M M 10 128 28 300
22 30 24 27 -2 38 0 0.00 M M 10.1 17 70 M M 10 18 20 60
23 25 21 23 -7 42 0 0.00 M M 6.6 15 50 M M 10 1 17 60
24 24 21 23 -7 42 0 0.04 M M 2.9 13 70 M M 10 1 15 70
25 26 11 19 -11 46 0 T M M 6.8 14 90 M M 8 1 18 90
26 20 10 15 -15 50 0 0.00 M M 7.6 15 70 M M 5 128 18 60
27 22 3 13 -17 52 0 T M M 9.3 21 110 M M 6 168 24 120
28 24 4 14 -16 51 0 0.00 M M 18.5 30 70 M M 0 19 36 80
29 23 5 14 -16 51 0 0.00 M M 13.8 26 80 M M 0 32 90
30 20 5 13 -17 52 0 0.00 M M 13.7 24 80 M M 0 27 80
31 31 14 23 -7 42 0 0.00 M M 14.2 28 280 M M 2 36 280
================================================================================
SM 903 522 1294 0 0.70 M 374.9 M 144
================================================================================
AV 29.1 16.8 12.1 FASTST M M 5 MAX(MPH)
MISC ----> 33 280 42 280
================================================================================
NOTES:
# LAST OF SEVERAL OCCURRENCES
COLUMN 17 PEAK WIND IN M.P.H.
PRELIMINARY LOCAL CLIMATOLOGICAL DATA (WS FORM: F-6) , PAGE 2
STATION: JEROME ID
MONTH: JANUARY
YEAR: 2022
LATITUDE: 42 43 N
LONGITUDE: 114 27 W
[TEMPERATURE DATA] [PRECIPITATION DATA] SYMBOLS USED IN COLUMN 16
AVERAGE MONTHLY: 23.0 TOTAL FOR MONTH: 0.70 1 = FOG OR MIST
DPTR FM NORMAL: -6.1 DPTR FM NORMAL: -0.51 2 = FOG REDUCING VISIBILITY
HIGHEST: 43 ON 7 GRTST 24HR 0.32 ON 4- 5 TO 1/4 MILE OR LESS
LOWEST: -3 ON 1 3 = THUNDER
SNOW, ICE PELLETS, HAIL 4 = ICE PELLETS
TOTAL MONTH: M 5 = HAIL
GRTST 24HR M ON M 6 = FREEZING RAIN OR DRIZZLE
GRTST DEPTH: M ON M 7 = DUSTSTORM OR SANDSTORM:
VSBY 1/2 MILE OR LESS
8 = SMOKE OR HAZE
[NO. OF DAYS WITH] [WEATHER - DAYS WITH] 9 = BLOWING SNOW
X = TORNADO
MAX 32 OR BELOW: 23 0.01 INCH OR MORE: 6
MAX 90 OR ABOVE: 0 0.10 INCH OR MORE: 3
MIN 32 OR BELOW: 31 0.50 INCH OR MORE: 0
MIN 0 OR BELOW: 2 1.00 INCH OR MORE: 0
[HDD (BASE 65) ]
TOTAL THIS MO. 1294 CLEAR (SCALE 0-3) 15
DPTR FM NORMAL 181 PTCLDY (SCALE 4-7) 7
TOTAL FM JUL 1 3482 CLOUDY (SCALE 8-10) 9
DPTR FM NORMAL -126
[CDD (BASE 65) ]
TOTAL THIS MO. 0
DPTR FM NORMAL 0 [PRESSURE DATA]
TOTAL FM JAN 1 0 HIGHEST SLP 30.87 ON 28
DPTR FM NORMAL 0 LOWEST SLP 29.62 ON 7
[REMARKS]
#FINAL-01-22#